115.76.50.202 - - [23/Dec/2025:00:13:35 +0700] "GET / HTTP/2.0" 302 406 "https://erp.nhatnamsst.com/cms/purchase-order" "Mozilla/5.0 (Windows NT 10.0; Win64; x64) AppleWebKit/537.36 (KHTML, like Gecko) Chrome/143.0.0.0 Safari/537.36 Edg/143.0.0.0"
115.76.50.202 - - [23/Dec/2025:00:13:35 +0700] "GET /cms/purchase-order?draw=1&columns%5B0%5D%5Bdata%5D=po_number&columns%5B1%5D%5Bdata%5D=sale_id&columns%5B1%5D%5Borderable%5D=false&columns%5B2%5D%5Bdata%5D=customer_id&columns%5B2%5D%5Borderable%5D=false&columns%5B3%5D%5Bdata%5D=quote_request_id&columns%5B3%5D%5Borderable%5D=false&columns%5B4%5D%5Bdata%5D=po_date&columns%5B5%5D%5Bdata%5D=order_date&columns%5B6%5D%5Bdata%5D=total_po_price&columns%5B6%5D%5Borderable%5D=false&columns%5B7%5D%5Bdata%5D=status&columns%5B8%5D%5Bdata%5D=action&columns%5B8%5D%5Borderable%5D=false&order%5B0%5D%5Bcolumn%5D=0&order%5B0%5D%5Bdir%5D=desc&start=0&length=50&search%5Bvalue%5D=&_=1766423614981 HTTP/2.0" 200 2166 "https://erp.nhatnamsst.com/cms/purchase-order" "Mozilla/5.0 (Windows NT 10.0; Win64; x64) AppleWebKit/537.36 (KHTML, like Gecko) Chrome/143.0.0.0 Safari/537.36 Edg/143.0.0.0"
115.76.50.202 - - [23/Dec/2025:00:13:35 +0700] "GET /cms/dashboard HTTP/2.0" 200 3619 "https://erp.nhatnamsst.com/cms/purchase-order" "Mozilla/5.0 (Windows NT 10.0; Win64; x64) AppleWebKit/537.36 (KHTML, like Gecko) Chrome/143.0.0.0 Safari/537.36 Edg/143.0.0.0"
115.76.50.202 - - [23/Dec/2025:00:13:38 +0700] "GET /cms/purchase-order/show/2 HTTP/2.0" 200 8027 "https://erp.nhatnamsst.com/cms/purchase-order" "Mozilla/5.0 (Windows NT 10.0; Win64; x64) AppleWebKit/537.36 (KHTML, like Gecko) Chrome/143.0.0.0 Safari/537.36 Edg/143.0.0.0"
115.76.50.202 - - [23/Dec/2025:00:13:39 +0700] "GET / HTTP/2.0" 302 406 "https://erp.nhatnamsst.com/cms/purchase-order/show/2" "Mozilla/5.0 (Windows NT 10.0; Win64; x64) AppleWebKit/537.36 (KHTML, like Gecko) Chrome/143.0.0.0 Safari/537.36 Edg/143.0.0.0"
115.76.50.202 - - [23/Dec/2025:00:13:39 +0700] "GET /cms/dashboard HTTP/2.0" 200 3619 "https://erp.nhatnamsst.com/cms/purchase-order/show/2" "Mozilla/5.0 (Windows NT 10.0; Win64; x64) AppleWebKit/537.36 (KHTML, like Gecko) Chrome/143.0.0.0 Safari/537.36 Edg/143.0.0.0"
204.76.203.8 - - [23/Dec/2025:00:13:42 +0700] "PROPFIND / HTTP/1.1" 405 150 "http://45.119.85.85:443/" "-"
40.77.167.55 - - [23/Dec/2025:00:13:48 +0700] "GET /hop-am HTTP/2.0" 404 548 "-" "Mozilla/5.0 AppleWebKit/537.36 (KHTML, like Gecko; compatible; bingbot/2.0; +http://www.bing.com/bingbot.htm) Chrome/116.0.1938.76 Safari/537.36"
185.191.171.15 - - [23/Dec/2025:00:13:50 +0700] "GET /hop-am/nguoi-da-nhu-mo-44184 HTTP/1.1" 404 146 "-" "Mozilla/5.0 (compatible; SemrushBot/7~bl; +http://www.semrush.com/bot.html)"
85.208.96.207 - - [23/Dec/2025:00:13:52 +0700] "GET /hop-am/giac-mong-giau-sang-40396 HTTP/1.1" 404 146 "-" "Mozilla/5.0 (compatible; SemrushBot/7~bl; +http://www.semrush.com/bot.html)"
43.129.246.242 - - [23/Dec/2025:00:13:54 +0700] "GET /hop-am/nuoc-mat-trong-mat-em-anh-trong-trai-tim-em-yan-zhong-you-lei-xin-zhong-you-ni-6268 HTTP/2.0" 404 548 "https://thuvienhopam.com/hop-am/nuoc-mat-trong-mat-em-anh-trong-trai-tim-em-yan-zhong-you-lei-xin-zhong-you-ni-6268" "Mozilla/5.0 (Macintosh; Intel Mac OS X 10_15_7) AppleWebKit/537.36 (KHTML, like Gecko) Chrome/123.0.0.0 Safari/537.36"
17.246.19.149 - - [23/Dec/2025:00:13:57 +0700] "GET /hop-am/sang-tac/hong-dung-7388 HTTP/1.1" 404 146 "-" "Mozilla/5.0 (Macintosh; Intel Mac OS X 10_15_7) AppleWebKit/605.1.15 (KHTML, like Gecko) Version/17.4 Safari/605.1.15 (Applebot/0.1; +http://www.apple.com/go/applebot)"
185.191.171.6 - - [23/Dec/2025:00:13:57 +0700] "GET /hop-am/giac-mo-aikia-26574 HTTP/1.1" 404 146 "-" "Mozilla/5.0 (compatible; SemrushBot/7~bl; +http://www.semrush.com/bot.html)"
85.208.96.212 - - [23/Dec/2025:00:14:00 +0700] "GET /hop-am/khi-tinh-yeu-chia-xa-22385 HTTP/1.1" 404 146 "-" "Mozilla/5.0 (compatible; SemrushBot/7~bl; +http://www.semrush.com/bot.html)"
194.164.107.6 - - [23/Dec/2025:00:14:05 +0700] "GET / HTTP/1.1" 302 402 "-" "Mozilla/5.0 (Windows NT 10.0; Win64; x64) AppleWebKit/537.36 (KHTML, like Gecko) Chrome/133.0.0.0 Safari/537.36"
194.164.107.6 - - [23/Dec/2025:00:14:05 +0700] "GET /cms/login HTTP/1.1" 200 1084 "https://pma.nhatnamsst.com/" "Mozilla/5.0 (Windows NT 10.0; Win64; x64) AppleWebKit/537.36 (KHTML, like Gecko) Chrome/133.0.0.0 Safari/537.36"
115.76.50.202 - - [23/Dec/2025:00:14:26 +0700] "POST /cms/purchase-order/2/leader-approve HTTP/2.0" 200 108 "https://erp.nhatnamsst.com/cms/purchase-order/show/2" "Mozilla/5.0 (Windows NT 10.0; Win64; x64) AppleWebKit/537.36 (KHTML, like Gecko) Chrome/143.0.0.0 Safari/537.36 Edg/143.0.0.0"
115.76.50.202 - - [23/Dec/2025:00:14:26 +0700] "GET /cms/purchase-order/show/2 HTTP/2.0" 200 8047 "https://erp.nhatnamsst.com/cms/purchase-order/show/2" "Mozilla/5.0 (Windows NT 10.0; Win64; x64) AppleWebKit/537.36 (KHTML, like Gecko) Chrome/143.0.0.0 Safari/537.36 Edg/143.0.0.0"
115.76.50.202 - - [23/Dec/2025:00:14:27 +0700] "GET / HTTP/2.0" 302 406 "https://erp.nhatnamsst.com/cms/purchase-order/show/2" "Mozilla/5.0 (Windows NT 10.0; Win64; x64) AppleWebKit/537.36 (KHTML, like Gecko) Chrome/143.0.0.0 Safari/537.36 Edg/143.0.0.0"
115.76.50.202 - - [23/Dec/2025:00:14:27 +0700] "GET /cms/dashboard HTTP/2.0" 200 3619 "https://erp.nhatnamsst.com/cms/purchase-order/show/2" "Mozilla/5.0 (Windows NT 10.0; Win64; x64) AppleWebKit/537.36 (KHTML, like Gecko) Chrome/143.0.0.0 Safari/537.36 Edg/143.0.0.0"
42.116.117.207 - - [23/Dec/2025:00:14:32 +0700] "GET /cms/purchase-order HTTP/2.0" 200 6830 "https://erp.nhatnamsst.com/cms/purchase-order/show/2" "Mozilla/5.0 (Windows NT 10.0; Win64; x64) AppleWebKit/537.36 (KHTML, like Gecko) Chrome/143.0.0.0 Safari/537.36 Edg/143.0.0.0"
42.116.117.207 - - [23/Dec/2025:00:14:32 +0700] "GET / HTTP/2.0" 302 406 "https://erp.nhatnamsst.com/cms/purchase-order" "Mozilla/5.0 (Windows NT 10.0; Win64; x64) AppleWebKit/537.36 (KHTML, like Gecko) Chrome/143.0.0.0 Safari/537.36 Edg/143.0.0.0"
42.116.117.207 - - [23/Dec/2025:00:14:32 +0700] "GET /cms/purchase-order?draw=1&columns%5B0%5D%5Bdata%5D=po_number&columns%5B1%5D%5Bdata%5D=sale_id&columns%5B1%5D%5Borderable%5D=false&columns%5B2%5D%5Bdata%5D=customer_id&columns%5B2%5D%5Borderable%5D=false&columns%5B3%5D%5Bdata%5D=quote_request_id&columns%5B3%5D%5Borderable%5D=false&columns%5B4%5D%5Bdata%5D=po_date&columns%5B5%5D%5Bdata%5D=order_date&columns%5B6%5D%5Bdata%5D=total_po_price&columns%5B6%5D%5Borderable%5D=false&columns%5B7%5D%5Bdata%5D=status&columns%5B8%5D%5Bdata%5D=action&columns%5B8%5D%5Borderable%5D=false&order%5B0%5D%5Bcolumn%5D=0&order%5B0%5D%5Bdir%5D=desc&start=0&length=50&search%5Bvalue%5D=&_=1766423675344 HTTP/2.0" 200 2153 "https://erp.nhatnamsst.com/cms/purchase-order" "Mozilla/5.0 (Windows NT 10.0; Win64; x64) AppleWebKit/537.36 (KHTML, like Gecko) Chrome/143.0.0.0 Safari/537.36 Edg/143.0.0.0"
42.116.117.207 - - [23/Dec/2025:00:14:32 +0700] "GET /cms/dashboard HTTP/2.0" 200 3606 "https://erp.nhatnamsst.com/cms/purchase-order" "Mozilla/5.0 (Windows NT 10.0; Win64; x64) AppleWebKit/537.36 (KHTML, like Gecko) Chrome/143.0.0.0 Safari/537.36 Edg/143.0.0.0"
115.76.50.202 - - [23/Dec/2025:00:14:38 +0700] "GET /cms/purchase-order HTTP/2.0" 200 6853 "https://erp.nhatnamsst.com/cms/purchase-order/show/2" "Mozilla/5.0 (Windows NT 10.0; Win64; x64) AppleWebKit/537.36 (KHTML, like Gecko) Chrome/143.0.0.0 Safari/537.36 Edg/143.0.0.0"
115.76.50.202 - - [23/Dec/2025:00:14:38 +0700] "GET / HTTP/2.0" 302 406 "https://erp.nhatnamsst.com/cms/purchase-order" "Mozilla/5.0 (Windows NT 10.0; Win64; x64) AppleWebKit/537.36 (KHTML, like Gecko) Chrome/143.0.0.0 Safari/537.36 Edg/143.0.0.0"
115.76.50.202 - - [23/Dec/2025:00:14:38 +0700] "GET /cms/purchase-order?draw=1&columns%5B0%5D%5Bdata%5D=po_number&columns%5B1%5D%5Bdata%5D=sale_id&columns%5B1%5D%5Borderable%5D=false&columns%5B2%5D%5Bdata%5D=customer_id&columns%5B2%5D%5Borderable%5D=false&columns%5B3%5D%5Bdata%5D=quote_request_id&columns%5B3%5D%5Borderable%5D=false&columns%5B4%5D%5Bdata%5D=po_date&columns%5B5%5D%5Bdata%5D=order_date&columns%5B6%5D%5Bdata%5D=total_po_price&columns%5B6%5D%5Borderable%5D=false&columns%5B7%5D%5Bdata%5D=status&columns%5B8%5D%5Bdata%5D=action&columns%5B8%5D%5Borderable%5D=false&order%5B0%5D%5Bcolumn%5D=0&order%5B0%5D%5Bdir%5D=desc&start=0&length=50&search%5Bvalue%5D=&_=1766423678291 HTTP/2.0" 200 2153 "https://erp.nhatnamsst.com/cms/purchase-order" "Mozilla/5.0 (Windows NT 10.0; Win64; x64) AppleWebKit/537.36 (KHTML, like Gecko) Chrome/143.0.0.0 Safari/537.36 Edg/143.0.0.0"
115.76.50.202 - - [23/Dec/2025:00:14:38 +0700] "GET /cms/dashboard HTTP/2.0" 200 3619 "https://erp.nhatnamsst.com/cms/purchase-order" "Mozilla/5.0 (Windows NT 10.0; Win64; x64) AppleWebKit/537.36 (KHTML, like Gecko) Chrome/143.0.0.0 Safari/537.36 Edg/143.0.0.0"
185.191.171.6 - - [23/Dec/2025:00:14:44 +0700] "GET /hop-am/nhung-not-huong-tham-lang-12820 HTTP/1.1" 404 146 "-" "Mozilla/5.0 (compatible; SemrushBot/7~bl; +http://www.semrush.com/bot.html)"
115.76.50.202 - - [23/Dec/2025:00:14:49 +0700] "GET /cms/quote-request HTTP/2.0" 200 7168 "https://erp.nhatnamsst.com/cms/quote-request" "Mozilla/5.0 (Windows NT 10.0; Win64; x64) AppleWebKit/537.36 (KHTML, like Gecko) Chrome/143.0.0.0 Safari/537.36 Edg/143.0.0.0"
185.191.171.8 - - [23/Dec/2025:00:14:50 +0700] "GET /hop-am/buon-thai-son-khong-gieo-35730 HTTP/1.1" 404 146 "-" "Mozilla/5.0 (compatible; SemrushBot/7~bl; +http://www.semrush.com/bot.html)"
115.76.50.202 - - [23/Dec/2025:00:14:50 +0700] "GET / HTTP/2.0" 302 406 "https://erp.nhatnamsst.com/cms/quote-request" "Mozilla/5.0 (Windows NT 10.0; Win64; x64) AppleWebKit/537.36 (KHTML, like Gecko) Chrome/143.0.0.0 Safari/537.36 Edg/143.0.0.0"
115.76.50.202 - - [23/Dec/2025:00:14:50 +0700] "GET /cms/dashboard HTTP/2.0" 200 3673 "https://erp.nhatnamsst.com/cms/quote-request" "Mozilla/5.0 (Windows NT 10.0; Win64; x64) AppleWebKit/537.36 (KHTML, like Gecko) Chrome/143.0.0.0 Safari/537.36 Edg/143.0.0.0"
115.76.50.202 - - [23/Dec/2025:00:14:50 +0700] "GET /cms/quote-request?draw=1&columns%5B0%5D%5Bdata%5D=code&columns%5B1%5D%5Bdata%5D=sale_id&columns%5B1%5D%5Borderable%5D=false&columns%5B2%5D%5Bdata%5D=brand_id&columns%5B2%5D%5Borderable%5D=false&columns%5B3%5D%5Bdata%5D=customer_id&columns%5B3%5D%5Borderable%5D=false&columns%5B4%5D%5Bdata%5D=customer_type&columns%5B4%5D%5Borderable%5D=false&columns%5B5%5D%5Bdata%5D=request_date&columns%5B6%5D%5Bdata%5D=inters&columns%5B6%5D%5Borderable%5D=false&columns%5B7%5D%5Bdata%5D=manager&columns%5B7%5D%5Borderable%5D=false&columns%5B8%5D%5Bdata%5D=status&columns%5B9%5D%5Bdata%5D=action&columns%5B9%5D%5Borderable%5D=false&order%5B0%5D%5Bcolumn%5D=0&order%5B0%5D%5Bdir%5D=desc&start=0&length=50&search%5Bvalue%5D=&_=1766423690306 HTTP/2.0" 200 2491 "https://erp.nhatnamsst.com/cms/quote-request" "Mozilla/5.0 (Windows NT 10.0; Win64; x64) AppleWebKit/537.36 (KHTML, like Gecko) Chrome/143.0.0.0 Safari/537.36 Edg/143.0.0.0"
115.76.50.202 - - [23/Dec/2025:00:14:51 +0700] "GET / HTTP/2.0" 302 406 "https://erp.nhatnamsst.com/cms/quote-request" "Mozilla/5.0 (Windows NT 10.0; Win64; x64) AppleWebKit/537.36 (KHTML, like Gecko) Chrome/143.0.0.0 Safari/537.36 Edg/143.0.0.0"
115.76.50.202 - - [23/Dec/2025:00:14:51 +0700] "GET /cms/dashboard HTTP/2.0" 200 3673 "https://erp.nhatnamsst.com/cms/quote-request" "Mozilla/5.0 (Windows NT 10.0; Win64; x64) AppleWebKit/537.36 (KHTML, like Gecko) Chrome/143.0.0.0 Safari/537.36 Edg/143.0.0.0"
115.76.50.202 - - [23/Dec/2025:00:14:53 +0700] "GET /cms/purchase-order HTTP/2.0" 200 6898 "https://erp.nhatnamsst.com/cms/quote-request" "Mozilla/5.0 (Windows NT 10.0; Win64; x64) AppleWebKit/537.36 (KHTML, like Gecko) Chrome/143.0.0.0 Safari/537.36 Edg/143.0.0.0"
115.76.50.202 - - [23/Dec/2025:00:14:54 +0700] "GET / HTTP/2.0" 302 406 "https://erp.nhatnamsst.com/cms/purchase-order" "Mozilla/5.0 (Windows NT 10.0; Win64; x64) AppleWebKit/537.36 (KHTML, like Gecko) Chrome/143.0.0.0 Safari/537.36 Edg/143.0.0.0"
115.76.50.202 - - [23/Dec/2025:00:14:54 +0700] "GET /cms/purchase-order?draw=1&columns%5B0%5D%5Bdata%5D=po_number&columns%5B1%5D%5Bdata%5D=sale_id&columns%5B1%5D%5Borderable%5D=false&columns%5B2%5D%5Bdata%5D=customer_id&columns%5B2%5D%5Borderable%5D=false&columns%5B3%5D%5Bdata%5D=quote_request_id&columns%5B3%5D%5Borderable%5D=false&columns%5B4%5D%5Bdata%5D=po_date&columns%5B5%5D%5Bdata%5D=order_date&columns%5B6%5D%5Bdata%5D=total_po_price&columns%5B6%5D%5Borderable%5D=false&columns%5B7%5D%5Bdata%5D=status&columns%5B8%5D%5Bdata%5D=action&columns%5B8%5D%5Borderable%5D=false&order%5B0%5D%5Bcolumn%5D=0&order%5B0%5D%5Bdir%5D=desc&start=0&length=50&search%5Bvalue%5D=&_=1766423693945 HTTP/2.0" 200 2153 "https://erp.nhatnamsst.com/cms/purchase-order" "Mozilla/5.0 (Windows NT 10.0; Win64; x64) AppleWebKit/537.36 (KHTML, like Gecko) Chrome/143.0.0.0 Safari/537.36 Edg/143.0.0.0"
115.76.50.202 - - [23/Dec/2025:00:14:54 +0700] "GET /cms/dashboard HTTP/2.0" 200 3673 "https://erp.nhatnamsst.com/cms/purchase-order" "Mozilla/5.0 (Windows NT 10.0; Win64; x64) AppleWebKit/537.36 (KHTML, like Gecko) Chrome/143.0.0.0 Safari/537.36 Edg/143.0.0.0"
115.76.50.202 - - [23/Dec/2025:00:14:54 +0700] "GET / HTTP/2.0" 302 406 "https://erp.nhatnamsst.com/cms/purchase-order" "Mozilla/5.0 (Windows NT 10.0; Win64; x64) AppleWebKit/537.36 (KHTML, like Gecko) Chrome/143.0.0.0 Safari/537.36 Edg/143.0.0.0"
115.76.50.202 - - [23/Dec/2025:00:14:54 +0700] "GET /cms/dashboard HTTP/2.0" 200 3673 "https://erp.nhatnamsst.com/cms/purchase-order" "Mozilla/5.0 (Windows NT 10.0; Win64; x64) AppleWebKit/537.36 (KHTML, like Gecko) Chrome/143.0.0.0 Safari/537.36 Edg/143.0.0.0"
115.76.50.202 - - [23/Dec/2025:00:14:57 +0700] "GET /cms/purchase-order/show/2 HTTP/2.0" 200 8130 "https://erp.nhatnamsst.com/cms/purchase-order" "Mozilla/5.0 (Windows NT 10.0; Win64; x64) AppleWebKit/537.36 (KHTML, like Gecko) Chrome/143.0.0.0 Safari/537.36 Edg/143.0.0.0"
115.76.50.202 - - [23/Dec/2025:00:14:57 +0700] "GET / HTTP/2.0" 302 406 "https://erp.nhatnamsst.com/cms/purchase-order/show/2" "Mozilla/5.0 (Windows NT 10.0; Win64; x64) AppleWebKit/537.36 (KHTML, like Gecko) Chrome/143.0.0.0 Safari/537.36 Edg/143.0.0.0"
115.76.50.202 - - [23/Dec/2025:00:14:58 +0700] "GET /cms/dashboard HTTP/2.0" 200 3673 "https://erp.nhatnamsst.com/cms/purchase-order/show/2" "Mozilla/5.0 (Windows NT 10.0; Win64; x64) AppleWebKit/537.36 (KHTML, like Gecko) Chrome/143.0.0.0 Safari/537.36 Edg/143.0.0.0"
115.76.50.202 - - [23/Dec/2025:00:14:58 +0700] "GET / HTTP/2.0" 302 406 "https://erp.nhatnamsst.com/cms/purchase-order/show/2" "Mozilla/5.0 (Windows NT 10.0; Win64; x64) AppleWebKit/537.36 (KHTML, like Gecko) Chrome/143.0.0.0 Safari/537.36 Edg/143.0.0.0"
115.76.50.202 - - [23/Dec/2025:00:14:58 +0700] "GET /cms/dashboard HTTP/2.0" 200 3673 "https://erp.nhatnamsst.com/cms/purchase-order/show/2" "Mozilla/5.0 (Windows NT 10.0; Win64; x64) AppleWebKit/537.36 (KHTML, like Gecko) Chrome/143.0.0.0 Safari/537.36 Edg/143.0.0.0"
85.208.96.206 - - [23/Dec/2025:00:15:11 +0700] "GET /hop-am/tinh-xua-nghia-cu-1-dung-tinh-yeu-danh-cap-trai-tim-5778 HTTP/1.1" 404 146 "-" "Mozilla/5.0 (compatible; SemrushBot/7~bl; +http://www.semrush.com/bot.html)"
185.191.171.2 - - [23/Dec/2025:00:15:29 +0700] "GET /hop-am/sau-dong-vien-xu-36239 HTTP/1.1" 404 146 "-" "Mozilla/5.0 (compatible; SemrushBot/7~bl; +http://www.semrush.com/bot.html)"
115.76.50.202 - - [23/Dec/2025:00:16:03 +0700] "POST /cms/purchase-order/2/admin-approve HTTP/2.0" 200 114 "https://erp.nhatnamsst.com/cms/purchase-order/show/2" "Mozilla/5.0 (Windows NT 10.0; Win64; x64) AppleWebKit/537.36 (KHTML, like Gecko) Chrome/143.0.0.0 Safari/537.36 Edg/143.0.0.0"
115.76.50.202 - - [23/Dec/2025:00:16:03 +0700] "GET /cms/purchase-order/show/2 HTTP/2.0" 200 8131 "https://erp.nhatnamsst.com/cms/purchase-order/show/2" "Mozilla/5.0 (Windows NT 10.0; Win64; x64) AppleWebKit/537.36 (KHTML, like Gecko) Chrome/143.0.0.0 Safari/537.36 Edg/143.0.0.0"
115.76.50.202 - - [23/Dec/2025:00:16:04 +0700] "GET / HTTP/2.0" 302 406 "https://erp.nhatnamsst.com/cms/purchase-order/show/2" "Mozilla/5.0 (Windows NT 10.0; Win64; x64) AppleWebKit/537.36 (KHTML, like Gecko) Chrome/143.0.0.0 Safari/537.36 Edg/143.0.0.0"
115.76.50.202 - - [23/Dec/2025:00:16:04 +0700] "GET /cms/dashboard HTTP/2.0" 200 3673 "https://erp.nhatnamsst.com/cms/purchase-order/show/2" "Mozilla/5.0 (Windows NT 10.0; Win64; x64) AppleWebKit/537.36 (KHTML, like Gecko) Chrome/143.0.0.0 Safari/537.36 Edg/143.0.0.0"
115.76.50.202 - - [23/Dec/2025:00:16:04 +0700] "GET / HTTP/2.0" 302 406 "https://erp.nhatnamsst.com/cms/purchase-order/show/2" "Mozilla/5.0 (Windows NT 10.0; Win64; x64) AppleWebKit/537.36 (KHTML, like Gecko) Chrome/143.0.0.0 Safari/537.36 Edg/143.0.0.0"
115.76.50.202 - - [23/Dec/2025:00:16:04 +0700] "GET /cms/dashboard HTTP/2.0" 200 3673 "https://erp.nhatnamsst.com/cms/purchase-order/show/2" "Mozilla/5.0 (Windows NT 10.0; Win64; x64) AppleWebKit/537.36 (KHTML, like Gecko) Chrome/143.0.0.0 Safari/537.36 Edg/143.0.0.0"
85.208.96.195 - - [23/Dec/2025:00:16:09 +0700] "GET /hop-am/ngay-em-ve-34073 HTTP/1.1" 404 146 "-" "Mozilla/5.0 (compatible; SemrushBot/7~bl; +http://www.semrush.com/bot.html)"
17.246.19.12 - - [23/Dec/2025:00:16:09 +0700] "GET /hop-am/chieu-tham-mo-me-39012 HTTP/1.1" 404 146 "-" "Mozilla/5.0 (Macintosh; Intel Mac OS X 10_15_7) AppleWebKit/605.1.15 (KHTML, like Gecko) Version/17.4 Safari/605.1.15 (Applebot/0.1; +http://www.apple.com/go/applebot)"
115.76.50.202 - - [23/Dec/2025:00:16:11 +0700] "POST /cms/purchase-order/2/accountant-approve HTTP/2.0" 200 115 "https://erp.nhatnamsst.com/cms/purchase-order/show/2" "Mozilla/5.0 (Windows NT 10.0; Win64; x64) AppleWebKit/537.36 (KHTML, like Gecko) Chrome/143.0.0.0 Safari/537.36 Edg/143.0.0.0"
115.76.50.202 - - [23/Dec/2025:00:16:12 +0700] "GET /cms/purchase-order/show/2 HTTP/2.0" 200 8063 "https://erp.nhatnamsst.com/cms/purchase-order/show/2" "Mozilla/5.0 (Windows NT 10.0; Win64; x64) AppleWebKit/537.36 (KHTML, like Gecko) Chrome/143.0.0.0 Safari/537.36 Edg/143.0.0.0"
115.76.50.202 - - [23/Dec/2025:00:16:12 +0700] "GET / HTTP/2.0" 302 406 "https://erp.nhatnamsst.com/cms/purchase-order/show/2" "Mozilla/5.0 (Windows NT 10.0; Win64; x64) AppleWebKit/537.36 (KHTML, like Gecko) Chrome/143.0.0.0 Safari/537.36 Edg/143.0.0.0"
115.76.50.202 - - [23/Dec/2025:00:16:13 +0700] "GET /cms/dashboard HTTP/2.0" 200 3673 "https://erp.nhatnamsst.com/cms/purchase-order/show/2" "Mozilla/5.0 (Windows NT 10.0; Win64; x64) AppleWebKit/537.36 (KHTML, like Gecko) Chrome/143.0.0.0 Safari/537.36 Edg/143.0.0.0"
115.76.50.202 - - [23/Dec/2025:00:16:13 +0700] "GET / HTTP/2.0" 302 406 "https://erp.nhatnamsst.com/cms/purchase-order/show/2" "Mozilla/5.0 (Windows NT 10.0; Win64; x64) AppleWebKit/537.36 (KHTML, like Gecko) Chrome/143.0.0.0 Safari/537.36 Edg/143.0.0.0"
115.76.50.202 - - [23/Dec/2025:00:16:13 +0700] "GET /cms/dashboard HTTP/2.0" 200 3673 "https://erp.nhatnamsst.com/cms/purchase-order/show/2" "Mozilla/5.0 (Windows NT 10.0; Win64; x64) AppleWebKit/537.36 (KHTML, like Gecko) Chrome/143.0.0.0 Safari/537.36 Edg/143.0.0.0"
42.116.117.207 - - [23/Dec/2025:00:16:14 +0700] "GET /cms/purchase-order HTTP/2.0" 200 6830 "https://erp.nhatnamsst.com/cms/purchase-order/show/2" "Mozilla/5.0 (Windows NT 10.0; Win64; x64) AppleWebKit/537.36 (KHTML, like Gecko) Chrome/143.0.0.0 Safari/537.36 Edg/143.0.0.0"
42.116.117.207 - - [23/Dec/2025:00:16:15 +0700] "GET / HTTP/2.0" 302 406 "https://erp.nhatnamsst.com/cms/purchase-order" "Mozilla/5.0 (Windows NT 10.0; Win64; x64) AppleWebKit/537.36 (KHTML, like Gecko) Chrome/143.0.0.0 Safari/537.36 Edg/143.0.0.0"
42.116.117.207 - - [23/Dec/2025:00:16:15 +0700] "GET /cms/purchase-order?draw=1&columns%5B0%5D%5Bdata%5D=po_number&columns%5B1%5D%5Bdata%5D=sale_id&columns%5B1%5D%5Borderable%5D=false&columns%5B2%5D%5Bdata%5D=customer_id&columns%5B2%5D%5Borderable%5D=false&columns%5B3%5D%5Bdata%5D=quote_request_id&columns%5B3%5D%5Borderable%5D=false&columns%5B4%5D%5Bdata%5D=po_date&columns%5B5%5D%5Bdata%5D=order_date&columns%5B6%5D%5Bdata%5D=total_po_price&columns%5B6%5D%5Borderable%5D=false&columns%5B7%5D%5Bdata%5D=status&columns%5B8%5D%5Bdata%5D=action&columns%5B8%5D%5Borderable%5D=false&order%5B0%5D%5Bcolumn%5D=0&order%5B0%5D%5Bdir%5D=desc&start=0&length=50&search%5Bvalue%5D=&_=1766423778291 HTTP/2.0" 200 2163 "https://erp.nhatnamsst.com/cms/purchase-order" "Mozilla/5.0 (Windows NT 10.0; Win64; x64) AppleWebKit/537.36 (KHTML, like Gecko) Chrome/143.0.0.0 Safari/537.36 Edg/143.0.0.0"
101.32.200.145 - - [23/Dec/2025:00:16:15 +0700] "GET /hop-am/sang-tac/deeptone-vibes-9442 HTTP/2.0" 404 548 "https://thuvienhopam.com/hop-am/sang-tac/deeptone-vibes-9442" "Mozilla/5.0 (Windows NT 10.0; Win64; x64) AppleWebKit/537.36 (KHTML, like Gecko) Chrome/101.0.4951.64 Safari/537.36 Edg/101.0.1210.47"
42.116.117.207 - - [23/Dec/2025:00:16:15 +0700] "GET /cms/dashboard HTTP/2.0" 200 3606 "https://erp.nhatnamsst.com/cms/purchase-order" "Mozilla/5.0 (Windows NT 10.0; Win64; x64) AppleWebKit/537.36 (KHTML, like Gecko) Chrome/143.0.0.0 Safari/537.36 Edg/143.0.0.0"
185.191.171.17 - - [23/Dec/2025:00:16:19 +0700] "GET /hop-am/ve-tham-me-37362 HTTP/1.1" 404 146 "-" "Mozilla/5.0 (compatible; SemrushBot/7~bl; +http://www.semrush.com/bot.html)"
115.76.50.202 - - [23/Dec/2025:00:16:19 +0700] "GET /cms/purchase-order HTTP/2.0" 200 6898 "https://erp.nhatnamsst.com/cms/purchase-order/show/2" "Mozilla/5.0 (Windows NT 10.0; Win64; x64) AppleWebKit/537.36 (KHTML, like Gecko) Chrome/143.0.0.0 Safari/537.36 Edg/143.0.0.0"
115.76.50.202 - - [23/Dec/2025:00:16:20 +0700] "GET / HTTP/2.0" 302 406 "https://erp.nhatnamsst.com/cms/purchase-order" "Mozilla/5.0 (Windows NT 10.0; Win64; x64) AppleWebKit/537.36 (KHTML, like Gecko) Chrome/143.0.0.0 Safari/537.36 Edg/143.0.0.0"
115.76.50.202 - - [23/Dec/2025:00:16:20 +0700] "GET /cms/purchase-order?draw=1&columns%5B0%5D%5Bdata%5D=po_number&columns%5B1%5D%5Bdata%5D=sale_id&columns%5B1%5D%5Borderable%5D=false&columns%5B2%5D%5Bdata%5D=customer_id&columns%5B2%5D%5Borderable%5D=false&columns%5B3%5D%5Bdata%5D=quote_request_id&columns%5B3%5D%5Borderable%5D=false&columns%5B4%5D%5Bdata%5D=po_date&columns%5B5%5D%5Bdata%5D=order_date&columns%5B6%5D%5Bdata%5D=total_po_price&columns%5B6%5D%5Borderable%5D=false&columns%5B7%5D%5Bdata%5D=status&columns%5B8%5D%5Bdata%5D=action&columns%5B8%5D%5Borderable%5D=false&order%5B0%5D%5Bcolumn%5D=0&order%5B0%5D%5Bdir%5D=desc&start=0&length=50&search%5Bvalue%5D=&_=1766423780251 HTTP/2.0" 200 2163 "https://erp.nhatnamsst.com/cms/purchase-order" "Mozilla/5.0 (Windows NT 10.0; Win64; x64) AppleWebKit/537.36 (KHTML, like Gecko) Chrome/143.0.0.0 Safari/537.36 Edg/143.0.0.0"
115.76.50.202 - - [23/Dec/2025:00:16:20 +0700] "GET /cms/dashboard HTTP/2.0" 200 3673 "https://erp.nhatnamsst.com/cms/purchase-order" "Mozilla/5.0 (Windows NT 10.0; Win64; x64) AppleWebKit/537.36 (KHTML, like Gecko) Chrome/143.0.0.0 Safari/537.36 Edg/143.0.0.0"
115.76.50.202 - - [23/Dec/2025:00:16:21 +0700] "GET / HTTP/2.0" 302 406 "https://erp.nhatnamsst.com/cms/purchase-order" "Mozilla/5.0 (Windows NT 10.0; Win64; x64) AppleWebKit/537.36 (KHTML, like Gecko) Chrome/143.0.0.0 Safari/537.36 Edg/143.0.0.0"
115.76.50.202 - - [23/Dec/2025:00:16:21 +0700] "GET /cms/dashboard HTTP/2.0" 200 3673 "https://erp.nhatnamsst.com/cms/purchase-order" "Mozilla/5.0 (Windows NT 10.0; Win64; x64) AppleWebKit/537.36 (KHTML, like Gecko) Chrome/143.0.0.0 Safari/537.36 Edg/143.0.0.0"
85.208.96.195 - - [23/Dec/2025:00:16:21 +0700] "GET /hop-am/hai-hoa-cau-duyen-40849 HTTP/1.1" 404 146 "-" "Mozilla/5.0 (compatible; SemrushBot/7~bl; +http://www.semrush.com/bot.html)"
185.191.171.17 - - [23/Dec/2025:00:16:36 +0700] "GET /hop-am/nhan-vang-12748 HTTP/1.1" 404 146 "-" "Mozilla/5.0 (compatible; SemrushBot/7~bl; +http://www.semrush.com/bot.html)"
115.76.50.202 - - [23/Dec/2025:00:16:46 +0700] "GET / HTTP/2.0" 302 406 "-" "Mozilla/5.0 (Windows NT 10.0; Win64; x64) AppleWebKit/537.36 (KHTML, like Gecko) Chrome/143.0.0.0 Safari/537.36 Edg/143.0.0.0"
115.76.50.202 - - [23/Dec/2025:00:16:46 +0700] "GET /cms/dashboard HTTP/2.0" 200 3619 "-" "Mozilla/5.0 (Windows NT 10.0; Win64; x64) AppleWebKit/537.36 (KHTML, like Gecko) Chrome/143.0.0.0 Safari/537.36 Edg/143.0.0.0"
115.76.50.202 - - [23/Dec/2025:00:16:46 +0700] "GET / HTTP/2.0" 302 406 "https://erp.nhatnamsst.com/cms/dashboard" "Mozilla/5.0 (Windows NT 10.0; Win64; x64) AppleWebKit/537.36 (KHTML, like Gecko) Chrome/143.0.0.0 Safari/537.36 Edg/143.0.0.0"
115.76.50.202 - - [23/Dec/2025:00:16:47 +0700] "GET /cms/dashboard HTTP/2.0" 200 3619 "https://erp.nhatnamsst.com/cms/dashboard" "Mozilla/5.0 (Windows NT 10.0; Win64; x64) AppleWebKit/537.36 (KHTML, like Gecko) Chrome/143.0.0.0 Safari/537.36 Edg/143.0.0.0"
115.76.50.202 - - [23/Dec/2025:00:16:52 +0700] "POST /cms/logout HTTP/2.0" 302 390 "https://erp.nhatnamsst.com/cms/dashboard" "Mozilla/5.0 (Windows NT 10.0; Win64; x64) AppleWebKit/537.36 (KHTML, like Gecko) Chrome/143.0.0.0 Safari/537.36 Edg/143.0.0.0"
115.76.50.202 - - [23/Dec/2025:00:16:53 +0700] "GET /cms/login HTTP/2.0" 200 1146 "https://erp.nhatnamsst.com/cms/dashboard" "Mozilla/5.0 (Windows NT 10.0; Win64; x64) AppleWebKit/537.36 (KHTML, like Gecko) Chrome/143.0.0.0 Safari/537.36 Edg/143.0.0.0"
115.76.50.202 - - [23/Dec/2025:00:16:53 +0700] "GET / HTTP/2.0" 302 390 "https://erp.nhatnamsst.com/cms/login" "Mozilla/5.0 (Windows NT 10.0; Win64; x64) AppleWebKit/537.36 (KHTML, like Gecko) Chrome/143.0.0.0 Safari/537.36 Edg/143.0.0.0"
115.76.50.202 - - [23/Dec/2025:00:16:53 +0700] "GET /cms/login HTTP/2.0" 200 1075 "https://erp.nhatnamsst.com/cms/login" "Mozilla/5.0 (Windows NT 10.0; Win64; x64) AppleWebKit/537.36 (KHTML, like Gecko) Chrome/143.0.0.0 Safari/537.36 Edg/143.0.0.0"
185.191.171.3 - - [23/Dec/2025:00:16:58 +0700] "GET /hop-am/chieu-ben-doi-sim-11280 HTTP/1.1" 404 146 "-" "Mozilla/5.0 (compatible; SemrushBot/7~bl; +http://www.semrush.com/bot.html)"
115.76.50.202 - - [23/Dec/2025:00:17:04 +0700] "POST /cms/login HTTP/2.0" 302 406 "https://erp.nhatnamsst.com/cms/login" "Mozilla/5.0 (Windows NT 10.0; Win64; x64) AppleWebKit/537.36 (KHTML, like Gecko) Chrome/143.0.0.0 Safari/537.36 Edg/143.0.0.0"
115.76.50.202 - - [23/Dec/2025:00:17:04 +0700] "GET /cms/dashboard HTTP/2.0" 200 3589 "https://erp.nhatnamsst.com/cms/login" "Mozilla/5.0 (Windows NT 10.0; Win64; x64) AppleWebKit/537.36 (KHTML, like Gecko) Chrome/143.0.0.0 Safari/537.36 Edg/143.0.0.0"
115.76.50.202 - - [23/Dec/2025:00:17:04 +0700] "GET / HTTP/2.0" 302 406 "https://erp.nhatnamsst.com/cms/dashboard" "Mozilla/5.0 (Windows NT 10.0; Win64; x64) AppleWebKit/537.36 (KHTML, like Gecko) Chrome/143.0.0.0 Safari/537.36 Edg/143.0.0.0"
115.76.50.202 - - [23/Dec/2025:00:17:05 +0700] "GET /cms/dashboard HTTP/2.0" 200 3507 "https://erp.nhatnamsst.com/cms/dashboard" "Mozilla/5.0 (Windows NT 10.0; Win64; x64) AppleWebKit/537.36 (KHTML, like Gecko) Chrome/143.0.0.0 Safari/537.36 Edg/143.0.0.0"
185.191.171.2 - - [23/Dec/2025:00:17:05 +0700] "GET /hop-am/tinh-ngan-nam-23727 HTTP/1.1" 404 146 "-" "Mozilla/5.0 (compatible; SemrushBot/7~bl; +http://www.semrush.com/bot.html)"
115.76.50.202 - - [23/Dec/2025:00:17:06 +0700] "GET /cms/purchase-order HTTP/2.0" 200 6698 "https://erp.nhatnamsst.com/cms/dashboard" "Mozilla/5.0 (Windows NT 10.0; Win64; x64) AppleWebKit/537.36 (KHTML, like Gecko) Chrome/143.0.0.0 Safari/537.36 Edg/143.0.0.0"
115.76.50.202 - - [23/Dec/2025:00:17:07 +0700] "GET / HTTP/2.0" 302 406 "https://erp.nhatnamsst.com/cms/purchase-order" "Mozilla/5.0 (Windows NT 10.0; Win64; x64) AppleWebKit/537.36 (KHTML, like Gecko) Chrome/143.0.0.0 Safari/537.36 Edg/143.0.0.0"
115.76.50.202 - - [23/Dec/2025:00:17:07 +0700] "GET /cms/purchase-order?draw=1&columns%5B0%5D%5Bdata%5D=po_number&columns%5B1%5D%5Bdata%5D=sale_id&columns%5B1%5D%5Borderable%5D=false&columns%5B2%5D%5Bdata%5D=customer_id&columns%5B2%5D%5Borderable%5D=false&columns%5B3%5D%5Bdata%5D=quote_request_id&columns%5B3%5D%5Borderable%5D=false&columns%5B4%5D%5Bdata%5D=po_date&columns%5B5%5D%5Bdata%5D=order_date&columns%5B6%5D%5Bdata%5D=total_po_price&columns%5B6%5D%5Borderable%5D=false&columns%5B7%5D%5Bdata%5D=status&columns%5B8%5D%5Bdata%5D=action&columns%5B8%5D%5Borderable%5D=false&order%5B0%5D%5Bcolumn%5D=0&order%5B0%5D%5Bdir%5D=desc&start=0&length=50&search%5Bvalue%5D=&_=1766423826931 HTTP/2.0" 200 2077 "https://erp.nhatnamsst.com/cms/purchase-order" "Mozilla/5.0 (Windows NT 10.0; Win64; x64) AppleWebKit/537.36 (KHTML, like Gecko) Chrome/143.0.0.0 Safari/537.36 Edg/143.0.0.0"
115.76.50.202 - - [23/Dec/2025:00:17:07 +0700] "GET /cms/dashboard HTTP/2.0" 200 3507 "https://erp.nhatnamsst.com/cms/purchase-order" "Mozilla/5.0 (Windows NT 10.0; Win64; x64) AppleWebKit/537.36 (KHTML, like Gecko) Chrome/143.0.0.0 Safari/537.36 Edg/143.0.0.0"
85.208.96.199 - - [23/Dec/2025:00:17:08 +0700] "GET /hop-am/con-mai-loi-ru-43248 HTTP/1.1" 404 146 "-" "Mozilla/5.0 (compatible; SemrushBot/7~bl; +http://www.semrush.com/bot.html)"
115.76.50.202 - - [23/Dec/2025:00:17:11 +0700] "GET /cms/purchase-order/show/2 HTTP/2.0" 200 7363 "https://erp.nhatnamsst.com/cms/purchase-order" "Mozilla/5.0 (Windows NT 10.0; Win64; x64) AppleWebKit/537.36 (KHTML, like Gecko) Chrome/143.0.0.0 Safari/537.36 Edg/143.0.0.0"
115.76.50.202 - - [23/Dec/2025:00:17:12 +0700] "GET / HTTP/2.0" 302 406 "https://erp.nhatnamsst.com/cms/purchase-order/show/2" "Mozilla/5.0 (Windows NT 10.0; Win64; x64) AppleWebKit/537.36 (KHTML, like Gecko) Chrome/143.0.0.0 Safari/537.36 Edg/143.0.0.0"
115.76.50.202 - - [23/Dec/2025:00:17:12 +0700] "GET /cms/dashboard HTTP/2.0" 200 3507 "https://erp.nhatnamsst.com/cms/purchase-order/show/2" "Mozilla/5.0 (Windows NT 10.0; Win64; x64) AppleWebKit/537.36 (KHTML, like Gecko) Chrome/143.0.0.0 Safari/537.36 Edg/143.0.0.0"
85.208.96.200 - - [23/Dec/2025:00:17:13 +0700] "GET /hop-am/tat-ca-la-vi-tien-ta-khong-hoi-han-wo-bu-hou-hui-1852 HTTP/1.1" 404 146 "-" "Mozilla/5.0 (compatible; SemrushBot/7~bl; +http://www.semrush.com/bot.html)"
85.208.96.197 - - [23/Dec/2025:00:17:19 +0700] "GET /hop-am/xe-thu-tinh-11307 HTTP/1.1" 404 146 "-" "Mozilla/5.0 (compatible; SemrushBot/7~bl; +http://www.semrush.com/bot.html)"
185.191.171.10 - - [23/Dec/2025:00:17:26 +0700] "GET /hop-am/tinh-dep-den-may-cung-thua-dong-tien-thuong-ly-biet-shang-li-bie-1276 HTTP/1.1" 404 146 "-" "Mozilla/5.0 (compatible; SemrushBot/7~bl; +http://www.semrush.com/bot.html)"
115.76.50.202 - - [23/Dec/2025:00:17:27 +0700] "GET /cms/purchase-order HTTP/2.0" 200 6698 "https://erp.nhatnamsst.com/cms/purchase-order/show/2" "Mozilla/5.0 (Windows NT 10.0; Win64; x64) AppleWebKit/537.36 (KHTML, like Gecko) Chrome/143.0.0.0 Safari/537.36 Edg/143.0.0.0"
115.76.50.202 - - [23/Dec/2025:00:17:28 +0700] "GET / HTTP/2.0" 302 406 "https://erp.nhatnamsst.com/cms/purchase-order" "Mozilla/5.0 (Windows NT 10.0; Win64; x64) AppleWebKit/537.36 (KHTML, like Gecko) Chrome/143.0.0.0 Safari/537.36 Edg/143.0.0.0"
115.76.50.202 - - [23/Dec/2025:00:17:28 +0700] "GET /cms/purchase-order?draw=1&columns%5B0%5D%5Bdata%5D=po_number&columns%5B1%5D%5Bdata%5D=sale_id&columns%5B1%5D%5Borderable%5D=false&columns%5B2%5D%5Bdata%5D=customer_id&columns%5B2%5D%5Borderable%5D=false&columns%5B3%5D%5Bdata%5D=quote_request_id&columns%5B3%5D%5Borderable%5D=false&columns%5B4%5D%5Bdata%5D=po_date&columns%5B5%5D%5Bdata%5D=order_date&columns%5B6%5D%5Bdata%5D=total_po_price&columns%5B6%5D%5Borderable%5D=false&columns%5B7%5D%5Bdata%5D=status&columns%5B8%5D%5Bdata%5D=action&columns%5B8%5D%5Borderable%5D=false&order%5B0%5D%5Bcolumn%5D=0&order%5B0%5D%5Bdir%5D=desc&start=0&length=50&search%5Bvalue%5D=&_=1766423847841 HTTP/2.0" 200 2077 "https://erp.nhatnamsst.com/cms/purchase-order" "Mozilla/5.0 (Windows NT 10.0; Win64; x64) AppleWebKit/537.36 (KHTML, like Gecko) Chrome/143.0.0.0 Safari/537.36 Edg/143.0.0.0"
115.76.50.202 - - [23/Dec/2025:00:17:28 +0700] "GET /cms/dashboard HTTP/2.0" 200 3507 "https://erp.nhatnamsst.com/cms/purchase-order" "Mozilla/5.0 (Windows NT 10.0; Win64; x64) AppleWebKit/537.36 (KHTML, like Gecko) Chrome/143.0.0.0 Safari/537.36 Edg/143.0.0.0"
115.76.50.202 - - [23/Dec/2025:00:17:30 +0700] "GET /cms/purchase-order/show/2 HTTP/2.0" 200 7363 "https://erp.nhatnamsst.com/cms/purchase-order" "Mozilla/5.0 (Windows NT 10.0; Win64; x64) AppleWebKit/537.36 (KHTML, like Gecko) Chrome/143.0.0.0 Safari/537.36 Edg/143.0.0.0"
115.76.50.202 - - [23/Dec/2025:00:17:31 +0700] "GET / HTTP/2.0" 302 406 "https://erp.nhatnamsst.com/cms/purchase-order/show/2" "Mozilla/5.0 (Windows NT 10.0; Win64; x64) AppleWebKit/537.36 (KHTML, like Gecko) Chrome/143.0.0.0 Safari/537.36 Edg/143.0.0.0"
115.76.50.202 - - [23/Dec/2025:00:17:31 +0700] "GET /cms/dashboard HTTP/2.0" 200 3507 "https://erp.nhatnamsst.com/cms/purchase-order/show/2" "Mozilla/5.0 (Windows NT 10.0; Win64; x64) AppleWebKit/537.36 (KHTML, like Gecko) Chrome/143.0.0.0 Safari/537.36 Edg/143.0.0.0"
85.208.96.203 - - [23/Dec/2025:00:17:32 +0700] "GET /hop-am/follow-your-dream-24305 HTTP/1.1" 404 146 "-" "Mozilla/5.0 (compatible; SemrushBot/7~bl; +http://www.semrush.com/bot.html)"
115.76.50.202 - - [23/Dec/2025:00:17:38 +0700] "POST /cms/purchase-order/2/inter-confirm HTTP/2.0" 200 106 "https://erp.nhatnamsst.com/cms/purchase-order/show/2" "Mozilla/5.0 (Windows NT 10.0; Win64; x64) AppleWebKit/537.36 (KHTML, like Gecko) Chrome/143.0.0.0 Safari/537.36 Edg/143.0.0.0"
115.76.50.202 - - [23/Dec/2025:00:17:39 +0700] "GET /cms/purchase-order/show/2 HTTP/2.0" 200 7356 "https://erp.nhatnamsst.com/cms/purchase-order/show/2" "Mozilla/5.0 (Windows NT 10.0; Win64; x64) AppleWebKit/537.36 (KHTML, like Gecko) Chrome/143.0.0.0 Safari/537.36 Edg/143.0.0.0"
115.76.50.202 - - [23/Dec/2025:00:17:39 +0700] "GET / HTTP/2.0" 302 406 "https://erp.nhatnamsst.com/cms/purchase-order/show/2" "Mozilla/5.0 (Windows NT 10.0; Win64; x64) AppleWebKit/537.36 (KHTML, like Gecko) Chrome/143.0.0.0 Safari/537.36 Edg/143.0.0.0"
115.76.50.202 - - [23/Dec/2025:00:17:39 +0700] "GET /cms/dashboard HTTP/2.0" 200 3507 "https://erp.nhatnamsst.com/cms/purchase-order/show/2" "Mozilla/5.0 (Windows NT 10.0; Win64; x64) AppleWebKit/537.36 (KHTML, like Gecko) Chrome/143.0.0.0 Safari/537.36 Edg/143.0.0.0"
85.208.96.200 - - [23/Dec/2025:00:17:48 +0700] "GET /hop-am/bai-luan-vu-dem-nay-waltz-no2-1324 HTTP/1.1" 404 146 "-" "Mozilla/5.0 (compatible; SemrushBot/7~bl; +http://www.semrush.com/bot.html)"
85.208.96.206 - - [23/Dec/2025:00:17:56 +0700] "GET /hop-am/toi-da-ve-dung-nhan-ngai-8617 HTTP/1.1" 404 146 "-" "Mozilla/5.0 (compatible; SemrushBot/7~bl; +http://www.semrush.com/bot.html)"
85.208.96.198 - - [23/Dec/2025:00:18:03 +0700] "GET /hop-am/sai-gon-mua-qua-372 HTTP/1.1" 404 146 "-" "Mozilla/5.0 (compatible; SemrushBot/7~bl; +http://www.semrush.com/bot.html)"
42.116.117.207 - - [23/Dec/2025:00:18:05 +0700] "GET /cms/purchase-order HTTP/2.0" 200 6830 "https://erp.nhatnamsst.com/cms/purchase-order/show/2" "Mozilla/5.0 (Windows NT 10.0; Win64; x64) AppleWebKit/537.36 (KHTML, like Gecko) Chrome/143.0.0.0 Safari/537.36 Edg/143.0.0.0"
42.116.117.207 - - [23/Dec/2025:00:18:06 +0700] "GET / HTTP/2.0" 302 406 "https://erp.nhatnamsst.com/cms/purchase-order" "Mozilla/5.0 (Windows NT 10.0; Win64; x64) AppleWebKit/537.36 (KHTML, like Gecko) Chrome/143.0.0.0 Safari/537.36 Edg/143.0.0.0"
42.116.117.207 - - [23/Dec/2025:00:18:06 +0700] "GET /cms/purchase-order?draw=1&columns%5B0%5D%5Bdata%5D=po_number&columns%5B1%5D%5Bdata%5D=sale_id&columns%5B1%5D%5Borderable%5D=false&columns%5B2%5D%5Bdata%5D=customer_id&columns%5B2%5D%5Borderable%5D=false&columns%5B3%5D%5Bdata%5D=quote_request_id&columns%5B3%5D%5Borderable%5D=false&columns%5B4%5D%5Bdata%5D=po_date&columns%5B5%5D%5Bdata%5D=order_date&columns%5B6%5D%5Bdata%5D=total_po_price&columns%5B6%5D%5Borderable%5D=false&columns%5B7%5D%5Bdata%5D=status&columns%5B8%5D%5Bdata%5D=action&columns%5B8%5D%5Borderable%5D=false&order%5B0%5D%5Bcolumn%5D=0&order%5B0%5D%5Bdir%5D=desc&start=0&length=50&search%5Bvalue%5D=&_=1766423889267 HTTP/2.0" 200 2157 "https://erp.nhatnamsst.com/cms/purchase-order" "Mozilla/5.0 (Windows NT 10.0; Win64; x64) AppleWebKit/537.36 (KHTML, like Gecko) Chrome/143.0.0.0 Safari/537.36 Edg/143.0.0.0"
42.116.117.207 - - [23/Dec/2025:00:18:06 +0700] "GET /cms/dashboard HTTP/2.0" 200 3606 "https://erp.nhatnamsst.com/cms/purchase-order" "Mozilla/5.0 (Windows NT 10.0; Win64; x64) AppleWebKit/537.36 (KHTML, like Gecko) Chrome/143.0.0.0 Safari/537.36 Edg/143.0.0.0"
115.76.50.202 - - [23/Dec/2025:00:18:10 +0700] "GET /cms/purchase-order HTTP/2.0" 200 6898 "https://erp.nhatnamsst.com/cms/purchase-order" "Mozilla/5.0 (Windows NT 10.0; Win64; x64) AppleWebKit/537.36 (KHTML, like Gecko) Chrome/143.0.0.0 Safari/537.36 Edg/143.0.0.0"
115.76.50.202 - - [23/Dec/2025:00:18:11 +0700] "GET / HTTP/2.0" 302 406 "https://erp.nhatnamsst.com/cms/purchase-order" "Mozilla/5.0 (Windows NT 10.0; Win64; x64) AppleWebKit/537.36 (KHTML, like Gecko) Chrome/143.0.0.0 Safari/537.36 Edg/143.0.0.0"
115.76.50.202 - - [23/Dec/2025:00:18:11 +0700] "GET /cms/purchase-order?draw=1&columns%5B0%5D%5Bdata%5D=po_number&columns%5B1%5D%5Bdata%5D=sale_id&columns%5B1%5D%5Borderable%5D=false&columns%5B2%5D%5Bdata%5D=customer_id&columns%5B2%5D%5Borderable%5D=false&columns%5B3%5D%5Bdata%5D=quote_request_id&columns%5B3%5D%5Borderable%5D=false&columns%5B4%5D%5Bdata%5D=po_date&columns%5B5%5D%5Bdata%5D=order_date&columns%5B6%5D%5Bdata%5D=total_po_price&columns%5B6%5D%5Borderable%5D=false&columns%5B7%5D%5Bdata%5D=status&columns%5B8%5D%5Bdata%5D=action&columns%5B8%5D%5Borderable%5D=false&order%5B0%5D%5Bcolumn%5D=0&order%5B0%5D%5Bdir%5D=desc&start=0&length=50&search%5Bvalue%5D=&_=1766423891151 HTTP/2.0" 200 2157 "https://erp.nhatnamsst.com/cms/purchase-order" "Mozilla/5.0 (Windows NT 10.0; Win64; x64) AppleWebKit/537.36 (KHTML, like Gecko) Chrome/143.0.0.0 Safari/537.36 Edg/143.0.0.0"
115.76.50.202 - - [23/Dec/2025:00:18:11 +0700] "GET /cms/dashboard HTTP/2.0" 200 3673 "https://erp.nhatnamsst.com/cms/purchase-order" "Mozilla/5.0 (Windows NT 10.0; Win64; x64) AppleWebKit/537.36 (KHTML, like Gecko) Chrome/143.0.0.0 Safari/537.36 Edg/143.0.0.0"
115.76.50.202 - - [23/Dec/2025:00:18:11 +0700] "GET / HTTP/2.0" 302 406 "https://erp.nhatnamsst.com/cms/purchase-order" "Mozilla/5.0 (Windows NT 10.0; Win64; x64) AppleWebKit/537.36 (KHTML, like Gecko) Chrome/143.0.0.0 Safari/537.36 Edg/143.0.0.0"
115.76.50.202 - - [23/Dec/2025:00:18:12 +0700] "GET /cms/dashboard HTTP/2.0" 200 3673 "https://erp.nhatnamsst.com/cms/purchase-order" "Mozilla/5.0 (Windows NT 10.0; Win64; x64) AppleWebKit/537.36 (KHTML, like Gecko) Chrome/143.0.0.0 Safari/537.36 Edg/143.0.0.0"
17.22.237.159 - - [23/Dec/2025:00:18:12 +0700] "GET /hop-am/ca-si/john-michael-montgomery HTTP/1.1" 404 146 "-" "Mozilla/5.0 (Macintosh; Intel Mac OS X 10_15_7) AppleWebKit/605.1.15 (KHTML, like Gecko) Version/17.4 Safari/605.1.15 (Applebot/0.1; +http://www.apple.com/go/applebot)"
85.208.96.203 - - [23/Dec/2025:00:18:13 +0700] "GET /hop-am/chieu-tren-pha-tam-giang-11732 HTTP/1.1" 404 146 "-" "Mozilla/5.0 (compatible; SemrushBot/7~bl; +http://www.semrush.com/bot.html)"
185.191.171.15 - - [23/Dec/2025:00:18:17 +0700] "GET /hop-am/vuon-xua-38500 HTTP/1.1" 404 146 "-" "Mozilla/5.0 (compatible; SemrushBot/7~bl; +http://www.semrush.com/bot.html)"
115.76.50.202 - - [23/Dec/2025:00:18:20 +0700] "POST /cms/purchase-order/2/inter-stock HTTP/2.0" 200 103 "https://erp.nhatnamsst.com/cms/purchase-order/show/2" "Mozilla/5.0 (Windows NT 10.0; Win64; x64) AppleWebKit/537.36 (KHTML, like Gecko) Chrome/143.0.0.0 Safari/537.36 Edg/143.0.0.0"
115.76.50.202 - - [23/Dec/2025:00:18:21 +0700] "GET /cms/purchase-order/show/2 HTTP/2.0" 200 7297 "https://erp.nhatnamsst.com/cms/purchase-order/show/2" "Mozilla/5.0 (Windows NT 10.0; Win64; x64) AppleWebKit/537.36 (KHTML, like Gecko) Chrome/143.0.0.0 Safari/537.36 Edg/143.0.0.0"
115.76.50.202 - - [23/Dec/2025:00:18:21 +0700] "GET / HTTP/2.0" 302 406 "https://erp.nhatnamsst.com/cms/purchase-order/show/2" "Mozilla/5.0 (Windows NT 10.0; Win64; x64) AppleWebKit/537.36 (KHTML, like Gecko) Chrome/143.0.0.0 Safari/537.36 Edg/143.0.0.0"
115.76.50.202 - - [23/Dec/2025:00:18:21 +0700] "GET /cms/dashboard HTTP/2.0" 200 3507 "https://erp.nhatnamsst.com/cms/purchase-order/show/2" "Mozilla/5.0 (Windows NT 10.0; Win64; x64) AppleWebKit/537.36 (KHTML, like Gecko) Chrome/143.0.0.0 Safari/537.36 Edg/143.0.0.0"
42.116.117.207 - - [23/Dec/2025:00:18:22 +0700] "GET /cms/purchase-order HTTP/2.0" 200 6830 "https://erp.nhatnamsst.com/cms/purchase-order/show/2" "Mozilla/5.0 (Windows NT 10.0; Win64; x64) AppleWebKit/537.36 (KHTML, like Gecko) Chrome/143.0.0.0 Safari/537.36 Edg/143.0.0.0"
42.116.117.207 - - [23/Dec/2025:00:18:22 +0700] "GET / HTTP/2.0" 302 406 "https://erp.nhatnamsst.com/cms/purchase-order" "Mozilla/5.0 (Windows NT 10.0; Win64; x64) AppleWebKit/537.36 (KHTML, like Gecko) Chrome/143.0.0.0 Safari/537.36 Edg/143.0.0.0"
42.116.117.207 - - [23/Dec/2025:00:18:22 +0700] "GET /cms/purchase-order?draw=1&columns%5B0%5D%5Bdata%5D=po_number&columns%5B1%5D%5Bdata%5D=sale_id&columns%5B1%5D%5Borderable%5D=false&columns%5B2%5D%5Bdata%5D=customer_id&columns%5B2%5D%5Borderable%5D=false&columns%5B3%5D%5Bdata%5D=quote_request_id&columns%5B3%5D%5Borderable%5D=false&columns%5B4%5D%5Bdata%5D=po_date&columns%5B5%5D%5Bdata%5D=order_date&columns%5B6%5D%5Bdata%5D=total_po_price&columns%5B6%5D%5Borderable%5D=false&columns%5B7%5D%5Bdata%5D=status&columns%5B8%5D%5Bdata%5D=action&columns%5B8%5D%5Borderable%5D=false&order%5B0%5D%5Bcolumn%5D=0&order%5B0%5D%5Bdir%5D=desc&start=0&length=50&search%5Bvalue%5D=&_=1766423905686 HTTP/2.0" 200 2157 "https://erp.nhatnamsst.com/cms/purchase-order" "Mozilla/5.0 (Windows NT 10.0; Win64; x64) AppleWebKit/537.36 (KHTML, like Gecko) Chrome/143.0.0.0 Safari/537.36 Edg/143.0.0.0"
42.116.117.207 - - [23/Dec/2025:00:18:22 +0700] "GET /cms/dashboard HTTP/2.0" 200 3606 "https://erp.nhatnamsst.com/cms/purchase-order" "Mozilla/5.0 (Windows NT 10.0; Win64; x64) AppleWebKit/537.36 (KHTML, like Gecko) Chrome/143.0.0.0 Safari/537.36 Edg/143.0.0.0"
115.76.50.202 - - [23/Dec/2025:00:18:27 +0700] "GET /cms/purchase-order HTTP/2.0" 200 6698 "https://erp.nhatnamsst.com/cms/purchase-order/show/2" "Mozilla/5.0 (Windows NT 10.0; Win64; x64) AppleWebKit/537.36 (KHTML, like Gecko) Chrome/143.0.0.0 Safari/537.36 Edg/143.0.0.0"
115.76.50.202 - - [23/Dec/2025:00:18:27 +0700] "GET / HTTP/2.0" 302 406 "https://erp.nhatnamsst.com/cms/purchase-order" "Mozilla/5.0 (Windows NT 10.0; Win64; x64) AppleWebKit/537.36 (KHTML, like Gecko) Chrome/143.0.0.0 Safari/537.36 Edg/143.0.0.0"
115.76.50.202 - - [23/Dec/2025:00:18:27 +0700] "GET /cms/purchase-order?draw=1&columns%5B0%5D%5Bdata%5D=po_number&columns%5B1%5D%5Bdata%5D=sale_id&columns%5B1%5D%5Borderable%5D=false&columns%5B2%5D%5Bdata%5D=customer_id&columns%5B2%5D%5Borderable%5D=false&columns%5B3%5D%5Bdata%5D=quote_request_id&columns%5B3%5D%5Borderable%5D=false&columns%5B4%5D%5Bdata%5D=po_date&columns%5B5%5D%5Bdata%5D=order_date&columns%5B6%5D%5Bdata%5D=total_po_price&columns%5B6%5D%5Borderable%5D=false&columns%5B7%5D%5Bdata%5D=status&columns%5B8%5D%5Bdata%5D=action&columns%5B8%5D%5Borderable%5D=false&order%5B0%5D%5Bcolumn%5D=0&order%5B0%5D%5Bdir%5D=desc&start=0&length=50&search%5Bvalue%5D=&_=1766423907423 HTTP/2.0" 200 2069 "https://erp.nhatnamsst.com/cms/purchase-order" "Mozilla/5.0 (Windows NT 10.0; Win64; x64) AppleWebKit/537.36 (KHTML, like Gecko) Chrome/143.0.0.0 Safari/537.36 Edg/143.0.0.0"
115.76.50.202 - - [23/Dec/2025:00:18:28 +0700] "GET /cms/dashboard HTTP/2.0" 200 3507 "https://erp.nhatnamsst.com/cms/purchase-order" "Mozilla/5.0 (Windows NT 10.0; Win64; x64) AppleWebKit/537.36 (KHTML, like Gecko) Chrome/143.0.0.0 Safari/537.36 Edg/143.0.0.0"
42.116.117.207 - - [23/Dec/2025:00:18:29 +0700] "GET /cms/purchase-order/show/2 HTTP/2.0" 200 8028 "https://erp.nhatnamsst.com/cms/purchase-order" "Mozilla/5.0 (Windows NT 10.0; Win64; x64) AppleWebKit/537.36 (KHTML, like Gecko) Chrome/143.0.0.0 Safari/537.36 Edg/143.0.0.0"
42.116.117.207 - - [23/Dec/2025:00:18:30 +0700] "GET / HTTP/2.0" 302 406 "https://erp.nhatnamsst.com/cms/purchase-order/show/2" "Mozilla/5.0 (Windows NT 10.0; Win64; x64) AppleWebKit/537.36 (KHTML, like Gecko) Chrome/143.0.0.0 Safari/537.36 Edg/143.0.0.0"
42.116.117.207 - - [23/Dec/2025:00:18:30 +0700] "GET /cms/dashboard HTTP/2.0" 200 3606 "https://erp.nhatnamsst.com/cms/purchase-order/show/2" "Mozilla/5.0 (Windows NT 10.0; Win64; x64) AppleWebKit/537.36 (KHTML, like Gecko) Chrome/143.0.0.0 Safari/537.36 Edg/143.0.0.0"
42.116.117.207 - - [23/Dec/2025:00:18:37 +0700] "POST /cms/purchase-order/2/sale-request-invoice HTTP/2.0" 200 95 "https://erp.nhatnamsst.com/cms/purchase-order/show/2" "Mozilla/5.0 (Windows NT 10.0; Win64; x64) AppleWebKit/537.36 (KHTML, like Gecko) Chrome/143.0.0.0 Safari/537.36 Edg/143.0.0.0"
40.77.167.56 - - [23/Dec/2025:00:18:37 +0700] "GET /hop-am/puff-the-magic-dragon-lived-by-the-sea-6434 HTTP/2.0" 404 548 "-" "Mozilla/5.0 AppleWebKit/537.36 (KHTML, like Gecko; compatible; bingbot/2.0; +http://www.bing.com/bingbot.htm) Chrome/116.0.1938.76 Safari/537.36"
42.116.117.207 - - [23/Dec/2025:00:18:37 +0700] "GET /cms/purchase-order/show/2 HTTP/2.0" 200 8000 "https://erp.nhatnamsst.com/cms/purchase-order/show/2" "Mozilla/5.0 (Windows NT 10.0; Win64; x64) AppleWebKit/537.36 (KHTML, like Gecko) Chrome/143.0.0.0 Safari/537.36 Edg/143.0.0.0"
42.116.117.207 - - [23/Dec/2025:00:18:37 +0700] "GET / HTTP/2.0" 302 406 "https://erp.nhatnamsst.com/cms/purchase-order/show/2" "Mozilla/5.0 (Windows NT 10.0; Win64; x64) AppleWebKit/537.36 (KHTML, like Gecko) Chrome/143.0.0.0 Safari/537.36 Edg/143.0.0.0"
42.116.117.207 - - [23/Dec/2025:00:18:37 +0700] "GET /cms/dashboard HTTP/2.0" 200 3606 "https://erp.nhatnamsst.com/cms/purchase-order/show/2" "Mozilla/5.0 (Windows NT 10.0; Win64; x64) AppleWebKit/537.36 (KHTML, like Gecko) Chrome/143.0.0.0 Safari/537.36 Edg/143.0.0.0"
42.116.117.207 - - [23/Dec/2025:00:18:39 +0700] "GET /cms/purchase-order HTTP/2.0" 200 6830 "https://erp.nhatnamsst.com/cms/purchase-order/show/2" "Mozilla/5.0 (Windows NT 10.0; Win64; x64) AppleWebKit/537.36 (KHTML, like Gecko) Chrome/143.0.0.0 Safari/537.36 Edg/143.0.0.0"
42.116.117.207 - - [23/Dec/2025:00:18:40 +0700] "GET / HTTP/2.0" 302 406 "https://erp.nhatnamsst.com/cms/purchase-order" "Mozilla/5.0 (Windows NT 10.0; Win64; x64) AppleWebKit/537.36 (KHTML, like Gecko) Chrome/143.0.0.0 Safari/537.36 Edg/143.0.0.0"
42.116.117.207 - - [23/Dec/2025:00:18:40 +0700] "GET /cms/purchase-order?draw=1&columns%5B0%5D%5Bdata%5D=po_number&columns%5B1%5D%5Bdata%5D=sale_id&columns%5B1%5D%5Borderable%5D=false&columns%5B2%5D%5Bdata%5D=customer_id&columns%5B2%5D%5Borderable%5D=false&columns%5B3%5D%5Bdata%5D=quote_request_id&columns%5B3%5D%5Borderable%5D=false&columns%5B4%5D%5Bdata%5D=po_date&columns%5B5%5D%5Bdata%5D=order_date&columns%5B6%5D%5Bdata%5D=total_po_price&columns%5B6%5D%5Borderable%5D=false&columns%5B7%5D%5Bdata%5D=status&columns%5B8%5D%5Bdata%5D=action&columns%5B8%5D%5Borderable%5D=false&order%5B0%5D%5Bcolumn%5D=0&order%5B0%5D%5Bdir%5D=desc&start=0&length=50&search%5Bvalue%5D=&_=1766423923132 HTTP/2.0" 200 2163 "https://erp.nhatnamsst.com/cms/purchase-order" "Mozilla/5.0 (Windows NT 10.0; Win64; x64) AppleWebKit/537.36 (KHTML, like Gecko) Chrome/143.0.0.0 Safari/537.36 Edg/143.0.0.0"
42.116.117.207 - - [23/Dec/2025:00:18:40 +0700] "GET /cms/dashboard HTTP/2.0" 200 3606 "https://erp.nhatnamsst.com/cms/purchase-order" "Mozilla/5.0 (Windows NT 10.0; Win64; x64) AppleWebKit/537.36 (KHTML, like Gecko) Chrome/143.0.0.0 Safari/537.36 Edg/143.0.0.0"
115.76.50.202 - - [23/Dec/2025:00:18:41 +0700] "GET /cms/purchase-order/show/2 HTTP/2.0" 200 7299 "https://erp.nhatnamsst.com/cms/purchase-order" "Mozilla/5.0 (Windows NT 10.0; Win64; x64) AppleWebKit/537.36 (KHTML, like Gecko) Chrome/143.0.0.0 Safari/537.36 Edg/143.0.0.0"
115.76.50.202 - - [23/Dec/2025:00:18:42 +0700] "GET / HTTP/2.0" 302 406 "https://erp.nhatnamsst.com/cms/purchase-order/show/2" "Mozilla/5.0 (Windows NT 10.0; Win64; x64) AppleWebKit/537.36 (KHTML, like Gecko) Chrome/143.0.0.0 Safari/537.36 Edg/143.0.0.0"
115.76.50.202 - - [23/Dec/2025:00:18:42 +0700] "GET /cms/dashboard HTTP/2.0" 200 3507 "https://erp.nhatnamsst.com/cms/purchase-order/show/2" "Mozilla/5.0 (Windows NT 10.0; Win64; x64) AppleWebKit/537.36 (KHTML, like Gecko) Chrome/143.0.0.0 Safari/537.36 Edg/143.0.0.0"
124.156.133.231 - - [23/Dec/2025:00:18:44 +0700] "GET /hop-am/lac-buoc-19733 HTTP/2.0" 404 548 "https://thuvienhopam.com/hop-am/lac-buoc-19733" "Mozilla/5.0 (Macintosh; Intel Mac OS X 10_15_7) AppleWebKit/537.36 (KHTML, like Gecko) Chrome/119.0.0.0 Safari/537.36"
85.208.96.200 - - [23/Dec/2025:00:18:45 +0700] "GET /hop-am/loi-noi-to-duyen-16095 HTTP/1.1" 404 146 "-" "Mozilla/5.0 (compatible; SemrushBot/7~bl; +http://www.semrush.com/bot.html)"
115.76.50.202 - - [23/Dec/2025:00:18:47 +0700] "GET /cms/quote-request HTTP/2.0" 200 6931 "https://erp.nhatnamsst.com/cms/purchase-order/show/2" "Mozilla/5.0 (Windows NT 10.0; Win64; x64) AppleWebKit/537.36 (KHTML, like Gecko) Chrome/143.0.0.0 Safari/537.36 Edg/143.0.0.0"
115.76.50.202 - - [23/Dec/2025:00:18:48 +0700] "GET / HTTP/2.0" 302 406 "https://erp.nhatnamsst.com/cms/quote-request" "Mozilla/5.0 (Windows NT 10.0; Win64; x64) AppleWebKit/537.36 (KHTML, like Gecko) Chrome/143.0.0.0 Safari/537.36 Edg/143.0.0.0"
115.76.50.202 - - [23/Dec/2025:00:18:48 +0700] "GET /cms/quote-request?draw=1&columns%5B0%5D%5Bdata%5D=code&columns%5B1%5D%5Bdata%5D=sale_id&columns%5B1%5D%5Borderable%5D=false&columns%5B2%5D%5Bdata%5D=brand_id&columns%5B2%5D%5Borderable%5D=false&columns%5B3%5D%5Bdata%5D=customer_id&columns%5B3%5D%5Borderable%5D=false&columns%5B4%5D%5Bdata%5D=customer_type&columns%5B4%5D%5Borderable%5D=false&columns%5B5%5D%5Bdata%5D=request_date&columns%5B6%5D%5Bdata%5D=manager&columns%5B6%5D%5Borderable%5D=false&columns%5B7%5D%5Bdata%5D=status&columns%5B8%5D%5Bdata%5D=action&columns%5B8%5D%5Borderable%5D=false&order%5B0%5D%5Bcolumn%5D=0&order%5B0%5D%5Bdir%5D=desc&start=0&length=50&search%5Bvalue%5D=&_=1766423927723 HTTP/2.0" 200 2683 "https://erp.nhatnamsst.com/cms/quote-request" "Mozilla/5.0 (Windows NT 10.0; Win64; x64) AppleWebKit/537.36 (KHTML, like Gecko) Chrome/143.0.0.0 Safari/537.36 Edg/143.0.0.0"
