42.116.117.207 - - [23/Dec/2025:00:07:34 +0700] "GET /cms/quote-request?draw=1&columns%5B0%5D%5Bdata%5D=code&columns%5B1%5D%5Bdata%5D=sale_id&columns%5B1%5D%5Borderable%5D=false&columns%5B2%5D%5Bdata%5D=brand_id&columns%5B2%5D%5Borderable%5D=false&columns%5B3%5D%5Bdata%5D=customer_id&columns%5B3%5D%5Borderable%5D=false&columns%5B4%5D%5Bdata%5D=customer_type&columns%5B4%5D%5Borderable%5D=false&columns%5B5%5D%5Bdata%5D=request_date&columns%5B6%5D%5Bdata%5D=manager&columns%5B6%5D%5Borderable%5D=false&columns%5B7%5D%5Bdata%5D=status&columns%5B8%5D%5Bdata%5D=action&columns%5B8%5D%5Borderable%5D=false&order%5B0%5D%5Bcolumn%5D=0&order%5B0%5D%5Bdir%5D=desc&start=0&length=50&search%5Bvalue%5D=&_=1766423257253 HTTP/2.0" 200 2766 "https://erp.nhatnamsst.com/cms/quote-request" "Mozilla/5.0 (Windows NT 10.0; Win64; x64) AppleWebKit/537.36 (KHTML, like Gecko) Chrome/143.0.0.0 Safari/537.36 Edg/143.0.0.0"
42.116.117.207 - - [23/Dec/2025:00:07:34 +0700] "GET /cms/dashboard HTTP/2.0" 200 3606 "https://erp.nhatnamsst.com/cms/quote-request" "Mozilla/5.0 (Windows NT 10.0; Win64; x64) AppleWebKit/537.36 (KHTML, like Gecko) Chrome/143.0.0.0 Safari/537.36 Edg/143.0.0.0"
44.195.145.102 - - [23/Dec/2025:00:07:37 +0700] "GET /hop-am/sang-tac/nguyen-quoc-hoc-5713?page=1 HTTP/1.1" 404 548 "-" "Mozilla/5.0 AppleWebKit/537.36 (KHTML, like Gecko; compatible; Amazonbot/0.1; +https://developer.amazon.com/support/amazonbot) Chrome/119.0.6045.214 Safari/537.36"
185.191.171.2 - - [23/Dec/2025:00:07:38 +0700] "GET /hop-am/hanh-ly-tren-tay-13735 HTTP/1.1" 404 146 "-" "Mozilla/5.0 (compatible; SemrushBot/7~bl; +http://www.semrush.com/bot.html)"
42.116.117.207 - - [23/Dec/2025:00:07:38 +0700] "GET /cms/quote-request/show/12 HTTP/2.0" 200 19719 "https://erp.nhatnamsst.com/cms/quote-request" "Mozilla/5.0 (Windows NT 10.0; Win64; x64) AppleWebKit/537.36 (KHTML, like Gecko) Chrome/143.0.0.0 Safari/537.36 Edg/143.0.0.0"
42.116.117.207 - - [23/Dec/2025:00:07:39 +0700] "GET / HTTP/2.0" 302 406 "https://erp.nhatnamsst.com/cms/quote-request/show/12" "Mozilla/5.0 (Windows NT 10.0; Win64; x64) AppleWebKit/537.36 (KHTML, like Gecko) Chrome/143.0.0.0 Safari/537.36 Edg/143.0.0.0"
42.116.117.207 - - [23/Dec/2025:00:07:39 +0700] "GET /cms/dashboard HTTP/2.0" 200 3606 "https://erp.nhatnamsst.com/cms/quote-request/show/12" "Mozilla/5.0 (Windows NT 10.0; Win64; x64) AppleWebKit/537.36 (KHTML, like Gecko) Chrome/143.0.0.0 Safari/537.36 Edg/143.0.0.0"
52.45.194.165 - - [23/Dec/2025:00:07:41 +0700] "GET /hop-am/sang-tac/ngo-tran-nguyen-1968?page=1 HTTP/1.1" 404 548 "-" "Mozilla/5.0 AppleWebKit/537.36 (KHTML, like Gecko; compatible; Amazonbot/0.1; +https://developer.amazon.com/support/amazonbot) Chrome/119.0.6045.214 Safari/537.36"
17.246.19.8 - - [23/Dec/2025:00:07:43 +0700] "GET /hop-am/ca-si/nguyen-thao HTTP/1.1" 404 146 "-" "Mozilla/5.0 (Macintosh; Intel Mac OS X 10_15_7) AppleWebKit/605.1.15 (KHTML, like Gecko) Version/17.4 Safari/605.1.15 (Applebot/0.1; +http://www.apple.com/go/applebot)"
34.235.239.240 - - [23/Dec/2025:00:07:45 +0700] "GET /hop-am/toa-do-tinh-yeu-22727 HTTP/1.1" 404 548 "-" "Mozilla/5.0 AppleWebKit/537.36 (KHTML, like Gecko; compatible; Amazonbot/0.1; +https://developer.amazon.com/support/amazonbot) Chrome/119.0.6045.214 Safari/537.36"
107.20.224.184 - - [23/Dec/2025:00:07:49 +0700] "GET /hop-am/hoai-niem-xa-xoi-33181 HTTP/1.1" 404 548 "-" "Mozilla/5.0 AppleWebKit/537.36 (KHTML, like Gecko; compatible; Amazonbot/0.1; +https://developer.amazon.com/support/amazonbot) Chrome/119.0.6045.214 Safari/537.36"
115.76.50.202 - - [23/Dec/2025:00:07:50 +0700] "GET /cms/quote-request HTTP/2.0" 200 7168 "https://erp.nhatnamsst.com/cms/quote-request" "Mozilla/5.0 (Windows NT 10.0; Win64; x64) AppleWebKit/537.36 (KHTML, like Gecko) Chrome/143.0.0.0 Safari/537.36 Edg/143.0.0.0"
17.241.75.16 - - [23/Dec/2025:00:07:50 +0700] "GET /hop-am/ca-si/bang-chau-amp-truong-hai HTTP/1.1" 404 146 "-" "Mozilla/5.0 (Macintosh; Intel Mac OS X 10_15_7) AppleWebKit/605.1.15 (KHTML, like Gecko) Version/17.4 Safari/605.1.15 (Applebot/0.1; +http://www.apple.com/go/applebot)"
115.76.50.202 - - [23/Dec/2025:00:07:51 +0700] "GET / HTTP/2.0" 302 406 "https://erp.nhatnamsst.com/cms/quote-request" "Mozilla/5.0 (Windows NT 10.0; Win64; x64) AppleWebKit/537.36 (KHTML, like Gecko) Chrome/143.0.0.0 Safari/537.36 Edg/143.0.0.0"
115.76.50.202 - - [23/Dec/2025:00:07:51 +0700] "GET /cms/quote-request?draw=1&columns%5B0%5D%5Bdata%5D=code&columns%5B1%5D%5Bdata%5D=sale_id&columns%5B1%5D%5Borderable%5D=false&columns%5B2%5D%5Bdata%5D=brand_id&columns%5B2%5D%5Borderable%5D=false&columns%5B3%5D%5Bdata%5D=customer_id&columns%5B3%5D%5Borderable%5D=false&columns%5B4%5D%5Bdata%5D=customer_type&columns%5B4%5D%5Borderable%5D=false&columns%5B5%5D%5Bdata%5D=request_date&columns%5B6%5D%5Bdata%5D=inters&columns%5B6%5D%5Borderable%5D=false&columns%5B7%5D%5Bdata%5D=manager&columns%5B7%5D%5Borderable%5D=false&columns%5B8%5D%5Bdata%5D=status&columns%5B9%5D%5Bdata%5D=action&columns%5B9%5D%5Borderable%5D=false&order%5B0%5D%5Bcolumn%5D=0&order%5B0%5D%5Bdir%5D=desc&start=0&length=50&search%5Bvalue%5D=&_=1766423270786 HTTP/2.0" 200 2454 "https://erp.nhatnamsst.com/cms/quote-request" "Mozilla/5.0 (Windows NT 10.0; Win64; x64) AppleWebKit/537.36 (KHTML, like Gecko) Chrome/143.0.0.0 Safari/537.36 Edg/143.0.0.0"
115.76.50.202 - - [23/Dec/2025:00:07:51 +0700] "GET /cms/dashboard HTTP/2.0" 200 3673 "https://erp.nhatnamsst.com/cms/quote-request" "Mozilla/5.0 (Windows NT 10.0; Win64; x64) AppleWebKit/537.36 (KHTML, like Gecko) Chrome/143.0.0.0 Safari/537.36 Edg/143.0.0.0"
115.76.50.202 - - [23/Dec/2025:00:07:51 +0700] "GET / HTTP/2.0" 302 406 "https://erp.nhatnamsst.com/cms/quote-request" "Mozilla/5.0 (Windows NT 10.0; Win64; x64) AppleWebKit/537.36 (KHTML, like Gecko) Chrome/143.0.0.0 Safari/537.36 Edg/143.0.0.0"
115.76.50.202 - - [23/Dec/2025:00:07:51 +0700] "GET /cms/dashboard HTTP/2.0" 200 3673 "https://erp.nhatnamsst.com/cms/quote-request" "Mozilla/5.0 (Windows NT 10.0; Win64; x64) AppleWebKit/537.36 (KHTML, like Gecko) Chrome/143.0.0.0 Safari/537.36 Edg/143.0.0.0"
17.241.227.131 - - [23/Dec/2025:00:07:52 +0700] "GET /hop-am/ngay-cha-khong-con-nua-30523 HTTP/1.1" 404 146 "-" "Mozilla/5.0 (Macintosh; Intel Mac OS X 10_15_7) AppleWebKit/605.1.15 (KHTML, like Gecko) Version/17.4 Safari/605.1.15 (Applebot/0.1; +http://www.apple.com/go/applebot)"
52.70.138.176 - - [23/Dec/2025:00:07:53 +0700] "GET /hop-am/quynh-nhu-39859 HTTP/1.1" 404 548 "-" "Mozilla/5.0 AppleWebKit/537.36 (KHTML, like Gecko; compatible; Amazonbot/0.1; +https://developer.amazon.com/support/amazonbot) Chrome/119.0.6045.214 Safari/537.36"
52.3.26.180 - - [23/Dec/2025:00:07:57 +0700] "GET /hop-am/muon-kiep-van-vuong-17798 HTTP/1.1" 404 548 "-" "Mozilla/5.0 AppleWebKit/537.36 (KHTML, like Gecko; compatible; Amazonbot/0.1; +https://developer.amazon.com/support/amazonbot) Chrome/119.0.6045.214 Safari/537.36"
185.191.171.15 - - [23/Dec/2025:00:07:59 +0700] "GET /hop-am/em-la-bai-hat-trong-tim-anh-ni-shi-wo-xin-nei-de-yi-shou-ge-5827 HTTP/1.1" 404 146 "-" "Mozilla/5.0 (compatible; SemrushBot/7~bl; +http://www.semrush.com/bot.html)"
42.116.117.207 - - [23/Dec/2025:00:08:00 +0700] "POST /cms/quote-request/request-requote/12 HTTP/2.0" 200 148 "https://erp.nhatnamsst.com/cms/quote-request/show/12" "Mozilla/5.0 (Windows NT 10.0; Win64; x64) AppleWebKit/537.36 (KHTML, like Gecko) Chrome/143.0.0.0 Safari/537.36 Edg/143.0.0.0"
52.71.216.196 - - [23/Dec/2025:00:08:01 +0700] "GET /hop-am/ngay-em-khong-den-17729 HTTP/1.1" 404 548 "-" "Mozilla/5.0 AppleWebKit/537.36 (KHTML, like Gecko; compatible; Amazonbot/0.1; +https://developer.amazon.com/support/amazonbot) Chrome/119.0.6045.214 Safari/537.36"
42.116.117.207 - - [23/Dec/2025:00:08:01 +0700] "GET /cms/quote-request/show/12 HTTP/2.0" 200 19583 "https://erp.nhatnamsst.com/cms/quote-request/show/12" "Mozilla/5.0 (Windows NT 10.0; Win64; x64) AppleWebKit/537.36 (KHTML, like Gecko) Chrome/143.0.0.0 Safari/537.36 Edg/143.0.0.0"
42.116.117.207 - - [23/Dec/2025:00:08:02 +0700] "GET / HTTP/2.0" 302 406 "https://erp.nhatnamsst.com/cms/quote-request/show/12" "Mozilla/5.0 (Windows NT 10.0; Win64; x64) AppleWebKit/537.36 (KHTML, like Gecko) Chrome/143.0.0.0 Safari/537.36 Edg/143.0.0.0"
42.116.117.207 - - [23/Dec/2025:00:08:02 +0700] "GET /cms/dashboard HTTP/2.0" 200 3606 "https://erp.nhatnamsst.com/cms/quote-request/show/12" "Mozilla/5.0 (Windows NT 10.0; Win64; x64) AppleWebKit/537.36 (KHTML, like Gecko) Chrome/143.0.0.0 Safari/537.36 Edg/143.0.0.0"
42.116.117.207 - - [23/Dec/2025:00:08:03 +0700] "GET /cms/quote-request HTTP/2.0" 200 7060 "https://erp.nhatnamsst.com/cms/quote-request/show/12" "Mozilla/5.0 (Windows NT 10.0; Win64; x64) AppleWebKit/537.36 (KHTML, like Gecko) Chrome/143.0.0.0 Safari/537.36 Edg/143.0.0.0"
42.116.117.207 - - [23/Dec/2025:00:08:03 +0700] "GET / HTTP/2.0" 302 406 "https://erp.nhatnamsst.com/cms/quote-request" "Mozilla/5.0 (Windows NT 10.0; Win64; x64) AppleWebKit/537.36 (KHTML, like Gecko) Chrome/143.0.0.0 Safari/537.36 Edg/143.0.0.0"
42.116.117.207 - - [23/Dec/2025:00:08:03 +0700] "GET /cms/quote-request?draw=1&columns%5B0%5D%5Bdata%5D=code&columns%5B1%5D%5Bdata%5D=sale_id&columns%5B1%5D%5Borderable%5D=false&columns%5B2%5D%5Bdata%5D=brand_id&columns%5B2%5D%5Borderable%5D=false&columns%5B3%5D%5Bdata%5D=customer_id&columns%5B3%5D%5Borderable%5D=false&columns%5B4%5D%5Bdata%5D=customer_type&columns%5B4%5D%5Borderable%5D=false&columns%5B5%5D%5Bdata%5D=request_date&columns%5B6%5D%5Bdata%5D=manager&columns%5B6%5D%5Borderable%5D=false&columns%5B7%5D%5Bdata%5D=status&columns%5B8%5D%5Bdata%5D=action&columns%5B8%5D%5Borderable%5D=false&order%5B0%5D%5Bcolumn%5D=0&order%5B0%5D%5Bdir%5D=desc&start=0&length=50&search%5Bvalue%5D=&_=1766423286493 HTTP/2.0" 200 2816 "https://erp.nhatnamsst.com/cms/quote-request" "Mozilla/5.0 (Windows NT 10.0; Win64; x64) AppleWebKit/537.36 (KHTML, like Gecko) Chrome/143.0.0.0 Safari/537.36 Edg/143.0.0.0"
42.116.117.207 - - [23/Dec/2025:00:08:03 +0700] "GET /cms/dashboard HTTP/2.0" 200 3606 "https://erp.nhatnamsst.com/cms/quote-request" "Mozilla/5.0 (Windows NT 10.0; Win64; x64) AppleWebKit/537.36 (KHTML, like Gecko) Chrome/143.0.0.0 Safari/537.36 Edg/143.0.0.0"
34.194.165.45 - - [23/Dec/2025:00:08:05 +0700] "GET /hop-am/sang-tac/duy-le-3424?page=2 HTTP/1.1" 404 548 "-" "Mozilla/5.0 AppleWebKit/537.36 (KHTML, like Gecko; compatible; Amazonbot/0.1; +https://developer.amazon.com/support/amazonbot) Chrome/119.0.6045.214 Safari/537.36"
115.76.50.202 - - [23/Dec/2025:00:08:08 +0700] "GET /cms/quote-request HTTP/2.0" 200 7116 "https://erp.nhatnamsst.com/cms/quote-request/show/12" "Mozilla/5.0 (Windows NT 10.0; Win64; x64) AppleWebKit/537.36 (KHTML, like Gecko) Chrome/143.0.0.0 Safari/537.36 Edg/143.0.0.0"
115.76.50.202 - - [23/Dec/2025:00:08:08 +0700] "GET / HTTP/2.0" 302 406 "https://erp.nhatnamsst.com/cms/quote-request" "Mozilla/5.0 (Windows NT 10.0; Win64; x64) AppleWebKit/537.36 (KHTML, like Gecko) Chrome/143.0.0.0 Safari/537.36 Edg/143.0.0.0"
115.76.50.202 - - [23/Dec/2025:00:08:08 +0700] "GET /cms/quote-request?draw=1&columns%5B0%5D%5Bdata%5D=code&columns%5B1%5D%5Bdata%5D=sale_id&columns%5B1%5D%5Borderable%5D=false&columns%5B2%5D%5Bdata%5D=brand_id&columns%5B2%5D%5Borderable%5D=false&columns%5B3%5D%5Bdata%5D=customer_id&columns%5B3%5D%5Borderable%5D=false&columns%5B4%5D%5Bdata%5D=customer_type&columns%5B4%5D%5Borderable%5D=false&columns%5B5%5D%5Bdata%5D=request_date&columns%5B6%5D%5Bdata%5D=inters&columns%5B6%5D%5Borderable%5D=false&columns%5B7%5D%5Bdata%5D=manager&columns%5B7%5D%5Borderable%5D=false&columns%5B8%5D%5Bdata%5D=status&columns%5B9%5D%5Bdata%5D=action&columns%5B9%5D%5Borderable%5D=false&order%5B0%5D%5Bcolumn%5D=0&order%5B0%5D%5Bdir%5D=desc&start=0&length=50&search%5Bvalue%5D=&_=1766423288004 HTTP/2.0" 200 2507 "https://erp.nhatnamsst.com/cms/quote-request" "Mozilla/5.0 (Windows NT 10.0; Win64; x64) AppleWebKit/537.36 (KHTML, like Gecko) Chrome/143.0.0.0 Safari/537.36 Edg/143.0.0.0"
115.76.50.202 - - [23/Dec/2025:00:08:08 +0700] "GET /cms/dashboard HTTP/2.0" 200 3619 "https://erp.nhatnamsst.com/cms/quote-request" "Mozilla/5.0 (Windows NT 10.0; Win64; x64) AppleWebKit/537.36 (KHTML, like Gecko) Chrome/143.0.0.0 Safari/537.36 Edg/143.0.0.0"
52.1.157.90 - - [23/Dec/2025:00:08:09 +0700] "GET /hop-am/loi-tinh-muon-35719 HTTP/1.1" 404 548 "-" "Mozilla/5.0 AppleWebKit/537.36 (KHTML, like Gecko; compatible; Amazonbot/0.1; +https://developer.amazon.com/support/amazonbot) Chrome/119.0.6045.214 Safari/537.36"
115.76.50.202 - - [23/Dec/2025:00:08:12 +0700] "GET /cms/quote-request/show/12 HTTP/2.0" 200 19878 "https://erp.nhatnamsst.com/cms/quote-request" "Mozilla/5.0 (Windows NT 10.0; Win64; x64) AppleWebKit/537.36 (KHTML, like Gecko) Chrome/143.0.0.0 Safari/537.36 Edg/143.0.0.0"
115.76.50.202 - - [23/Dec/2025:00:08:12 +0700] "GET / HTTP/2.0" 302 406 "https://erp.nhatnamsst.com/cms/quote-request/show/12" "Mozilla/5.0 (Windows NT 10.0; Win64; x64) AppleWebKit/537.36 (KHTML, like Gecko) Chrome/143.0.0.0 Safari/537.36 Edg/143.0.0.0"
115.76.50.202 - - [23/Dec/2025:00:08:12 +0700] "GET /cms/dashboard HTTP/2.0" 200 3619 "https://erp.nhatnamsst.com/cms/quote-request/show/12" "Mozilla/5.0 (Windows NT 10.0; Win64; x64) AppleWebKit/537.36 (KHTML, like Gecko) Chrome/143.0.0.0 Safari/537.36 Edg/143.0.0.0"
44.208.193.63 - - [23/Dec/2025:00:08:13 +0700] "GET /hop-am/hen-ho-nhung-khong-yeu-12723 HTTP/1.1" 404 548 "-" "Mozilla/5.0 AppleWebKit/537.36 (KHTML, like Gecko; compatible; Amazonbot/0.1; +https://developer.amazon.com/support/amazonbot) Chrome/119.0.6045.214 Safari/537.36"
185.191.171.14 - - [23/Dec/2025:00:08:16 +0700] "GET /hop-am/nang-day-thi-33110 HTTP/1.1" 404 146 "-" "Mozilla/5.0 (compatible; SemrushBot/7~bl; +http://www.semrush.com/bot.html)"
44.194.134.53 - - [23/Dec/2025:00:08:17 +0700] "GET /hop-am/ngo-chang-tan-phai-32780 HTTP/1.1" 404 548 "-" "Mozilla/5.0 AppleWebKit/537.36 (KHTML, like Gecko; compatible; Amazonbot/0.1; +https://developer.amazon.com/support/amazonbot) Chrome/119.0.6045.214 Safari/537.36"
100.28.118.16 - - [23/Dec/2025:00:08:21 +0700] "GET /hop-am/xuan-nay-vang-me-31385 HTTP/1.1" 404 548 "-" "Mozilla/5.0 AppleWebKit/537.36 (KHTML, like Gecko; compatible; Amazonbot/0.1; +https://developer.amazon.com/support/amazonbot) Chrome/119.0.6045.214 Safari/537.36"
34.239.197.197 - - [23/Dec/2025:00:08:25 +0700] "GET /hop-am/sang-tac/long-hoang-le-4653?page=2 HTTP/1.1" 404 548 "-" "Mozilla/5.0 AppleWebKit/537.36 (KHTML, like Gecko; compatible; Amazonbot/0.1; +https://developer.amazon.com/support/amazonbot) Chrome/119.0.6045.214 Safari/537.36"
184.73.195.18 - - [23/Dec/2025:00:08:29 +0700] "GET /hop-am/xuan-muon-noi-31719 HTTP/1.1" 404 548 "-" "Mozilla/5.0 AppleWebKit/537.36 (KHTML, like Gecko; compatible; Amazonbot/0.1; +https://developer.amazon.com/support/amazonbot) Chrome/119.0.6045.214 Safari/537.36"
34.233.219.155 - - [23/Dec/2025:00:08:33 +0700] "GET /hop-am/gia-nhu-la-nguoi-la-17135 HTTP/1.1" 404 548 "-" "Mozilla/5.0 AppleWebKit/537.36 (KHTML, like Gecko; compatible; Amazonbot/0.1; +https://developer.amazon.com/support/amazonbot) Chrome/119.0.6045.214 Safari/537.36"
35.174.141.243 - - [23/Dec/2025:00:08:37 +0700] "GET /hop-am/sang-tac/ha-manh-tu-8278?page=2 HTTP/1.1" 404 548 "-" "Mozilla/5.0 AppleWebKit/537.36 (KHTML, like Gecko; compatible; Amazonbot/0.1; +https://developer.amazon.com/support/amazonbot) Chrome/119.0.6045.214 Safari/537.36"
34.234.206.30 - - [23/Dec/2025:00:08:41 +0700] "GET /hop-am/sang-tac/huynh-chuong-6951 HTTP/1.1" 404 548 "-" "Mozilla/5.0 AppleWebKit/537.36 (KHTML, like Gecko; compatible; Amazonbot/0.1; +https://developer.amazon.com/support/amazonbot) Chrome/119.0.6045.214 Safari/537.36"
185.191.171.9 - - [23/Dec/2025:00:08:43 +0700] "GET /hop-am/uoc-mot-ngay-19214 HTTP/1.1" 404 146 "-" "Mozilla/5.0 (compatible; SemrushBot/7~bl; +http://www.semrush.com/bot.html)"
85.208.96.199 - - [23/Dec/2025:00:08:46 +0700] "GET /hop-am/yeu-anh-em-nhe-26868 HTTP/1.1" 404 146 "-" "Mozilla/5.0 (compatible; SemrushBot/7~bl; +http://www.semrush.com/bot.html)"
185.191.171.3 - - [23/Dec/2025:00:08:48 +0700] "GET /hop-am/cau-the-biet-ly-30631 HTTP/1.1" 404 146 "-" "Mozilla/5.0 (compatible; SemrushBot/7~bl; +http://www.semrush.com/bot.html)"
85.208.96.198 - - [23/Dec/2025:00:08:51 +0700] "GET /hop-am/lien-khuc-bien-tinh-9923 HTTP/1.1" 404 146 "-" "Mozilla/5.0 (compatible; SemrushBot/7~bl; +http://www.semrush.com/bot.html)"
85.208.96.209 - - [23/Dec/2025:00:08:54 +0700] "GET /hop-am/tinh-nguoi-cu-lao-5070 HTTP/1.1" 404 146 "-" "Mozilla/5.0 (compatible; SemrushBot/7~bl; +http://www.semrush.com/bot.html)"
85.208.96.208 - - [23/Dec/2025:00:08:57 +0700] "GET /hop-am/tu-thich-thich-thanh-thuong-thuong-18467 HTTP/1.1" 404 146 "-" "Mozilla/5.0 (compatible; SemrushBot/7~bl; +http://www.semrush.com/bot.html)"
115.76.50.202 - - [23/Dec/2025:00:08:57 +0700] "POST /cms/quote-request/update-leader-details/12 HTTP/2.0" 200 79 "https://erp.nhatnamsst.com/cms/quote-request/show/12" "Mozilla/5.0 (Windows NT 10.0; Win64; x64) AppleWebKit/537.36 (KHTML, like Gecko) Chrome/143.0.0.0 Safari/537.36 Edg/143.0.0.0"
115.76.50.202 - - [23/Dec/2025:00:08:58 +0700] "GET /cms/quote-request/show/12 HTTP/2.0" 200 19874 "https://erp.nhatnamsst.com/cms/quote-request/show/12" "Mozilla/5.0 (Windows NT 10.0; Win64; x64) AppleWebKit/537.36 (KHTML, like Gecko) Chrome/143.0.0.0 Safari/537.36 Edg/143.0.0.0"
115.76.50.202 - - [23/Dec/2025:00:08:59 +0700] "GET / HTTP/2.0" 302 406 "https://erp.nhatnamsst.com/cms/quote-request/show/12" "Mozilla/5.0 (Windows NT 10.0; Win64; x64) AppleWebKit/537.36 (KHTML, like Gecko) Chrome/143.0.0.0 Safari/537.36 Edg/143.0.0.0"
115.76.50.202 - - [23/Dec/2025:00:08:59 +0700] "GET /cms/dashboard HTTP/2.0" 200 3619 "https://erp.nhatnamsst.com/cms/quote-request/show/12" "Mozilla/5.0 (Windows NT 10.0; Win64; x64) AppleWebKit/537.36 (KHTML, like Gecko) Chrome/143.0.0.0 Safari/537.36 Edg/143.0.0.0"
115.76.50.202 - - [23/Dec/2025:00:09:02 +0700] "POST /cms/quote-request/mark-quoted-to-sale/12 HTTP/2.0" 200 148 "https://erp.nhatnamsst.com/cms/quote-request/show/12" "Mozilla/5.0 (Windows NT 10.0; Win64; x64) AppleWebKit/537.36 (KHTML, like Gecko) Chrome/143.0.0.0 Safari/537.36 Edg/143.0.0.0"
115.76.50.202 - - [23/Dec/2025:00:09:03 +0700] "GET /cms/quote-request/show/12 HTTP/2.0" 200 20015 "https://erp.nhatnamsst.com/cms/quote-request/show/12" "Mozilla/5.0 (Windows NT 10.0; Win64; x64) AppleWebKit/537.36 (KHTML, like Gecko) Chrome/143.0.0.0 Safari/537.36 Edg/143.0.0.0"
115.76.50.202 - - [23/Dec/2025:00:09:04 +0700] "GET / HTTP/2.0" 302 406 "https://erp.nhatnamsst.com/cms/quote-request/show/12" "Mozilla/5.0 (Windows NT 10.0; Win64; x64) AppleWebKit/537.36 (KHTML, like Gecko) Chrome/143.0.0.0 Safari/537.36 Edg/143.0.0.0"
115.76.50.202 - - [23/Dec/2025:00:09:04 +0700] "GET /cms/dashboard HTTP/2.0" 200 3619 "https://erp.nhatnamsst.com/cms/quote-request/show/12" "Mozilla/5.0 (Windows NT 10.0; Win64; x64) AppleWebKit/537.36 (KHTML, like Gecko) Chrome/143.0.0.0 Safari/537.36 Edg/143.0.0.0"
42.116.117.207 - - [23/Dec/2025:00:09:06 +0700] "GET /cms/quote-request HTTP/2.0" 200 7060 "https://erp.nhatnamsst.com/cms/quote-request/show/12" "Mozilla/5.0 (Windows NT 10.0; Win64; x64) AppleWebKit/537.36 (KHTML, like Gecko) Chrome/143.0.0.0 Safari/537.36 Edg/143.0.0.0"
42.116.117.207 - - [23/Dec/2025:00:09:06 +0700] "GET / HTTP/2.0" 302 406 "https://erp.nhatnamsst.com/cms/quote-request" "Mozilla/5.0 (Windows NT 10.0; Win64; x64) AppleWebKit/537.36 (KHTML, like Gecko) Chrome/143.0.0.0 Safari/537.36 Edg/143.0.0.0"
42.116.117.207 - - [23/Dec/2025:00:09:06 +0700] "GET /cms/quote-request?draw=1&columns%5B0%5D%5Bdata%5D=code&columns%5B1%5D%5Bdata%5D=sale_id&columns%5B1%5D%5Borderable%5D=false&columns%5B2%5D%5Bdata%5D=brand_id&columns%5B2%5D%5Borderable%5D=false&columns%5B3%5D%5Bdata%5D=customer_id&columns%5B3%5D%5Borderable%5D=false&columns%5B4%5D%5Bdata%5D=customer_type&columns%5B4%5D%5Borderable%5D=false&columns%5B5%5D%5Bdata%5D=request_date&columns%5B6%5D%5Bdata%5D=manager&columns%5B6%5D%5Borderable%5D=false&columns%5B7%5D%5Bdata%5D=status&columns%5B8%5D%5Bdata%5D=action&columns%5B8%5D%5Borderable%5D=false&order%5B0%5D%5Bcolumn%5D=0&order%5B0%5D%5Bdir%5D=desc&start=0&length=50&search%5Bvalue%5D=&_=1766423349468 HTTP/2.0" 200 2804 "https://erp.nhatnamsst.com/cms/quote-request" "Mozilla/5.0 (Windows NT 10.0; Win64; x64) AppleWebKit/537.36 (KHTML, like Gecko) Chrome/143.0.0.0 Safari/537.36 Edg/143.0.0.0"
42.116.117.207 - - [23/Dec/2025:00:09:06 +0700] "GET /cms/dashboard HTTP/2.0" 200 3606 "https://erp.nhatnamsst.com/cms/quote-request" "Mozilla/5.0 (Windows NT 10.0; Win64; x64) AppleWebKit/537.36 (KHTML, like Gecko) Chrome/143.0.0.0 Safari/537.36 Edg/143.0.0.0"
42.116.117.207 - - [23/Dec/2025:00:09:08 +0700] "GET /cms/quote-request/show/12 HTTP/2.0" 200 19785 "https://erp.nhatnamsst.com/cms/quote-request" "Mozilla/5.0 (Windows NT 10.0; Win64; x64) AppleWebKit/537.36 (KHTML, like Gecko) Chrome/143.0.0.0 Safari/537.36 Edg/143.0.0.0"
42.116.117.207 - - [23/Dec/2025:00:09:08 +0700] "GET / HTTP/2.0" 302 406 "https://erp.nhatnamsst.com/cms/quote-request/show/12" "Mozilla/5.0 (Windows NT 10.0; Win64; x64) AppleWebKit/537.36 (KHTML, like Gecko) Chrome/143.0.0.0 Safari/537.36 Edg/143.0.0.0"
42.116.117.207 - - [23/Dec/2025:00:09:09 +0700] "GET /cms/dashboard HTTP/2.0" 200 3606 "https://erp.nhatnamsst.com/cms/quote-request/show/12" "Mozilla/5.0 (Windows NT 10.0; Win64; x64) AppleWebKit/537.36 (KHTML, like Gecko) Chrome/143.0.0.0 Safari/537.36 Edg/143.0.0.0"
185.191.171.9 - - [23/Dec/2025:00:09:11 +0700] "GET /hop-am/loi-cuoi-tinh-yeu-da-roi-xa-ai-yi-li-kai-1621 HTTP/1.1" 404 146 "-" "Mozilla/5.0 (compatible; SemrushBot/7~bl; +http://www.semrush.com/bot.html)"
185.191.171.13 - - [23/Dec/2025:00:09:13 +0700] "GET /hop-am/chieu-que-4378 HTTP/1.1" 404 146 "-" "Mozilla/5.0 (compatible; SemrushBot/7~bl; +http://www.semrush.com/bot.html)"
85.208.96.206 - - [23/Dec/2025:00:09:17 +0700] "GET /hop-am/cham-lai-mot-phut-27483 HTTP/1.1" 404 146 "-" "Mozilla/5.0 (compatible; SemrushBot/7~bl; +http://www.semrush.com/bot.html)"
85.208.96.212 - - [23/Dec/2025:00:09:20 +0700] "GET /hop-am/em-toi-28803 HTTP/1.1" 404 146 "-" "Mozilla/5.0 (compatible; SemrushBot/7~bl; +http://www.semrush.com/bot.html)"
124.156.100.63 - - [23/Dec/2025:00:09:22 +0700] "GET /hop-am/thu-xa-gui-me-872 HTTP/2.0" 404 548 "https://thuvienhopam.com/hop-am/thu-xa-gui-me-872" "Mozilla/5.0 (Macintosh; Intel Mac OS X 10_15_7) AppleWebKit/537.36 (KHTML, like Gecko) Chrome/119.0.0.0 Safari/537.36"
42.116.117.207 - - [23/Dec/2025:00:09:22 +0700] "POST /cms/quote-request/mark-po-received/12 HTTP/2.0" 200 144 "https://erp.nhatnamsst.com/cms/quote-request/show/12" "Mozilla/5.0 (Windows NT 10.0; Win64; x64) AppleWebKit/537.36 (KHTML, like Gecko) Chrome/143.0.0.0 Safari/537.36 Edg/143.0.0.0"
42.116.117.207 - - [23/Dec/2025:00:09:23 +0700] "GET /cms/quote-request/show/12 HTTP/2.0" 200 19541 "https://erp.nhatnamsst.com/cms/quote-request/show/12" "Mozilla/5.0 (Windows NT 10.0; Win64; x64) AppleWebKit/537.36 (KHTML, like Gecko) Chrome/143.0.0.0 Safari/537.36 Edg/143.0.0.0"
42.116.117.207 - - [23/Dec/2025:00:09:23 +0700] "GET / HTTP/2.0" 302 406 "https://erp.nhatnamsst.com/cms/quote-request/show/12" "Mozilla/5.0 (Windows NT 10.0; Win64; x64) AppleWebKit/537.36 (KHTML, like Gecko) Chrome/143.0.0.0 Safari/537.36 Edg/143.0.0.0"
42.116.117.207 - - [23/Dec/2025:00:09:23 +0700] "GET /cms/dashboard HTTP/2.0" 200 3606 "https://erp.nhatnamsst.com/cms/quote-request/show/12" "Mozilla/5.0 (Windows NT 10.0; Win64; x64) AppleWebKit/537.36 (KHTML, like Gecko) Chrome/143.0.0.0 Safari/537.36 Edg/143.0.0.0"
42.116.117.207 - - [23/Dec/2025:00:09:25 +0700] "GET /cms/quote-request HTTP/2.0" 200 7060 "https://erp.nhatnamsst.com/cms/quote-request/show/12" "Mozilla/5.0 (Windows NT 10.0; Win64; x64) AppleWebKit/537.36 (KHTML, like Gecko) Chrome/143.0.0.0 Safari/537.36 Edg/143.0.0.0"
42.116.117.207 - - [23/Dec/2025:00:09:25 +0700] "GET / HTTP/2.0" 302 406 "https://erp.nhatnamsst.com/cms/quote-request" "Mozilla/5.0 (Windows NT 10.0; Win64; x64) AppleWebKit/537.36 (KHTML, like Gecko) Chrome/143.0.0.0 Safari/537.36 Edg/143.0.0.0"
115.76.50.202 - - [23/Dec/2025:00:09:25 +0700] "GET /cms/quote-request HTTP/2.0" 200 7116 "https://erp.nhatnamsst.com/cms/quote-request/show/12" "Mozilla/5.0 (Windows NT 10.0; Win64; x64) AppleWebKit/537.36 (KHTML, like Gecko) Chrome/143.0.0.0 Safari/537.36 Edg/143.0.0.0"
42.116.117.207 - - [23/Dec/2025:00:09:25 +0700] "GET /cms/quote-request?draw=1&columns%5B0%5D%5Bdata%5D=code&columns%5B1%5D%5Bdata%5D=sale_id&columns%5B1%5D%5Borderable%5D=false&columns%5B2%5D%5Bdata%5D=brand_id&columns%5B2%5D%5Borderable%5D=false&columns%5B3%5D%5Bdata%5D=customer_id&columns%5B3%5D%5Borderable%5D=false&columns%5B4%5D%5Bdata%5D=customer_type&columns%5B4%5D%5Borderable%5D=false&columns%5B5%5D%5Bdata%5D=request_date&columns%5B6%5D%5Bdata%5D=manager&columns%5B6%5D%5Borderable%5D=false&columns%5B7%5D%5Bdata%5D=status&columns%5B8%5D%5Bdata%5D=action&columns%5B8%5D%5Borderable%5D=false&order%5B0%5D%5Bcolumn%5D=0&order%5B0%5D%5Bdir%5D=desc&start=0&length=50&search%5Bvalue%5D=&_=1766423368328 HTTP/2.0" 200 2801 "https://erp.nhatnamsst.com/cms/quote-request" "Mozilla/5.0 (Windows NT 10.0; Win64; x64) AppleWebKit/537.36 (KHTML, like Gecko) Chrome/143.0.0.0 Safari/537.36 Edg/143.0.0.0"
42.116.117.207 - - [23/Dec/2025:00:09:25 +0700] "GET /cms/dashboard HTTP/2.0" 200 3606 "https://erp.nhatnamsst.com/cms/quote-request" "Mozilla/5.0 (Windows NT 10.0; Win64; x64) AppleWebKit/537.36 (KHTML, like Gecko) Chrome/143.0.0.0 Safari/537.36 Edg/143.0.0.0"
115.76.50.202 - - [23/Dec/2025:00:09:25 +0700] "GET / HTTP/2.0" 302 406 "https://erp.nhatnamsst.com/cms/quote-request" "Mozilla/5.0 (Windows NT 10.0; Win64; x64) AppleWebKit/537.36 (KHTML, like Gecko) Chrome/143.0.0.0 Safari/537.36 Edg/143.0.0.0"
115.76.50.202 - - [23/Dec/2025:00:09:26 +0700] "GET /cms/quote-request?draw=1&columns%5B0%5D%5Bdata%5D=code&columns%5B1%5D%5Bdata%5D=sale_id&columns%5B1%5D%5Borderable%5D=false&columns%5B2%5D%5Bdata%5D=brand_id&columns%5B2%5D%5Borderable%5D=false&columns%5B3%5D%5Bdata%5D=customer_id&columns%5B3%5D%5Borderable%5D=false&columns%5B4%5D%5Bdata%5D=customer_type&columns%5B4%5D%5Borderable%5D=false&columns%5B5%5D%5Bdata%5D=request_date&columns%5B6%5D%5Bdata%5D=inters&columns%5B6%5D%5Borderable%5D=false&columns%5B7%5D%5Bdata%5D=manager&columns%5B7%5D%5Borderable%5D=false&columns%5B8%5D%5Bdata%5D=status&columns%5B9%5D%5Bdata%5D=action&columns%5B9%5D%5Borderable%5D=false&order%5B0%5D%5Bcolumn%5D=0&order%5B0%5D%5Bdir%5D=desc&start=0&length=50&search%5Bvalue%5D=&_=1766423365428 HTTP/2.0" 200 2491 "https://erp.nhatnamsst.com/cms/quote-request" "Mozilla/5.0 (Windows NT 10.0; Win64; x64) AppleWebKit/537.36 (KHTML, like Gecko) Chrome/143.0.0.0 Safari/537.36 Edg/143.0.0.0"
115.76.50.202 - - [23/Dec/2025:00:09:26 +0700] "GET /cms/dashboard HTTP/2.0" 200 3619 "https://erp.nhatnamsst.com/cms/quote-request" "Mozilla/5.0 (Windows NT 10.0; Win64; x64) AppleWebKit/537.36 (KHTML, like Gecko) Chrome/143.0.0.0 Safari/537.36 Edg/143.0.0.0"
42.116.117.207 - - [23/Dec/2025:00:09:31 +0700] "GET /cms/purchase-order/create HTTP/2.0" 200 13528 "https://erp.nhatnamsst.com/cms/quote-request" "Mozilla/5.0 (Windows NT 10.0; Win64; x64) AppleWebKit/537.36 (KHTML, like Gecko) Chrome/143.0.0.0 Safari/537.36 Edg/143.0.0.0"
42.116.117.207 - - [23/Dec/2025:00:09:31 +0700] "GET / HTTP/2.0" 302 406 "https://erp.nhatnamsst.com/cms/purchase-order/create" "Mozilla/5.0 (Windows NT 10.0; Win64; x64) AppleWebKit/537.36 (KHTML, like Gecko) Chrome/143.0.0.0 Safari/537.36 Edg/143.0.0.0"
42.116.117.207 - - [23/Dec/2025:00:09:31 +0700] "GET /cms/dashboard HTTP/2.0" 200 3606 "https://erp.nhatnamsst.com/cms/purchase-order/create" "Mozilla/5.0 (Windows NT 10.0; Win64; x64) AppleWebKit/537.36 (KHTML, like Gecko) Chrome/143.0.0.0 Safari/537.36 Edg/143.0.0.0"
42.116.117.207 - - [23/Dec/2025:00:09:33 +0700] "GET /cms/customer/get-list?q=&sale_id=4 HTTP/2.0" 200 140 "https://erp.nhatnamsst.com/cms/purchase-order/create" "Mozilla/5.0 (Windows NT 10.0; Win64; x64) AppleWebKit/537.36 (KHTML, like Gecko) Chrome/143.0.0.0 Safari/537.36 Edg/143.0.0.0"
115.76.50.202 - - [23/Dec/2025:00:09:34 +0700] "GET /cms/purchase-order HTTP/2.0" 200 6853 "https://erp.nhatnamsst.com/cms/quote-request" "Mozilla/5.0 (Windows NT 10.0; Win64; x64) AppleWebKit/537.36 (KHTML, like Gecko) Chrome/143.0.0.0 Safari/537.36 Edg/143.0.0.0"
115.76.50.202 - - [23/Dec/2025:00:09:34 +0700] "GET / HTTP/2.0" 302 406 "https://erp.nhatnamsst.com/cms/purchase-order" "Mozilla/5.0 (Windows NT 10.0; Win64; x64) AppleWebKit/537.36 (KHTML, like Gecko) Chrome/143.0.0.0 Safari/537.36 Edg/143.0.0.0"
115.76.50.202 - - [23/Dec/2025:00:09:34 +0700] "GET /cms/purchase-order?draw=1&columns%5B0%5D%5Bdata%5D=po_number&columns%5B1%5D%5Bdata%5D=sale_id&columns%5B1%5D%5Borderable%5D=false&columns%5B2%5D%5Bdata%5D=customer_id&columns%5B2%5D%5Borderable%5D=false&columns%5B3%5D%5Bdata%5D=quote_request_id&columns%5B3%5D%5Borderable%5D=false&columns%5B4%5D%5Bdata%5D=po_date&columns%5B5%5D%5Bdata%5D=order_date&columns%5B6%5D%5Bdata%5D=total_po_price&columns%5B6%5D%5Borderable%5D=false&columns%5B7%5D%5Bdata%5D=status&columns%5B8%5D%5Bdata%5D=action&columns%5B8%5D%5Borderable%5D=false&order%5B0%5D%5Bcolumn%5D=0&order%5B0%5D%5Bdir%5D=desc&start=0&length=50&search%5Bvalue%5D=&_=1766423374387 HTTP/2.0" 200 1671 "https://erp.nhatnamsst.com/cms/purchase-order" "Mozilla/5.0 (Windows NT 10.0; Win64; x64) AppleWebKit/537.36 (KHTML, like Gecko) Chrome/143.0.0.0 Safari/537.36 Edg/143.0.0.0"
115.76.50.202 - - [23/Dec/2025:00:09:35 +0700] "GET /cms/dashboard HTTP/2.0" 200 3619 "https://erp.nhatnamsst.com/cms/purchase-order" "Mozilla/5.0 (Windows NT 10.0; Win64; x64) AppleWebKit/537.36 (KHTML, like Gecko) Chrome/143.0.0.0 Safari/537.36 Edg/143.0.0.0"
42.116.117.207 - - [23/Dec/2025:00:09:36 +0700] "GET /cms/purchase-order/get-quote-requests?q=&sale_id=4&customer_id=4 HTTP/2.0" 200 105 "https://erp.nhatnamsst.com/cms/purchase-order/create" "Mozilla/5.0 (Windows NT 10.0; Win64; x64) AppleWebKit/537.36 (KHTML, like Gecko) Chrome/143.0.0.0 Safari/537.36 Edg/143.0.0.0"
42.116.117.207 - - [23/Dec/2025:00:09:37 +0700] "GET /cms/purchase-order/get-quote-request-details?quote_request_ids%5B%5D=12 HTTP/2.0" 200 251 "https://erp.nhatnamsst.com/cms/purchase-order/create" "Mozilla/5.0 (Windows NT 10.0; Win64; x64) AppleWebKit/537.36 (KHTML, like Gecko) Chrome/143.0.0.0 Safari/537.36 Edg/143.0.0.0"
85.208.96.209 - - [23/Dec/2025:00:09:40 +0700] "GET /hop-am/ngay-do-ngay-do-ben-chiec-cau-44842 HTTP/1.1" 404 146 "-" "Mozilla/5.0 (compatible; SemrushBot/7~bl; +http://www.semrush.com/bot.html)"
85.208.96.198 - - [23/Dec/2025:00:09:47 +0700] "GET /hop-am/canh-dieu-tuoi-tho-611 HTTP/1.1" 404 146 "-" "Mozilla/5.0 (compatible; SemrushBot/7~bl; +http://www.semrush.com/bot.html)"
185.191.171.13 - - [23/Dec/2025:00:09:51 +0700] "GET /hop-am/thu-sai-gon-9947 HTTP/1.1" 404 146 "-" "Mozilla/5.0 (compatible; SemrushBot/7~bl; +http://www.semrush.com/bot.html)"
115.76.50.202 - - [23/Dec/2025:00:10:08 +0700] "GET /cms/quote-request HTTP/2.0" 200 7116 "https://erp.nhatnamsst.com/cms/purchase-order" "Mozilla/5.0 (Windows NT 10.0; Win64; x64) AppleWebKit/537.36 (KHTML, like Gecko) Chrome/143.0.0.0 Safari/537.36 Edg/143.0.0.0"
115.76.50.202 - - [23/Dec/2025:00:10:09 +0700] "GET / HTTP/2.0" 302 406 "https://erp.nhatnamsst.com/cms/quote-request" "Mozilla/5.0 (Windows NT 10.0; Win64; x64) AppleWebKit/537.36 (KHTML, like Gecko) Chrome/143.0.0.0 Safari/537.36 Edg/143.0.0.0"
115.76.50.202 - - [23/Dec/2025:00:10:09 +0700] "GET /cms/quote-request?draw=1&columns%5B0%5D%5Bdata%5D=code&columns%5B1%5D%5Bdata%5D=sale_id&columns%5B1%5D%5Borderable%5D=false&columns%5B2%5D%5Bdata%5D=brand_id&columns%5B2%5D%5Borderable%5D=false&columns%5B3%5D%5Bdata%5D=customer_id&columns%5B3%5D%5Borderable%5D=false&columns%5B4%5D%5Bdata%5D=customer_type&columns%5B4%5D%5Borderable%5D=false&columns%5B5%5D%5Bdata%5D=request_date&columns%5B6%5D%5Bdata%5D=inters&columns%5B6%5D%5Borderable%5D=false&columns%5B7%5D%5Bdata%5D=manager&columns%5B7%5D%5Borderable%5D=false&columns%5B8%5D%5Bdata%5D=status&columns%5B9%5D%5Bdata%5D=action&columns%5B9%5D%5Borderable%5D=false&order%5B0%5D%5Bcolumn%5D=0&order%5B0%5D%5Bdir%5D=desc&start=0&length=50&search%5Bvalue%5D=&_=1766423408760 HTTP/2.0" 200 2491 "https://erp.nhatnamsst.com/cms/quote-request" "Mozilla/5.0 (Windows NT 10.0; Win64; x64) AppleWebKit/537.36 (KHTML, like Gecko) Chrome/143.0.0.0 Safari/537.36 Edg/143.0.0.0"
115.76.50.202 - - [23/Dec/2025:00:10:09 +0700] "GET /cms/dashboard HTTP/2.0" 200 3619 "https://erp.nhatnamsst.com/cms/quote-request" "Mozilla/5.0 (Windows NT 10.0; Win64; x64) AppleWebKit/537.36 (KHTML, like Gecko) Chrome/143.0.0.0 Safari/537.36 Edg/143.0.0.0"
42.116.117.207 - - [23/Dec/2025:00:10:12 +0700] "GET /cms/customer/get-list?q=&sale_id=4 HTTP/2.0" 200 140 "https://erp.nhatnamsst.com/cms/purchase-order/create" "Mozilla/5.0 (Windows NT 10.0; Win64; x64) AppleWebKit/537.36 (KHTML, like Gecko) Chrome/143.0.0.0 Safari/537.36 Edg/143.0.0.0"
52.167.144.238 - - [23/Dec/2025:00:10:21 +0700] "GET /hop-am/lang-toi-bay-gio-6274 HTTP/2.0" 404 548 "-" "Mozilla/5.0 AppleWebKit/537.36 (KHTML, like Gecko; compatible; bingbot/2.0; +http://www.bing.com/bingbot.htm) Chrome/116.0.1938.76 Safari/537.36"
42.116.117.207 - - [23/Dec/2025:00:10:32 +0700] "POST /cms/purchase-order/store HTTP/2.0" 302 454 "https://erp.nhatnamsst.com/cms/purchase-order/create" "Mozilla/5.0 (Windows NT 10.0; Win64; x64) AppleWebKit/537.36 (KHTML, like Gecko) Chrome/143.0.0.0 Safari/537.36 Edg/143.0.0.0"
42.116.117.207 - - [23/Dec/2025:00:10:32 +0700] "GET /cms/purchase-order/show/2 HTTP/2.0" 200 8050 "https://erp.nhatnamsst.com/cms/purchase-order/create" "Mozilla/5.0 (Windows NT 10.0; Win64; x64) AppleWebKit/537.36 (KHTML, like Gecko) Chrome/143.0.0.0 Safari/537.36 Edg/143.0.0.0"
42.116.117.207 - - [23/Dec/2025:00:10:34 +0700] "GET / HTTP/2.0" 302 406 "https://erp.nhatnamsst.com/cms/purchase-order/show/2" "Mozilla/5.0 (Windows NT 10.0; Win64; x64) AppleWebKit/537.36 (KHTML, like Gecko) Chrome/143.0.0.0 Safari/537.36 Edg/143.0.0.0"
42.116.117.207 - - [23/Dec/2025:00:10:34 +0700] "GET /cms/dashboard HTTP/2.0" 200 3606 "https://erp.nhatnamsst.com/cms/purchase-order/show/2" "Mozilla/5.0 (Windows NT 10.0; Win64; x64) AppleWebKit/537.36 (KHTML, like Gecko) Chrome/143.0.0.0 Safari/537.36 Edg/143.0.0.0"
85.208.96.212 - - [23/Dec/2025:00:10:35 +0700] "GET /hop-am/tinh-troi-tren-song-34569 HTTP/1.1" 404 146 "-" "Mozilla/5.0 (compatible; SemrushBot/7~bl; +http://www.semrush.com/bot.html)"
42.116.117.207 - - [23/Dec/2025:00:10:36 +0700] "GET /cms/purchase-order HTTP/2.0" 200 6830 "https://erp.nhatnamsst.com/cms/purchase-order/show/2" "Mozilla/5.0 (Windows NT 10.0; Win64; x64) AppleWebKit/537.36 (KHTML, like Gecko) Chrome/143.0.0.0 Safari/537.36 Edg/143.0.0.0"
42.116.117.207 - - [23/Dec/2025:00:10:36 +0700] "GET / HTTP/2.0" 302 406 "https://erp.nhatnamsst.com/cms/purchase-order" "Mozilla/5.0 (Windows NT 10.0; Win64; x64) AppleWebKit/537.36 (KHTML, like Gecko) Chrome/143.0.0.0 Safari/537.36 Edg/143.0.0.0"
42.116.117.207 - - [23/Dec/2025:00:10:36 +0700] "GET /cms/purchase-order?draw=1&columns%5B0%5D%5Bdata%5D=po_number&columns%5B1%5D%5Bdata%5D=sale_id&columns%5B1%5D%5Borderable%5D=false&columns%5B2%5D%5Bdata%5D=customer_id&columns%5B2%5D%5Borderable%5D=false&columns%5B3%5D%5Bdata%5D=quote_request_id&columns%5B3%5D%5Borderable%5D=false&columns%5B4%5D%5Bdata%5D=po_date&columns%5B5%5D%5Bdata%5D=order_date&columns%5B6%5D%5Bdata%5D=total_po_price&columns%5B6%5D%5Borderable%5D=false&columns%5B7%5D%5Bdata%5D=status&columns%5B8%5D%5Bdata%5D=action&columns%5B8%5D%5Borderable%5D=false&order%5B0%5D%5Bcolumn%5D=0&order%5B0%5D%5Bdir%5D=desc&start=0&length=50&search%5Bvalue%5D=&_=1766423439582 HTTP/2.0" 200 2155 "https://erp.nhatnamsst.com/cms/purchase-order" "Mozilla/5.0 (Windows NT 10.0; Win64; x64) AppleWebKit/537.36 (KHTML, like Gecko) Chrome/143.0.0.0 Safari/537.36 Edg/143.0.0.0"
42.116.117.207 - - [23/Dec/2025:00:10:36 +0700] "GET /cms/dashboard HTTP/2.0" 200 3606 "https://erp.nhatnamsst.com/cms/purchase-order" "Mozilla/5.0 (Windows NT 10.0; Win64; x64) AppleWebKit/537.36 (KHTML, like Gecko) Chrome/143.0.0.0 Safari/537.36 Edg/143.0.0.0"
115.76.50.202 - - [23/Dec/2025:00:10:38 +0700] "GET /cms/purchase-order HTTP/2.0" 200 6853 "https://erp.nhatnamsst.com/cms/quote-request" "Mozilla/5.0 (Windows NT 10.0; Win64; x64) AppleWebKit/537.36 (KHTML, like Gecko) Chrome/143.0.0.0 Safari/537.36 Edg/143.0.0.0"
115.76.50.202 - - [23/Dec/2025:00:10:39 +0700] "GET / HTTP/2.0" 302 406 "https://erp.nhatnamsst.com/cms/purchase-order" "Mozilla/5.0 (Windows NT 10.0; Win64; x64) AppleWebKit/537.36 (KHTML, like Gecko) Chrome/143.0.0.0 Safari/537.36 Edg/143.0.0.0"
115.76.50.202 - - [23/Dec/2025:00:10:39 +0700] "GET /cms/purchase-order?draw=1&columns%5B0%5D%5Bdata%5D=po_number&columns%5B1%5D%5Bdata%5D=sale_id&columns%5B1%5D%5Borderable%5D=false&columns%5B2%5D%5Bdata%5D=customer_id&columns%5B2%5D%5Borderable%5D=false&columns%5B3%5D%5Bdata%5D=quote_request_id&columns%5B3%5D%5Borderable%5D=false&columns%5B4%5D%5Bdata%5D=po_date&columns%5B5%5D%5Bdata%5D=order_date&columns%5B6%5D%5Bdata%5D=total_po_price&columns%5B6%5D%5Borderable%5D=false&columns%5B7%5D%5Bdata%5D=status&columns%5B8%5D%5Bdata%5D=action&columns%5B8%5D%5Borderable%5D=false&order%5B0%5D%5Bcolumn%5D=0&order%5B0%5D%5Bdir%5D=desc&start=0&length=50&search%5Bvalue%5D=&_=1766423438620 HTTP/2.0" 200 2155 "https://erp.nhatnamsst.com/cms/purchase-order" "Mozilla/5.0 (Windows NT 10.0; Win64; x64) AppleWebKit/537.36 (KHTML, like Gecko) Chrome/143.0.0.0 Safari/537.36 Edg/143.0.0.0"
115.76.50.202 - - [23/Dec/2025:00:10:39 +0700] "GET /cms/dashboard HTTP/2.0" 200 3619 "https://erp.nhatnamsst.com/cms/purchase-order" "Mozilla/5.0 (Windows NT 10.0; Win64; x64) AppleWebKit/537.36 (KHTML, like Gecko) Chrome/143.0.0.0 Safari/537.36 Edg/143.0.0.0"
115.76.50.202 - - [23/Dec/2025:00:10:46 +0700] "GET /cms/purchase-order/show/2 HTTP/2.0" 200 7980 "https://erp.nhatnamsst.com/cms/purchase-order" "Mozilla/5.0 (Windows NT 10.0; Win64; x64) AppleWebKit/537.36 (KHTML, like Gecko) Chrome/143.0.0.0 Safari/537.36 Edg/143.0.0.0"
115.76.50.202 - - [23/Dec/2025:00:10:46 +0700] "GET / HTTP/2.0" 302 406 "https://erp.nhatnamsst.com/cms/purchase-order/show/2" "Mozilla/5.0 (Windows NT 10.0; Win64; x64) AppleWebKit/537.36 (KHTML, like Gecko) Chrome/143.0.0.0 Safari/537.36 Edg/143.0.0.0"
115.76.50.202 - - [23/Dec/2025:00:10:46 +0700] "GET /cms/dashboard HTTP/2.0" 200 3619 "https://erp.nhatnamsst.com/cms/purchase-order/show/2" "Mozilla/5.0 (Windows NT 10.0; Win64; x64) AppleWebKit/537.36 (KHTML, like Gecko) Chrome/143.0.0.0 Safari/537.36 Edg/143.0.0.0"
17.22.245.86 - - [23/Dec/2025:00:10:53 +0700] "GET /hop-am/noi-voi-anh-23914 HTTP/1.1" 404 146 "-" "Mozilla/5.0 (Macintosh; Intel Mac OS X 10_15_7) AppleWebKit/605.1.15 (KHTML, like Gecko) Version/17.4 Safari/605.1.15 (Applebot/0.1; +http://www.apple.com/go/applebot)"
17.246.23.247 - - [23/Dec/2025:00:10:56 +0700] "GET /hop-am/that-long-em-muon-ra-di-13918 HTTP/1.1" 404 146 "-" "Mozilla/5.0 (Macintosh; Intel Mac OS X 10_15_7) AppleWebKit/605.1.15 (KHTML, like Gecko) Version/17.4 Safari/605.1.15 (Applebot/0.1; +http://www.apple.com/go/applebot)"
85.208.96.195 - - [23/Dec/2025:00:11:07 +0700] "GET /hop-am/con-gai-a-29828 HTTP/1.1" 404 146 "-" "Mozilla/5.0 (compatible; SemrushBot/7~bl; +http://www.semrush.com/bot.html)"
185.191.171.9 - - [23/Dec/2025:00:11:21 +0700] "GET /hop-am/cho-nhau-niem-thuong-9521 HTTP/1.1" 404 146 "-" "Mozilla/5.0 (compatible; SemrushBot/7~bl; +http://www.semrush.com/bot.html)"
185.191.171.17 - - [23/Dec/2025:00:11:23 +0700] "GET /hop-am/ru-em-34346 HTTP/1.1" 404 146 "-" "Mozilla/5.0 (compatible; SemrushBot/7~bl; +http://www.semrush.com/bot.html)"
43.128.62.125 - - [23/Dec/2025:00:11:34 +0700] "GET /hop-am/ca-si/ho-trung-dung-amp-duong-hoang-yen HTTP/2.0" 404 548 "https://thuvienhopam.com/hop-am/ca-si/ho-trung-dung-amp-duong-hoang-yen" "Mozilla/5.0 (Windows NT 10.0; Win64; x64) AppleWebKit/537.36 (KHTML, like Gecko) Chrome/101.0.4951.64 Safari/537.36 Edg/101.0.1210.47"
52.167.144.238 - - [23/Dec/2025:00:11:53 +0700] "GET /the-loai/nhac-quoc-te HTTP/2.0" 404 548 "-" "Mozilla/5.0 AppleWebKit/537.36 (KHTML, like Gecko; compatible; bingbot/2.0; +http://www.bing.com/bingbot.htm) Chrome/116.0.1938.76 Safari/537.36"
17.241.219.36 - - [23/Dec/2025:00:11:54 +0700] "GET /hop-am/sang-tac/bao-chan-301 HTTP/1.1" 404 146 "-" "Mozilla/5.0 (Macintosh; Intel Mac OS X 10_15_7) AppleWebKit/605.1.15 (KHTML, like Gecko) Version/17.4 Safari/605.1.15 (Applebot/0.1; +http://www.apple.com/go/applebot)"
185.191.171.12 - - [23/Dec/2025:00:11:59 +0700] "GET /hop-am/uot-long-12477 HTTP/1.1" 404 146 "-" "Mozilla/5.0 (compatible; SemrushBot/7~bl; +http://www.semrush.com/bot.html)"
17.22.253.218 - - [23/Dec/2025:00:12:03 +0700] "GET /hop-am/tinh-ca-cho-em-40838 HTTP/1.1" 404 146 "-" "Mozilla/5.0 (Macintosh; Intel Mac OS X 10_15_7) AppleWebKit/605.1.15 (KHTML, like Gecko) Version/17.4 Safari/605.1.15 (Applebot/0.1; +http://www.apple.com/go/applebot)"
185.191.171.10 - - [23/Dec/2025:00:12:05 +0700] "GET /hop-am/cham-noi-dau-dai-19648 HTTP/1.1" 404 146 "-" "Mozilla/5.0 (compatible; SemrushBot/7~bl; +http://www.semrush.com/bot.html)"
85.208.96.200 - - [23/Dec/2025:00:12:16 +0700] "GET /hop-am/thoi-quen-16168 HTTP/1.1" 404 146 "-" "Mozilla/5.0 (compatible; SemrushBot/7~bl; +http://www.semrush.com/bot.html)"
185.191.171.13 - - [23/Dec/2025:00:12:24 +0700] "GET /hop-am/hay-mac-em-di-27296 HTTP/1.1" 404 146 "-" "Mozilla/5.0 (compatible; SemrushBot/7~bl; +http://www.semrush.com/bot.html)"
185.191.171.6 - - [23/Dec/2025:00:12:57 +0700] "GET /hop-am/ghen-co-vy-covid-19-19421 HTTP/1.1" 404 146 "-" "Mozilla/5.0 (compatible; SemrushBot/7~bl; +http://www.semrush.com/bot.html)"
185.191.171.16 - - [23/Dec/2025:00:13:00 +0700] "GET /hop-am/gian-ma-thuong-ho-vi-dam-452 HTTP/1.1" 404 146 "-" "Mozilla/5.0 (compatible; SemrushBot/7~bl; +http://www.semrush.com/bot.html)"
85.208.96.209 - - [23/Dec/2025:00:13:02 +0700] "GET /hop-am/hat-cho-doi-hat-cho-nguoi-44251 HTTP/1.1" 404 146 "-" "Mozilla/5.0 (compatible; SemrushBot/7~bl; +http://www.semrush.com/bot.html)"
42.116.117.207 - - [23/Dec/2025:00:13:04 +0700] "GET /cms/purchase-order/show/2 HTTP/2.0" 200 7983 "https://erp.nhatnamsst.com/cms/purchase-order" "Mozilla/5.0 (Windows NT 10.0; Win64; x64) AppleWebKit/537.36 (KHTML, like Gecko) Chrome/143.0.0.0 Safari/537.36 Edg/143.0.0.0"
42.116.117.207 - - [23/Dec/2025:00:13:05 +0700] "GET / HTTP/2.0" 302 406 "https://erp.nhatnamsst.com/cms/purchase-order/show/2" "Mozilla/5.0 (Windows NT 10.0; Win64; x64) AppleWebKit/537.36 (KHTML, like Gecko) Chrome/143.0.0.0 Safari/537.36 Edg/143.0.0.0"
185.191.171.5 - - [23/Dec/2025:00:13:05 +0700] "GET /hop-am/noi-em-nghe-mai-mai-la-bao-xa-22297 HTTP/1.1" 404 146 "-" "Mozilla/5.0 (compatible; SemrushBot/7~bl; +http://www.semrush.com/bot.html)"
42.116.117.207 - - [23/Dec/2025:00:13:05 +0700] "GET /cms/dashboard HTTP/2.0" 200 3606 "https://erp.nhatnamsst.com/cms/purchase-order/show/2" "Mozilla/5.0 (Windows NT 10.0; Win64; x64) AppleWebKit/537.36 (KHTML, like Gecko) Chrome/143.0.0.0 Safari/537.36 Edg/143.0.0.0"
17.241.227.158 - - [23/Dec/2025:00:13:10 +0700] "GET /hop-am/thay-tam-doi-long-16366 HTTP/1.1" 404 146 "-" "Mozilla/5.0 (Macintosh; Intel Mac OS X 10_15_7) AppleWebKit/605.1.15 (KHTML, like Gecko) Version/17.4 Safari/605.1.15 (Applebot/0.1; +http://www.apple.com/go/applebot)"
17.241.75.243 - - [23/Dec/2025:00:13:12 +0700] "GET /hop-am/mau-ly-biet-35962 HTTP/1.1" 404 146 "-" "Mozilla/5.0 (Macintosh; Intel Mac OS X 10_15_7) AppleWebKit/605.1.15 (KHTML, like Gecko) Version/17.4 Safari/605.1.15 (Applebot/0.1; +http://www.apple.com/go/applebot)"
185.191.171.18 - - [23/Dec/2025:00:13:12 +0700] "GET /hop-am/an-nan-11874 HTTP/1.1" 404 146 "-" "Mozilla/5.0 (compatible; SemrushBot/7~bl; +http://www.semrush.com/bot.html)"
115.76.50.202 - - [23/Dec/2025:00:13:17 +0700] "GET /cms/purchase-order HTTP/2.0" 200 6853 "https://erp.nhatnamsst.com/cms/purchase-order/show/2" "Mozilla/5.0 (Windows NT 10.0; Win64; x64) AppleWebKit/537.36 (KHTML, like Gecko) Chrome/143.0.0.0 Safari/537.36 Edg/143.0.0.0"
115.76.50.202 - - [23/Dec/2025:00:13:18 +0700] "GET / HTTP/2.0" 302 406 "https://erp.nhatnamsst.com/cms/purchase-order" "Mozilla/5.0 (Windows NT 10.0; Win64; x64) AppleWebKit/537.36 (KHTML, like Gecko) Chrome/143.0.0.0 Safari/537.36 Edg/143.0.0.0"
115.76.50.202 - - [23/Dec/2025:00:13:18 +0700] "GET /cms/purchase-order?draw=1&columns%5B0%5D%5Bdata%5D=po_number&columns%5B1%5D%5Bdata%5D=sale_id&columns%5B1%5D%5Borderable%5D=false&columns%5B2%5D%5Bdata%5D=customer_id&columns%5B2%5D%5Borderable%5D=false&columns%5B3%5D%5Bdata%5D=quote_request_id&columns%5B3%5D%5Borderable%5D=false&columns%5B4%5D%5Bdata%5D=po_date&columns%5B5%5D%5Bdata%5D=order_date&columns%5B6%5D%5Bdata%5D=total_po_price&columns%5B6%5D%5Borderable%5D=false&columns%5B7%5D%5Bdata%5D=status&columns%5B8%5D%5Bdata%5D=action&columns%5B8%5D%5Borderable%5D=false&order%5B0%5D%5Bcolumn%5D=0&order%5B0%5D%5Bdir%5D=desc&start=0&length=50&search%5Bvalue%5D=&_=1766423597580 HTTP/2.0" 200 2155 "https://erp.nhatnamsst.com/cms/purchase-order" "Mozilla/5.0 (Windows NT 10.0; Win64; x64) AppleWebKit/537.36 (KHTML, like Gecko) Chrome/143.0.0.0 Safari/537.36 Edg/143.0.0.0"
115.76.50.202 - - [23/Dec/2025:00:13:18 +0700] "GET /cms/dashboard HTTP/2.0" 200 3619 "https://erp.nhatnamsst.com/cms/purchase-order" "Mozilla/5.0 (Windows NT 10.0; Win64; x64) AppleWebKit/537.36 (KHTML, like Gecko) Chrome/143.0.0.0 Safari/537.36 Edg/143.0.0.0"
185.191.171.11 - - [23/Dec/2025:00:13:18 +0700] "GET /hop-am/tinh-thu-nho-nhung-8-39008 HTTP/1.1" 404 146 "-" "Mozilla/5.0 (compatible; SemrushBot/7~bl; +http://www.semrush.com/bot.html)"
115.76.50.202 - - [23/Dec/2025:00:13:21 +0700] "GET /cms/purchase-order/show/2 HTTP/2.0" 200 7980 "https://erp.nhatnamsst.com/cms/purchase-order" "Mozilla/5.0 (Windows NT 10.0; Win64; x64) AppleWebKit/537.36 (KHTML, like Gecko) Chrome/143.0.0.0 Safari/537.36 Edg/143.0.0.0"
115.76.50.202 - - [23/Dec/2025:00:13:22 +0700] "GET / HTTP/2.0" 302 406 "https://erp.nhatnamsst.com/cms/purchase-order/show/2" "Mozilla/5.0 (Windows NT 10.0; Win64; x64) AppleWebKit/537.36 (KHTML, like Gecko) Chrome/143.0.0.0 Safari/537.36 Edg/143.0.0.0"
115.76.50.202 - - [23/Dec/2025:00:13:23 +0700] "GET /cms/dashboard HTTP/2.0" 200 3619 "https://erp.nhatnamsst.com/cms/purchase-order/show/2" "Mozilla/5.0 (Windows NT 10.0; Win64; x64) AppleWebKit/537.36 (KHTML, like Gecko) Chrome/143.0.0.0 Safari/537.36 Edg/143.0.0.0"
85.208.96.200 - - [23/Dec/2025:00:13:23 +0700] "GET /hop-am/loi-da-loi-the-non-song-832 HTTP/1.1" 404 146 "-" "Mozilla/5.0 (compatible; SemrushBot/7~bl; +http://www.semrush.com/bot.html)"
115.76.50.202 - - [23/Dec/2025:00:13:25 +0700] "GET /cms/quote-request HTTP/2.0" 200 7116 "https://erp.nhatnamsst.com/cms/purchase-order/show/2" "Mozilla/5.0 (Windows NT 10.0; Win64; x64) AppleWebKit/537.36 (KHTML, like Gecko) Chrome/143.0.0.0 Safari/537.36 Edg/143.0.0.0"
42.116.117.207 - - [23/Dec/2025:00:13:26 +0700] "POST /cms/purchase-order/2/sale-confirm-order HTTP/2.0" 200 113 "https://erp.nhatnamsst.com/cms/purchase-order/show/2" "Mozilla/5.0 (Windows NT 10.0; Win64; x64) AppleWebKit/537.36 (KHTML, like Gecko) Chrome/143.0.0.0 Safari/537.36 Edg/143.0.0.0"
115.76.50.202 - - [23/Dec/2025:00:13:26 +0700] "GET / HTTP/2.0" 302 406 "https://erp.nhatnamsst.com/cms/quote-request" "Mozilla/5.0 (Windows NT 10.0; Win64; x64) AppleWebKit/537.36 (KHTML, like Gecko) Chrome/143.0.0.0 Safari/537.36 Edg/143.0.0.0"
42.116.117.207 - - [23/Dec/2025:00:13:26 +0700] "GET /cms/purchase-order/show/2 HTTP/2.0" 200 7958 "https://erp.nhatnamsst.com/cms/purchase-order/show/2" "Mozilla/5.0 (Windows NT 10.0; Win64; x64) AppleWebKit/537.36 (KHTML, like Gecko) Chrome/143.0.0.0 Safari/537.36 Edg/143.0.0.0"
115.76.50.202 - - [23/Dec/2025:00:13:26 +0700] "GET /cms/quote-request?draw=1&columns%5B0%5D%5Bdata%5D=code&columns%5B1%5D%5Bdata%5D=sale_id&columns%5B1%5D%5Borderable%5D=false&columns%5B2%5D%5Bdata%5D=brand_id&columns%5B2%5D%5Borderable%5D=false&columns%5B3%5D%5Bdata%5D=customer_id&columns%5B3%5D%5Borderable%5D=false&columns%5B4%5D%5Bdata%5D=customer_type&columns%5B4%5D%5Borderable%5D=false&columns%5B5%5D%5Bdata%5D=request_date&columns%5B6%5D%5Bdata%5D=inters&columns%5B6%5D%5Borderable%5D=false&columns%5B7%5D%5Bdata%5D=manager&columns%5B7%5D%5Borderable%5D=false&columns%5B8%5D%5Bdata%5D=status&columns%5B9%5D%5Bdata%5D=action&columns%5B9%5D%5Borderable%5D=false&order%5B0%5D%5Bcolumn%5D=0&order%5B0%5D%5Bdir%5D=desc&start=0&length=50&search%5Bvalue%5D=&_=1766423605992 HTTP/2.0" 200 2491 "https://erp.nhatnamsst.com/cms/quote-request" "Mozilla/5.0 (Windows NT 10.0; Win64; x64) AppleWebKit/537.36 (KHTML, like Gecko) Chrome/143.0.0.0 Safari/537.36 Edg/143.0.0.0"
115.76.50.202 - - [23/Dec/2025:00:13:26 +0700] "GET /cms/dashboard HTTP/2.0" 200 3619 "https://erp.nhatnamsst.com/cms/quote-request" "Mozilla/5.0 (Windows NT 10.0; Win64; x64) AppleWebKit/537.36 (KHTML, like Gecko) Chrome/143.0.0.0 Safari/537.36 Edg/143.0.0.0"
42.116.117.207 - - [23/Dec/2025:00:13:26 +0700] "GET / HTTP/2.0" 302 406 "https://erp.nhatnamsst.com/cms/purchase-order/show/2" "Mozilla/5.0 (Windows NT 10.0; Win64; x64) AppleWebKit/537.36 (KHTML, like Gecko) Chrome/143.0.0.0 Safari/537.36 Edg/143.0.0.0"
42.116.117.207 - - [23/Dec/2025:00:13:27 +0700] "GET /cms/dashboard HTTP/2.0" 200 3606 "https://erp.nhatnamsst.com/cms/purchase-order/show/2" "Mozilla/5.0 (Windows NT 10.0; Win64; x64) AppleWebKit/537.36 (KHTML, like Gecko) Chrome/143.0.0.0 Safari/537.36 Edg/143.0.0.0"
115.76.50.202 - - [23/Dec/2025:00:13:35 +0700] "GET /cms/purchase-order HTTP/2.0" 200 6853 "https://erp.nhatnamsst.com/cms/quote-request" "Mozilla/5.0 (Windows NT 10.0; Win64; x64) AppleWebKit/537.36 (KHTML, like Gecko) Chrome/143.0.0.0 Safari/537.36 Edg/143.0.0.0"
185.191.171.17 - - [23/Dec/2025:00:13:35 +0700] "GET /hop-am/muon-roi-ma-sao-con-18135 HTTP/1.1" 404 146 "-" "Mozilla/5.0 (compatible; SemrushBot/7~bl; +http://www.semrush.com/bot.html)"
