115.76.50.202 - - [22/Dec/2025:23:48:56 +0700] "GET /cms/quote-request?draw=1&columns%5B0%5D%5Bdata%5D=code&columns%5B1%5D%5Bdata%5D=sale_id&columns%5B1%5D%5Borderable%5D=false&columns%5B2%5D%5Bdata%5D=brand_id&columns%5B2%5D%5Borderable%5D=false&columns%5B3%5D%5Bdata%5D=customer_id&columns%5B3%5D%5Borderable%5D=false&columns%5B4%5D%5Bdata%5D=customer_type&columns%5B4%5D%5Borderable%5D=false&columns%5B5%5D%5Bdata%5D=request_date&columns%5B6%5D%5Bdata%5D=inters&columns%5B6%5D%5Borderable%5D=false&columns%5B7%5D%5Bdata%5D=manager&columns%5B7%5D%5Borderable%5D=false&columns%5B8%5D%5Bdata%5D=status&columns%5B9%5D%5Bdata%5D=action&columns%5B9%5D%5Borderable%5D=false&order%5B0%5D%5Bcolumn%5D=0&order%5B0%5D%5Bdir%5D=desc&start=0&length=50&search%5Bvalue%5D=&_=1766422136093 HTTP/2.0" 200 2233 "https://erp.nhatnamsst.com/cms/quote-request" "Mozilla/5.0 (Windows NT 10.0; Win64; x64) AppleWebKit/537.36 (KHTML, like Gecko) Chrome/143.0.0.0 Safari/537.36 Edg/143.0.0.0"
115.76.50.202 - - [22/Dec/2025:23:48:56 +0700] "GET /cms/dashboard HTTP/2.0" 200 3673 "https://erp.nhatnamsst.com/cms/quote-request" "Mozilla/5.0 (Windows NT 10.0; Win64; x64) AppleWebKit/537.36 (KHTML, like Gecko) Chrome/143.0.0.0 Safari/537.36 Edg/143.0.0.0"
115.76.50.202 - - [22/Dec/2025:23:48:56 +0700] "GET / HTTP/2.0" 302 406 "https://erp.nhatnamsst.com/cms/quote-request" "Mozilla/5.0 (Windows NT 10.0; Win64; x64) AppleWebKit/537.36 (KHTML, like Gecko) Chrome/143.0.0.0 Safari/537.36 Edg/143.0.0.0"
115.76.50.202 - - [22/Dec/2025:23:48:57 +0700] "GET /cms/dashboard HTTP/2.0" 200 3673 "https://erp.nhatnamsst.com/cms/quote-request" "Mozilla/5.0 (Windows NT 10.0; Win64; x64) AppleWebKit/537.36 (KHTML, like Gecko) Chrome/143.0.0.0 Safari/537.36 Edg/143.0.0.0"
85.208.96.196 - - [22/Dec/2025:23:49:04 +0700] "GET /hop-am/da-nang-thanh-pho-toi-yeu-5480 HTTP/1.1" 404 146 "-" "Mozilla/5.0 (compatible; SemrushBot/7~bl; +http://www.semrush.com/bot.html)"
115.76.50.202 - - [22/Dec/2025:23:49:17 +0700] "GET /cms/quote-request HTTP/2.0" 200 7168 "https://erp.nhatnamsst.com/cms/quote-request" "Mozilla/5.0 (Windows NT 10.0; Win64; x64) AppleWebKit/537.36 (KHTML, like Gecko) Chrome/143.0.0.0 Safari/537.36 Edg/143.0.0.0"
115.76.50.202 - - [22/Dec/2025:23:49:17 +0700] "GET / HTTP/2.0" 302 406 "https://erp.nhatnamsst.com/cms/quote-request" "Mozilla/5.0 (Windows NT 10.0; Win64; x64) AppleWebKit/537.36 (KHTML, like Gecko) Chrome/143.0.0.0 Safari/537.36 Edg/143.0.0.0"
115.76.50.202 - - [22/Dec/2025:23:49:18 +0700] "GET /cms/quote-request?draw=1&columns%5B0%5D%5Bdata%5D=code&columns%5B1%5D%5Bdata%5D=sale_id&columns%5B1%5D%5Borderable%5D=false&columns%5B2%5D%5Bdata%5D=brand_id&columns%5B2%5D%5Borderable%5D=false&columns%5B3%5D%5Bdata%5D=customer_id&columns%5B3%5D%5Borderable%5D=false&columns%5B4%5D%5Bdata%5D=customer_type&columns%5B4%5D%5Borderable%5D=false&columns%5B5%5D%5Bdata%5D=request_date&columns%5B6%5D%5Bdata%5D=inters&columns%5B6%5D%5Borderable%5D=false&columns%5B7%5D%5Bdata%5D=manager&columns%5B7%5D%5Borderable%5D=false&columns%5B8%5D%5Bdata%5D=status&columns%5B9%5D%5Bdata%5D=action&columns%5B9%5D%5Borderable%5D=false&order%5B0%5D%5Bcolumn%5D=0&order%5B0%5D%5Bdir%5D=desc&start=0&length=50&search%5Bvalue%5D=&_=1766422157570 HTTP/2.0" 200 2233 "https://erp.nhatnamsst.com/cms/quote-request" "Mozilla/5.0 (Windows NT 10.0; Win64; x64) AppleWebKit/537.36 (KHTML, like Gecko) Chrome/143.0.0.0 Safari/537.36 Edg/143.0.0.0"
115.76.50.202 - - [22/Dec/2025:23:49:18 +0700] "GET /cms/dashboard HTTP/2.0" 200 3673 "https://erp.nhatnamsst.com/cms/quote-request" "Mozilla/5.0 (Windows NT 10.0; Win64; x64) AppleWebKit/537.36 (KHTML, like Gecko) Chrome/143.0.0.0 Safari/537.36 Edg/143.0.0.0"
115.76.50.202 - - [22/Dec/2025:23:49:18 +0700] "GET / HTTP/2.0" 302 406 "https://erp.nhatnamsst.com/cms/quote-request" "Mozilla/5.0 (Windows NT 10.0; Win64; x64) AppleWebKit/537.36 (KHTML, like Gecko) Chrome/143.0.0.0 Safari/537.36 Edg/143.0.0.0"
115.76.50.202 - - [22/Dec/2025:23:49:18 +0700] "GET /cms/dashboard HTTP/2.0" 200 3673 "https://erp.nhatnamsst.com/cms/quote-request" "Mozilla/5.0 (Windows NT 10.0; Win64; x64) AppleWebKit/537.36 (KHTML, like Gecko) Chrome/143.0.0.0 Safari/537.36 Edg/143.0.0.0"
85.208.96.206 - - [22/Dec/2025:23:49:19 +0700] "GET /hop-am/chuyen-ba-mua-mua-chuyen-3-mua-mua-11926 HTTP/1.1" 404 146 "-" "Mozilla/5.0 (compatible; SemrushBot/7~bl; +http://www.semrush.com/bot.html)"
115.76.50.202 - - [22/Dec/2025:23:49:20 +0700] "GET /cms/quote-request/create HTTP/2.0" 200 9835 "https://erp.nhatnamsst.com/cms/quote-request" "Mozilla/5.0 (Windows NT 10.0; Win64; x64) AppleWebKit/537.36 (KHTML, like Gecko) Chrome/143.0.0.0 Safari/537.36 Edg/143.0.0.0"
115.76.50.202 - - [22/Dec/2025:23:49:20 +0700] "GET / HTTP/2.0" 302 406 "https://erp.nhatnamsst.com/cms/quote-request/create" "Mozilla/5.0 (Windows NT 10.0; Win64; x64) AppleWebKit/537.36 (KHTML, like Gecko) Chrome/143.0.0.0 Safari/537.36 Edg/143.0.0.0"
115.76.50.202 - - [22/Dec/2025:23:49:21 +0700] "GET /cms/dashboard HTTP/2.0" 200 3673 "https://erp.nhatnamsst.com/cms/quote-request/create" "Mozilla/5.0 (Windows NT 10.0; Win64; x64) AppleWebKit/537.36 (KHTML, like Gecko) Chrome/143.0.0.0 Safari/537.36 Edg/143.0.0.0"
115.76.50.202 - - [22/Dec/2025:23:49:21 +0700] "GET / HTTP/2.0" 302 406 "https://erp.nhatnamsst.com/cms/quote-request/create" "Mozilla/5.0 (Windows NT 10.0; Win64; x64) AppleWebKit/537.36 (KHTML, like Gecko) Chrome/143.0.0.0 Safari/537.36 Edg/143.0.0.0"
115.76.50.202 - - [22/Dec/2025:23:49:21 +0700] "GET /cms/dashboard HTTP/2.0" 200 3673 "https://erp.nhatnamsst.com/cms/quote-request/create" "Mozilla/5.0 (Windows NT 10.0; Win64; x64) AppleWebKit/537.36 (KHTML, like Gecko) Chrome/143.0.0.0 Safari/537.36 Edg/143.0.0.0"
85.208.96.202 - - [22/Dec/2025:23:49:22 +0700] "GET /hop-am/mai-doi-theo-anh-21728 HTTP/1.1" 404 146 "-" "Mozilla/5.0 (compatible; SemrushBot/7~bl; +http://www.semrush.com/bot.html)"
185.191.171.2 - - [22/Dec/2025:23:49:34 +0700] "GET /hop-am/the-he-tan-vo-17623 HTTP/1.1" 404 146 "-" "Mozilla/5.0 (compatible; SemrushBot/7~bl; +http://www.semrush.com/bot.html)"
17.241.75.95 - - [22/Dec/2025:23:49:37 +0700] "GET /hop-am/ket-thuc-lau-roi-23639 HTTP/1.1" 404 146 "-" "Mozilla/5.0 (Macintosh; Intel Mac OS X 10_15_7) AppleWebKit/605.1.15 (KHTML, like Gecko) Version/17.4 Safari/605.1.15 (Applebot/0.1; +http://www.apple.com/go/applebot)"
149.232.137.148 - - [22/Dec/2025:23:49:40 +0700] "GET /hop-am/yeu-mot-nguoi-kho-lam-23316 HTTP/2.0" 404 548 "https://thuvienhopam.com/hop-am/yeu-mot-nguoi-kho-lam-23316" "Mozilla/5.0 (Macintosh; Intel Mac OS X 10_15_7) AppleWebKit/537.36 (KHTML, like Gecko) Chrome/119.0.0.0 Safari/537.36"
52.167.144.177 - - [22/Dec/2025:23:49:50 +0700] "GET /hop-am/sang-tac/do-hong-phuong-5871 HTTP/2.0" 404 548 "-" "Mozilla/5.0 AppleWebKit/537.36 (KHTML, like Gecko; compatible; bingbot/2.0; +http://www.bing.com/bingbot.htm) Chrome/116.0.1938.76 Safari/537.36"
115.76.50.202 - - [22/Dec/2025:23:49:52 +0700] "GET /cms/dashboard HTTP/2.0" 200 3673 "https://erp.nhatnamsst.com/cms/quote-request/create" "Mozilla/5.0 (Windows NT 10.0; Win64; x64) AppleWebKit/537.36 (KHTML, like Gecko) Chrome/143.0.0.0 Safari/537.36 Edg/143.0.0.0"
42.116.117.207 - - [22/Dec/2025:23:49:52 +0700] "POST /cms/quote-request/store HTTP/2.0" 302 454 "https://erp.nhatnamsst.com/cms/quote-request/create" "Mozilla/5.0 (Windows NT 10.0; Win64; x64) AppleWebKit/537.36 (KHTML, like Gecko) Chrome/143.0.0.0 Safari/537.36 Edg/143.0.0.0"
42.116.117.207 - - [22/Dec/2025:23:49:52 +0700] "GET /cms/quote-request/show/12 HTTP/2.0" 200 19408 "https://erp.nhatnamsst.com/cms/quote-request/create" "Mozilla/5.0 (Windows NT 10.0; Win64; x64) AppleWebKit/537.36 (KHTML, like Gecko) Chrome/143.0.0.0 Safari/537.36 Edg/143.0.0.0"
115.76.50.202 - - [22/Dec/2025:23:49:52 +0700] "GET / HTTP/2.0" 302 406 "https://erp.nhatnamsst.com/cms/dashboard" "Mozilla/5.0 (Windows NT 10.0; Win64; x64) AppleWebKit/537.36 (KHTML, like Gecko) Chrome/143.0.0.0 Safari/537.36 Edg/143.0.0.0"
42.116.117.207 - - [22/Dec/2025:23:49:52 +0700] "GET / HTTP/2.0" 302 406 "https://erp.nhatnamsst.com/cms/quote-request/show/12" "Mozilla/5.0 (Windows NT 10.0; Win64; x64) AppleWebKit/537.36 (KHTML, like Gecko) Chrome/143.0.0.0 Safari/537.36 Edg/143.0.0.0"
115.76.50.202 - - [22/Dec/2025:23:49:52 +0700] "GET /cms/dashboard HTTP/2.0" 200 3673 "https://erp.nhatnamsst.com/cms/dashboard" "Mozilla/5.0 (Windows NT 10.0; Win64; x64) AppleWebKit/537.36 (KHTML, like Gecko) Chrome/143.0.0.0 Safari/537.36 Edg/143.0.0.0"
42.116.117.207 - - [22/Dec/2025:23:49:52 +0700] "GET /cms/dashboard HTTP/2.0" 200 3607 "https://erp.nhatnamsst.com/cms/quote-request/show/12" "Mozilla/5.0 (Windows NT 10.0; Win64; x64) AppleWebKit/537.36 (KHTML, like Gecko) Chrome/143.0.0.0 Safari/537.36 Edg/143.0.0.0"
115.76.50.202 - - [22/Dec/2025:23:49:53 +0700] "GET / HTTP/2.0" 302 406 "https://erp.nhatnamsst.com/cms/dashboard" "Mozilla/5.0 (Windows NT 10.0; Win64; x64) AppleWebKit/537.36 (KHTML, like Gecko) Chrome/143.0.0.0 Safari/537.36 Edg/143.0.0.0"
115.76.50.202 - - [22/Dec/2025:23:49:53 +0700] "GET /cms/dashboard HTTP/2.0" 200 3673 "https://erp.nhatnamsst.com/cms/dashboard" "Mozilla/5.0 (Windows NT 10.0; Win64; x64) AppleWebKit/537.36 (KHTML, like Gecko) Chrome/143.0.0.0 Safari/537.36 Edg/143.0.0.0"
115.76.50.202 - - [22/Dec/2025:23:49:53 +0700] "GET /cms/quote-request/statistics HTTP/2.0" 200 7081 "https://erp.nhatnamsst.com/cms/dashboard" "Mozilla/5.0 (Windows NT 10.0; Win64; x64) AppleWebKit/537.36 (KHTML, like Gecko) Chrome/143.0.0.0 Safari/537.36 Edg/143.0.0.0"
115.76.50.202 - - [22/Dec/2025:23:49:54 +0700] "GET / HTTP/2.0" 302 406 "https://erp.nhatnamsst.com/cms/quote-request/statistics" "Mozilla/5.0 (Windows NT 10.0; Win64; x64) AppleWebKit/537.36 (KHTML, like Gecko) Chrome/143.0.0.0 Safari/537.36 Edg/143.0.0.0"
115.76.50.202 - - [22/Dec/2025:23:49:54 +0700] "POST /cms/quote-request/get-statistics-data HTTP/2.0" 200 186 "https://erp.nhatnamsst.com/cms/quote-request/statistics" "Mozilla/5.0 (Windows NT 10.0; Win64; x64) AppleWebKit/537.36 (KHTML, like Gecko) Chrome/143.0.0.0 Safari/537.36 Edg/143.0.0.0"
115.76.50.202 - - [22/Dec/2025:23:49:54 +0700] "GET /cms/dashboard HTTP/2.0" 200 3673 "https://erp.nhatnamsst.com/cms/quote-request/statistics" "Mozilla/5.0 (Windows NT 10.0; Win64; x64) AppleWebKit/537.36 (KHTML, like Gecko) Chrome/143.0.0.0 Safari/537.36 Edg/143.0.0.0"
115.76.50.202 - - [22/Dec/2025:23:49:55 +0700] "GET / HTTP/2.0" 302 406 "https://erp.nhatnamsst.com/cms/quote-request/statistics" "Mozilla/5.0 (Windows NT 10.0; Win64; x64) AppleWebKit/537.36 (KHTML, like Gecko) Chrome/143.0.0.0 Safari/537.36 Edg/143.0.0.0"
115.76.50.202 - - [22/Dec/2025:23:49:55 +0700] "GET /cms/dashboard HTTP/2.0" 200 3673 "https://erp.nhatnamsst.com/cms/quote-request/statistics" "Mozilla/5.0 (Windows NT 10.0; Win64; x64) AppleWebKit/537.36 (KHTML, like Gecko) Chrome/143.0.0.0 Safari/537.36 Edg/143.0.0.0"
42.116.117.207 - - [22/Dec/2025:23:49:58 +0700] "GET /cms/quote-request HTTP/2.0" 200 7062 "https://erp.nhatnamsst.com/cms/quote-request/show/12" "Mozilla/5.0 (Windows NT 10.0; Win64; x64) AppleWebKit/537.36 (KHTML, like Gecko) Chrome/143.0.0.0 Safari/537.36 Edg/143.0.0.0"
42.116.117.207 - - [22/Dec/2025:23:49:58 +0700] "GET / HTTP/2.0" 302 406 "https://erp.nhatnamsst.com/cms/quote-request" "Mozilla/5.0 (Windows NT 10.0; Win64; x64) AppleWebKit/537.36 (KHTML, like Gecko) Chrome/143.0.0.0 Safari/537.36 Edg/143.0.0.0"
42.116.117.207 - - [22/Dec/2025:23:49:58 +0700] "GET /cms/quote-request?draw=1&columns%5B0%5D%5Bdata%5D=code&columns%5B1%5D%5Bdata%5D=sale_id&columns%5B1%5D%5Borderable%5D=false&columns%5B2%5D%5Bdata%5D=brand_id&columns%5B2%5D%5Borderable%5D=false&columns%5B3%5D%5Bdata%5D=customer_id&columns%5B3%5D%5Borderable%5D=false&columns%5B4%5D%5Bdata%5D=customer_type&columns%5B4%5D%5Borderable%5D=false&columns%5B5%5D%5Bdata%5D=request_date&columns%5B6%5D%5Bdata%5D=manager&columns%5B6%5D%5Borderable%5D=false&columns%5B7%5D%5Bdata%5D=status&columns%5B8%5D%5Bdata%5D=action&columns%5B8%5D%5Borderable%5D=false&order%5B0%5D%5Bcolumn%5D=0&order%5B0%5D%5Bdir%5D=desc&start=0&length=50&search%5Bvalue%5D=&_=1766422201737 HTTP/2.0" 200 2746 "https://erp.nhatnamsst.com/cms/quote-request" "Mozilla/5.0 (Windows NT 10.0; Win64; x64) AppleWebKit/537.36 (KHTML, like Gecko) Chrome/143.0.0.0 Safari/537.36 Edg/143.0.0.0"
42.116.117.207 - - [22/Dec/2025:23:49:59 +0700] "GET /cms/dashboard HTTP/2.0" 200 3607 "https://erp.nhatnamsst.com/cms/quote-request" "Mozilla/5.0 (Windows NT 10.0; Win64; x64) AppleWebKit/537.36 (KHTML, like Gecko) Chrome/143.0.0.0 Safari/537.36 Edg/143.0.0.0"
185.191.171.3 - - [22/Dec/2025:23:50:05 +0700] "GET /hop-am/tuoi-ngoc-nu-ca-2-733 HTTP/1.1" 404 146 "-" "Mozilla/5.0 (compatible; SemrushBot/7~bl; +http://www.semrush.com/bot.html)"
115.76.50.202 - - [22/Dec/2025:23:50:11 +0700] "GET /cms/quote-request HTTP/2.0" 200 7168 "https://erp.nhatnamsst.com/cms/quote-request/statistics" "Mozilla/5.0 (Windows NT 10.0; Win64; x64) AppleWebKit/537.36 (KHTML, like Gecko) Chrome/143.0.0.0 Safari/537.36 Edg/143.0.0.0"
115.76.50.202 - - [22/Dec/2025:23:50:11 +0700] "GET / HTTP/2.0" 302 406 "https://erp.nhatnamsst.com/cms/quote-request" "Mozilla/5.0 (Windows NT 10.0; Win64; x64) AppleWebKit/537.36 (KHTML, like Gecko) Chrome/143.0.0.0 Safari/537.36 Edg/143.0.0.0"
115.76.50.202 - - [22/Dec/2025:23:50:11 +0700] "GET /cms/dashboard HTTP/2.0" 200 3673 "https://erp.nhatnamsst.com/cms/quote-request" "Mozilla/5.0 (Windows NT 10.0; Win64; x64) AppleWebKit/537.36 (KHTML, like Gecko) Chrome/143.0.0.0 Safari/537.36 Edg/143.0.0.0"
115.76.50.202 - - [22/Dec/2025:23:50:11 +0700] "GET /cms/quote-request?draw=1&columns%5B0%5D%5Bdata%5D=code&columns%5B1%5D%5Bdata%5D=sale_id&columns%5B1%5D%5Borderable%5D=false&columns%5B2%5D%5Bdata%5D=brand_id&columns%5B2%5D%5Borderable%5D=false&columns%5B3%5D%5Bdata%5D=customer_id&columns%5B3%5D%5Borderable%5D=false&columns%5B4%5D%5Bdata%5D=customer_type&columns%5B4%5D%5Borderable%5D=false&columns%5B5%5D%5Bdata%5D=request_date&columns%5B6%5D%5Bdata%5D=inters&columns%5B6%5D%5Borderable%5D=false&columns%5B7%5D%5Bdata%5D=manager&columns%5B7%5D%5Borderable%5D=false&columns%5B8%5D%5Bdata%5D=status&columns%5B9%5D%5Bdata%5D=action&columns%5B9%5D%5Borderable%5D=false&order%5B0%5D%5Bcolumn%5D=0&order%5B0%5D%5Bdir%5D=desc&start=0&length=50&search%5Bvalue%5D=&_=1766422211127 HTTP/2.0" 200 2459 "https://erp.nhatnamsst.com/cms/quote-request" "Mozilla/5.0 (Windows NT 10.0; Win64; x64) AppleWebKit/537.36 (KHTML, like Gecko) Chrome/143.0.0.0 Safari/537.36 Edg/143.0.0.0"
115.76.50.202 - - [22/Dec/2025:23:50:12 +0700] "GET / HTTP/2.0" 302 406 "https://erp.nhatnamsst.com/cms/quote-request" "Mozilla/5.0 (Windows NT 10.0; Win64; x64) AppleWebKit/537.36 (KHTML, like Gecko) Chrome/143.0.0.0 Safari/537.36 Edg/143.0.0.0"
115.76.50.202 - - [22/Dec/2025:23:50:12 +0700] "GET /cms/dashboard HTTP/2.0" 200 3673 "https://erp.nhatnamsst.com/cms/quote-request" "Mozilla/5.0 (Windows NT 10.0; Win64; x64) AppleWebKit/537.36 (KHTML, like Gecko) Chrome/143.0.0.0 Safari/537.36 Edg/143.0.0.0"
17.241.227.59 - - [22/Dec/2025:23:50:13 +0700] "GET /hop-am/dua-em-ve-miet-vuon-21611 HTTP/1.1" 404 146 "-" "Mozilla/5.0 (Macintosh; Intel Mac OS X 10_15_7) AppleWebKit/605.1.15 (KHTML, like Gecko) Version/17.4 Safari/605.1.15 (Applebot/0.1; +http://www.apple.com/go/applebot)"
115.76.50.202 - - [22/Dec/2025:23:50:15 +0700] "GET /cms/quote-request/show/12 HTTP/2.0" 200 19669 "https://erp.nhatnamsst.com/cms/quote-request" "Mozilla/5.0 (Windows NT 10.0; Win64; x64) AppleWebKit/537.36 (KHTML, like Gecko) Chrome/143.0.0.0 Safari/537.36 Edg/143.0.0.0"
115.76.50.202 - - [22/Dec/2025:23:50:16 +0700] "GET / HTTP/2.0" 302 406 "https://erp.nhatnamsst.com/cms/quote-request/show/12" "Mozilla/5.0 (Windows NT 10.0; Win64; x64) AppleWebKit/537.36 (KHTML, like Gecko) Chrome/143.0.0.0 Safari/537.36 Edg/143.0.0.0"
85.208.96.198 - - [22/Dec/2025:23:50:16 +0700] "GET /hop-am/khi-hoa-dao-no-9604 HTTP/1.1" 404 146 "-" "Mozilla/5.0 (compatible; SemrushBot/7~bl; +http://www.semrush.com/bot.html)"
115.76.50.202 - - [22/Dec/2025:23:50:16 +0700] "GET /cms/dashboard HTTP/2.0" 200 3673 "https://erp.nhatnamsst.com/cms/quote-request/show/12" "Mozilla/5.0 (Windows NT 10.0; Win64; x64) AppleWebKit/537.36 (KHTML, like Gecko) Chrome/143.0.0.0 Safari/537.36 Edg/143.0.0.0"
115.76.50.202 - - [22/Dec/2025:23:50:16 +0700] "GET / HTTP/2.0" 302 406 "https://erp.nhatnamsst.com/cms/quote-request/show/12" "Mozilla/5.0 (Windows NT 10.0; Win64; x64) AppleWebKit/537.36 (KHTML, like Gecko) Chrome/143.0.0.0 Safari/537.36 Edg/143.0.0.0"
115.76.50.202 - - [22/Dec/2025:23:50:17 +0700] "GET /cms/dashboard HTTP/2.0" 200 3673 "https://erp.nhatnamsst.com/cms/quote-request/show/12" "Mozilla/5.0 (Windows NT 10.0; Win64; x64) AppleWebKit/537.36 (KHTML, like Gecko) Chrome/143.0.0.0 Safari/537.36 Edg/143.0.0.0"
115.76.50.202 - - [22/Dec/2025:23:50:30 +0700] "GET /cms/dashboard HTTP/2.0" 200 3673 "https://erp.nhatnamsst.com/cms/quote-request/show/12" "Mozilla/5.0 (Windows NT 10.0; Win64; x64) AppleWebKit/537.36 (KHTML, like Gecko) Chrome/143.0.0.0 Safari/537.36 Edg/143.0.0.0"
115.76.50.202 - - [22/Dec/2025:23:50:30 +0700] "GET / HTTP/2.0" 302 406 "https://erp.nhatnamsst.com/cms/dashboard" "Mozilla/5.0 (Windows NT 10.0; Win64; x64) AppleWebKit/537.36 (KHTML, like Gecko) Chrome/143.0.0.0 Safari/537.36 Edg/143.0.0.0"
115.76.50.202 - - [22/Dec/2025:23:50:31 +0700] "GET /cms/dashboard HTTP/2.0" 200 3673 "https://erp.nhatnamsst.com/cms/dashboard" "Mozilla/5.0 (Windows NT 10.0; Win64; x64) AppleWebKit/537.36 (KHTML, like Gecko) Chrome/143.0.0.0 Safari/537.36 Edg/143.0.0.0"
115.76.50.202 - - [22/Dec/2025:23:50:31 +0700] "GET / HTTP/2.0" 302 406 "https://erp.nhatnamsst.com/cms/dashboard" "Mozilla/5.0 (Windows NT 10.0; Win64; x64) AppleWebKit/537.36 (KHTML, like Gecko) Chrome/143.0.0.0 Safari/537.36 Edg/143.0.0.0"
115.76.50.202 - - [22/Dec/2025:23:50:31 +0700] "GET /cms/dashboard HTTP/2.0" 200 3673 "https://erp.nhatnamsst.com/cms/dashboard" "Mozilla/5.0 (Windows NT 10.0; Win64; x64) AppleWebKit/537.36 (KHTML, like Gecko) Chrome/143.0.0.0 Safari/537.36 Edg/143.0.0.0"
204.76.203.8 - - [22/Dec/2025:23:50:33 +0700] "PROPFIND / HTTP/1.1" 405 150 "http://45.119.85.85:443/" "-"
185.191.171.17 - - [22/Dec/2025:23:50:37 +0700] "GET /hop-am/chieu-vang-nhung-nho-44858 HTTP/1.1" 404 146 "-" "Mozilla/5.0 (compatible; SemrushBot/7~bl; +http://www.semrush.com/bot.html)"
115.76.50.202 - - [22/Dec/2025:23:50:43 +0700] "GET /cms/quote-request HTTP/2.0" 200 7168 "https://erp.nhatnamsst.com/cms/quote-request/create" "Mozilla/5.0 (Windows NT 10.0; Win64; x64) AppleWebKit/537.36 (KHTML, like Gecko) Chrome/143.0.0.0 Safari/537.36 Edg/143.0.0.0"
115.76.50.202 - - [22/Dec/2025:23:50:44 +0700] "GET / HTTP/2.0" 302 406 "https://erp.nhatnamsst.com/cms/quote-request" "Mozilla/5.0 (Windows NT 10.0; Win64; x64) AppleWebKit/537.36 (KHTML, like Gecko) Chrome/143.0.0.0 Safari/537.36 Edg/143.0.0.0"
115.76.50.202 - - [22/Dec/2025:23:50:44 +0700] "GET /cms/quote-request?draw=1&columns%5B0%5D%5Bdata%5D=code&columns%5B1%5D%5Bdata%5D=sale_id&columns%5B1%5D%5Borderable%5D=false&columns%5B2%5D%5Bdata%5D=brand_id&columns%5B2%5D%5Borderable%5D=false&columns%5B3%5D%5Bdata%5D=customer_id&columns%5B3%5D%5Borderable%5D=false&columns%5B4%5D%5Bdata%5D=customer_type&columns%5B4%5D%5Borderable%5D=false&columns%5B5%5D%5Bdata%5D=request_date&columns%5B6%5D%5Bdata%5D=inters&columns%5B6%5D%5Borderable%5D=false&columns%5B7%5D%5Bdata%5D=manager&columns%5B7%5D%5Borderable%5D=false&columns%5B8%5D%5Bdata%5D=status&columns%5B9%5D%5Bdata%5D=action&columns%5B9%5D%5Borderable%5D=false&order%5B0%5D%5Bcolumn%5D=0&order%5B0%5D%5Bdir%5D=desc&start=0&length=50&search%5Bvalue%5D=&_=1766422243871 HTTP/2.0" 200 2459 "https://erp.nhatnamsst.com/cms/quote-request" "Mozilla/5.0 (Windows NT 10.0; Win64; x64) AppleWebKit/537.36 (KHTML, like Gecko) Chrome/143.0.0.0 Safari/537.36 Edg/143.0.0.0"
115.76.50.202 - - [22/Dec/2025:23:50:44 +0700] "GET /cms/dashboard HTTP/2.0" 200 3673 "https://erp.nhatnamsst.com/cms/quote-request" "Mozilla/5.0 (Windows NT 10.0; Win64; x64) AppleWebKit/537.36 (KHTML, like Gecko) Chrome/143.0.0.0 Safari/537.36 Edg/143.0.0.0"
115.76.50.202 - - [22/Dec/2025:23:50:45 +0700] "GET / HTTP/2.0" 302 406 "https://erp.nhatnamsst.com/cms/quote-request" "Mozilla/5.0 (Windows NT 10.0; Win64; x64) AppleWebKit/537.36 (KHTML, like Gecko) Chrome/143.0.0.0 Safari/537.36 Edg/143.0.0.0"
115.76.50.202 - - [22/Dec/2025:23:50:45 +0700] "GET /cms/dashboard HTTP/2.0" 200 3673 "https://erp.nhatnamsst.com/cms/quote-request" "Mozilla/5.0 (Windows NT 10.0; Win64; x64) AppleWebKit/537.36 (KHTML, like Gecko) Chrome/143.0.0.0 Safari/537.36 Edg/143.0.0.0"
115.76.50.202 - - [22/Dec/2025:23:50:48 +0700] "GET /cms/quote-request/show/12 HTTP/2.0" 200 19669 "https://erp.nhatnamsst.com/cms/quote-request" "Mozilla/5.0 (Windows NT 10.0; Win64; x64) AppleWebKit/537.36 (KHTML, like Gecko) Chrome/143.0.0.0 Safari/537.36 Edg/143.0.0.0"
43.154.243.69 - - [22/Dec/2025:23:50:49 +0700] "GET /hop-am/xuyen-moc-dem-mua-29366 HTTP/2.0" 404 548 "https://thuvienhopam.com/hop-am/xuyen-moc-dem-mua-29366" "Mozilla/5.0 (Macintosh; Intel Mac OS X 10_15_7) AppleWebKit/537.36 (KHTML, like Gecko) Chrome/123.0.0.0 Safari/537.36"
115.76.50.202 - - [22/Dec/2025:23:50:49 +0700] "GET / HTTP/2.0" 302 406 "https://erp.nhatnamsst.com/cms/quote-request/show/12" "Mozilla/5.0 (Windows NT 10.0; Win64; x64) AppleWebKit/537.36 (KHTML, like Gecko) Chrome/143.0.0.0 Safari/537.36 Edg/143.0.0.0"
115.76.50.202 - - [22/Dec/2025:23:50:49 +0700] "GET /cms/dashboard HTTP/2.0" 200 3673 "https://erp.nhatnamsst.com/cms/quote-request/show/12" "Mozilla/5.0 (Windows NT 10.0; Win64; x64) AppleWebKit/537.36 (KHTML, like Gecko) Chrome/143.0.0.0 Safari/537.36 Edg/143.0.0.0"
115.76.50.202 - - [22/Dec/2025:23:50:50 +0700] "GET / HTTP/2.0" 302 406 "https://erp.nhatnamsst.com/cms/quote-request/show/12" "Mozilla/5.0 (Windows NT 10.0; Win64; x64) AppleWebKit/537.36 (KHTML, like Gecko) Chrome/143.0.0.0 Safari/537.36 Edg/143.0.0.0"
115.76.50.202 - - [22/Dec/2025:23:50:50 +0700] "GET /cms/dashboard HTTP/2.0" 200 3673 "https://erp.nhatnamsst.com/cms/quote-request/show/12" "Mozilla/5.0 (Windows NT 10.0; Win64; x64) AppleWebKit/537.36 (KHTML, like Gecko) Chrome/143.0.0.0 Safari/537.36 Edg/143.0.0.0"
185.191.171.11 - - [22/Dec/2025:23:50:51 +0700] "GET /hop-am/buon-hay-di-di-41245 HTTP/1.1" 404 146 "-" "Mozilla/5.0 (compatible; SemrushBot/7~bl; +http://www.semrush.com/bot.html)"
34.194.95.99 - - [22/Dec/2025:23:50:54 +0700] "GET /hop-am/turning-japanese-7744 HTTP/1.1" 404 548 "-" "Mozilla/5.0 AppleWebKit/537.36 (KHTML, like Gecko; compatible; Amazonbot/0.1; +https://developer.amazon.com/support/amazonbot) Chrome/119.0.6045.214 Safari/537.36"
54.197.82.195 - - [22/Dec/2025:23:50:58 +0700] "GET /hop-am/ca-si/elton-john HTTP/1.1" 404 548 "-" "Mozilla/5.0 AppleWebKit/537.36 (KHTML, like Gecko; compatible; Amazonbot/0.1; +https://developer.amazon.com/support/amazonbot) Chrome/119.0.6045.214 Safari/537.36"
115.76.50.202 - - [22/Dec/2025:23:51:00 +0700] "POST /cms/quote-request/assign-inter/12 HTTP/2.0" 200 132 "https://erp.nhatnamsst.com/cms/quote-request/show/12" "Mozilla/5.0 (Windows NT 10.0; Win64; x64) AppleWebKit/537.36 (KHTML, like Gecko) Chrome/143.0.0.0 Safari/537.36 Edg/143.0.0.0"
115.76.50.202 - - [22/Dec/2025:23:51:02 +0700] "GET /cms/quote-request/show/12 HTTP/2.0" 200 19501 "https://erp.nhatnamsst.com/cms/quote-request/show/12" "Mozilla/5.0 (Windows NT 10.0; Win64; x64) AppleWebKit/537.36 (KHTML, like Gecko) Chrome/143.0.0.0 Safari/537.36 Edg/143.0.0.0"
115.76.50.202 - - [22/Dec/2025:23:51:03 +0700] "GET / HTTP/2.0" 302 406 "https://erp.nhatnamsst.com/cms/quote-request/show/12" "Mozilla/5.0 (Windows NT 10.0; Win64; x64) AppleWebKit/537.36 (KHTML, like Gecko) Chrome/143.0.0.0 Safari/537.36 Edg/143.0.0.0"
115.76.50.202 - - [22/Dec/2025:23:51:03 +0700] "GET /cms/dashboard HTTP/2.0" 200 3673 "https://erp.nhatnamsst.com/cms/quote-request/show/12" "Mozilla/5.0 (Windows NT 10.0; Win64; x64) AppleWebKit/537.36 (KHTML, like Gecko) Chrome/143.0.0.0 Safari/537.36 Edg/143.0.0.0"
115.76.50.202 - - [22/Dec/2025:23:51:03 +0700] "GET / HTTP/2.0" 302 406 "https://erp.nhatnamsst.com/cms/quote-request/show/12" "Mozilla/5.0 (Windows NT 10.0; Win64; x64) AppleWebKit/537.36 (KHTML, like Gecko) Chrome/143.0.0.0 Safari/537.36 Edg/143.0.0.0"
115.76.50.202 - - [22/Dec/2025:23:51:04 +0700] "GET /cms/dashboard HTTP/2.0" 200 3673 "https://erp.nhatnamsst.com/cms/quote-request/show/12" "Mozilla/5.0 (Windows NT 10.0; Win64; x64) AppleWebKit/537.36 (KHTML, like Gecko) Chrome/143.0.0.0 Safari/537.36 Edg/143.0.0.0"
42.116.117.207 - - [22/Dec/2025:23:51:05 +0700] "GET /cms/quote-request HTTP/2.0" 200 7062 "https://erp.nhatnamsst.com/cms/quote-request/show/12" "Mozilla/5.0 (Windows NT 10.0; Win64; x64) AppleWebKit/537.36 (KHTML, like Gecko) Chrome/143.0.0.0 Safari/537.36 Edg/143.0.0.0"
42.116.117.207 - - [22/Dec/2025:23:51:05 +0700] "GET / HTTP/2.0" 302 406 "https://erp.nhatnamsst.com/cms/quote-request" "Mozilla/5.0 (Windows NT 10.0; Win64; x64) AppleWebKit/537.36 (KHTML, like Gecko) Chrome/143.0.0.0 Safari/537.36 Edg/143.0.0.0"
42.116.117.207 - - [22/Dec/2025:23:51:05 +0700] "GET /cms/quote-request?draw=1&columns%5B0%5D%5Bdata%5D=code&columns%5B1%5D%5Bdata%5D=sale_id&columns%5B1%5D%5Borderable%5D=false&columns%5B2%5D%5Bdata%5D=brand_id&columns%5B2%5D%5Borderable%5D=false&columns%5B3%5D%5Bdata%5D=customer_id&columns%5B3%5D%5Borderable%5D=false&columns%5B4%5D%5Bdata%5D=customer_type&columns%5B4%5D%5Borderable%5D=false&columns%5B5%5D%5Bdata%5D=request_date&columns%5B6%5D%5Bdata%5D=manager&columns%5B6%5D%5Borderable%5D=false&columns%5B7%5D%5Bdata%5D=status&columns%5B8%5D%5Bdata%5D=action&columns%5B8%5D%5Borderable%5D=false&order%5B0%5D%5Bcolumn%5D=0&order%5B0%5D%5Bdir%5D=desc&start=0&length=50&search%5Bvalue%5D=&_=1766422268481 HTTP/2.0" 200 2763 "https://erp.nhatnamsst.com/cms/quote-request" "Mozilla/5.0 (Windows NT 10.0; Win64; x64) AppleWebKit/537.36 (KHTML, like Gecko) Chrome/143.0.0.0 Safari/537.36 Edg/143.0.0.0"
42.116.117.207 - - [22/Dec/2025:23:51:05 +0700] "GET /cms/dashboard HTTP/2.0" 200 3607 "https://erp.nhatnamsst.com/cms/quote-request" "Mozilla/5.0 (Windows NT 10.0; Win64; x64) AppleWebKit/537.36 (KHTML, like Gecko) Chrome/143.0.0.0 Safari/537.36 Edg/143.0.0.0"
115.76.50.202 - - [22/Dec/2025:23:51:12 +0700] "GET /cms/quote-request HTTP/2.0" 200 7168 "https://erp.nhatnamsst.com/cms/quote-request/show/12" "Mozilla/5.0 (Windows NT 10.0; Win64; x64) AppleWebKit/537.36 (KHTML, like Gecko) Chrome/143.0.0.0 Safari/537.36 Edg/143.0.0.0"
115.76.50.202 - - [22/Dec/2025:23:51:13 +0700] "GET / HTTP/2.0" 302 406 "https://erp.nhatnamsst.com/cms/quote-request" "Mozilla/5.0 (Windows NT 10.0; Win64; x64) AppleWebKit/537.36 (KHTML, like Gecko) Chrome/143.0.0.0 Safari/537.36 Edg/143.0.0.0"
115.76.50.202 - - [22/Dec/2025:23:51:13 +0700] "GET /cms/quote-request?draw=1&columns%5B0%5D%5Bdata%5D=code&columns%5B1%5D%5Bdata%5D=sale_id&columns%5B1%5D%5Borderable%5D=false&columns%5B2%5D%5Bdata%5D=brand_id&columns%5B2%5D%5Borderable%5D=false&columns%5B3%5D%5Bdata%5D=customer_id&columns%5B3%5D%5Borderable%5D=false&columns%5B4%5D%5Bdata%5D=customer_type&columns%5B4%5D%5Borderable%5D=false&columns%5B5%5D%5Bdata%5D=request_date&columns%5B6%5D%5Bdata%5D=inters&columns%5B6%5D%5Borderable%5D=false&columns%5B7%5D%5Bdata%5D=manager&columns%5B7%5D%5Borderable%5D=false&columns%5B8%5D%5Bdata%5D=status&columns%5B9%5D%5Bdata%5D=action&columns%5B9%5D%5Borderable%5D=false&order%5B0%5D%5Bcolumn%5D=0&order%5B0%5D%5Bdir%5D=desc&start=0&length=50&search%5Bvalue%5D=&_=1766422273001 HTTP/2.0" 200 2447 "https://erp.nhatnamsst.com/cms/quote-request" "Mozilla/5.0 (Windows NT 10.0; Win64; x64) AppleWebKit/537.36 (KHTML, like Gecko) Chrome/143.0.0.0 Safari/537.36 Edg/143.0.0.0"
115.76.50.202 - - [22/Dec/2025:23:51:13 +0700] "GET /cms/dashboard HTTP/2.0" 200 3673 "https://erp.nhatnamsst.com/cms/quote-request" "Mozilla/5.0 (Windows NT 10.0; Win64; x64) AppleWebKit/537.36 (KHTML, like Gecko) Chrome/143.0.0.0 Safari/537.36 Edg/143.0.0.0"
115.76.50.202 - - [22/Dec/2025:23:51:14 +0700] "GET / HTTP/2.0" 302 406 "https://erp.nhatnamsst.com/cms/quote-request" "Mozilla/5.0 (Windows NT 10.0; Win64; x64) AppleWebKit/537.36 (KHTML, like Gecko) Chrome/143.0.0.0 Safari/537.36 Edg/143.0.0.0"
115.76.50.202 - - [22/Dec/2025:23:51:14 +0700] "GET /cms/dashboard HTTP/2.0" 200 3673 "https://erp.nhatnamsst.com/cms/quote-request" "Mozilla/5.0 (Windows NT 10.0; Win64; x64) AppleWebKit/537.36 (KHTML, like Gecko) Chrome/143.0.0.0 Safari/537.36 Edg/143.0.0.0"
85.208.96.199 - - [22/Dec/2025:23:51:20 +0700] "GET /hop-am/mot-mai-minh-xa-nhau-chuc-moi-nguoi-moi-dieu-tot-dep-zuk-daai-gaa-hou-gwo-1419 HTTP/1.1" 404 146 "-" "Mozilla/5.0 (compatible; SemrushBot/7~bl; +http://www.semrush.com/bot.html)"
185.191.171.5 - - [22/Dec/2025:23:51:37 +0700] "GET /hop-am/co-dau-cua-anh-20828 HTTP/1.1" 404 146 "-" "Mozilla/5.0 (compatible; SemrushBot/7~bl; +http://www.semrush.com/bot.html)"
85.208.96.193 - - [22/Dec/2025:23:51:39 +0700] "GET /hop-am/khong-co-nhau-trong-doi-without-you-1235 HTTP/1.1" 404 146 "-" "Mozilla/5.0 (compatible; SemrushBot/7~bl; +http://www.semrush.com/bot.html)"
115.76.50.202 - - [22/Dec/2025:23:51:41 +0700] "GET / HTTP/2.0" 302 390 "-" "Mozilla/5.0 (Windows NT 10.0; Win64; x64) AppleWebKit/537.36 (KHTML, like Gecko) Chrome/143.0.0.0 Safari/537.36 Edg/143.0.0.0"
115.76.50.202 - - [22/Dec/2025:23:51:41 +0700] "GET /cms/login HTTP/2.0" 200 1073 "-" "Mozilla/5.0 (Windows NT 10.0; Win64; x64) AppleWebKit/537.36 (KHTML, like Gecko) Chrome/143.0.0.0 Safari/537.36 Edg/143.0.0.0"
185.191.171.18 - - [22/Dec/2025:23:51:42 +0700] "GET /hop-am/ha-ve-nho-huong-xua-566 HTTP/1.1" 404 146 "-" "Mozilla/5.0 (compatible; SemrushBot/7~bl; +http://www.semrush.com/bot.html)"
115.76.50.202 - - [22/Dec/2025:23:51:42 +0700] "GET / HTTP/2.0" 302 390 "https://erp.nhatnamsst.com/cms/login" "Mozilla/5.0 (Windows NT 10.0; Win64; x64) AppleWebKit/537.36 (KHTML, like Gecko) Chrome/143.0.0.0 Safari/537.36 Edg/143.0.0.0"
115.76.50.202 - - [22/Dec/2025:23:51:42 +0700] "GET /cms/login HTTP/2.0" 200 1073 "https://erp.nhatnamsst.com/cms/login" "Mozilla/5.0 (Windows NT 10.0; Win64; x64) AppleWebKit/537.36 (KHTML, like Gecko) Chrome/143.0.0.0 Safari/537.36 Edg/143.0.0.0"
115.76.50.202 - - [22/Dec/2025:23:51:48 +0700] "GET /cms/admin HTTP/2.0" 200 5709 "https://erp.nhatnamsst.com/cms/quote-request" "Mozilla/5.0 (Windows NT 10.0; Win64; x64) AppleWebKit/537.36 (KHTML, like Gecko) Chrome/143.0.0.0 Safari/537.36 Edg/143.0.0.0"
115.76.50.202 - - [22/Dec/2025:23:51:49 +0700] "GET / HTTP/2.0" 302 406 "https://erp.nhatnamsst.com/cms/admin" "Mozilla/5.0 (Windows NT 10.0; Win64; x64) AppleWebKit/537.36 (KHTML, like Gecko) Chrome/143.0.0.0 Safari/537.36 Edg/143.0.0.0"
115.76.50.202 - - [22/Dec/2025:23:51:49 +0700] "GET /cms/admin?draw=1&columns%5B0%5D%5Bdata%5D=code&columns%5B1%5D%5Bdata%5D=fullname&columns%5B2%5D%5Bdata%5D=phone&columns%5B3%5D%5Bdata%5D=email&columns%5B4%5D%5Bdata%5D=role&columns%5B5%5D%5Bdata%5D=created_at&columns%5B6%5D%5Bdata%5D=action&columns%5B6%5D%5Borderable%5D=false&order%5B0%5D%5Bcolumn%5D=0&order%5B0%5D%5Bdir%5D=desc&start=0&length=50&search%5Bvalue%5D=&_=1766422308907 HTTP/2.0" 200 1124 "https://erp.nhatnamsst.com/cms/admin" "Mozilla/5.0 (Windows NT 10.0; Win64; x64) AppleWebKit/537.36 (KHTML, like Gecko) Chrome/143.0.0.0 Safari/537.36 Edg/143.0.0.0"
115.76.50.202 - - [22/Dec/2025:23:51:49 +0700] "GET /cms/dashboard HTTP/2.0" 200 3673 "https://erp.nhatnamsst.com/cms/admin" "Mozilla/5.0 (Windows NT 10.0; Win64; x64) AppleWebKit/537.36 (KHTML, like Gecko) Chrome/143.0.0.0 Safari/537.36 Edg/143.0.0.0"
115.76.50.202 - - [22/Dec/2025:23:51:49 +0700] "GET / HTTP/2.0" 302 406 "https://erp.nhatnamsst.com/cms/admin" "Mozilla/5.0 (Windows NT 10.0; Win64; x64) AppleWebKit/537.36 (KHTML, like Gecko) Chrome/143.0.0.0 Safari/537.36 Edg/143.0.0.0"
115.76.50.202 - - [22/Dec/2025:23:51:50 +0700] "GET /cms/dashboard HTTP/2.0" 200 3673 "https://erp.nhatnamsst.com/cms/admin" "Mozilla/5.0 (Windows NT 10.0; Win64; x64) AppleWebKit/537.36 (KHTML, like Gecko) Chrome/143.0.0.0 Safari/537.36 Edg/143.0.0.0"
17.22.253.10 - - [22/Dec/2025:23:51:53 +0700] "GET /hop-am/co-nhung-luc-2743 HTTP/1.1" 404 146 "-" "Mozilla/5.0 (Macintosh; Intel Mac OS X 10_15_7) AppleWebKit/605.1.15 (KHTML, like Gecko) Version/17.4 Safari/605.1.15 (Applebot/0.1; +http://www.apple.com/go/applebot)"
17.241.75.141 - - [22/Dec/2025:23:51:55 +0700] "GET /hop-am/anh-khong-noi-that-co-ai-noi-voi-em-khong-you-mei-you-ren-gao-su-ni-1360 HTTP/1.1" 404 146 "-" "Mozilla/5.0 (Macintosh; Intel Mac OS X 10_15_7) AppleWebKit/605.1.15 (KHTML, like Gecko) Version/17.4 Safari/605.1.15 (Applebot/0.1; +http://www.apple.com/go/applebot)"
17.241.219.92 - - [22/Dec/2025:23:51:56 +0700] "GET /hop-am/phai-chi-38237 HTTP/1.1" 404 146 "-" "Mozilla/5.0 (Macintosh; Intel Mac OS X 10_15_7) AppleWebKit/605.1.15 (KHTML, like Gecko) Version/17.4 Safari/605.1.15 (Applebot/0.1; +http://www.apple.com/go/applebot)"
115.76.50.202 - - [22/Dec/2025:23:52:07 +0700] "GET /cms/customer HTTP/2.0" 200 6457 "https://erp.nhatnamsst.com/cms/admin" "Mozilla/5.0 (Windows NT 10.0; Win64; x64) AppleWebKit/537.36 (KHTML, like Gecko) Chrome/143.0.0.0 Safari/537.36 Edg/143.0.0.0"
115.76.50.202 - - [22/Dec/2025:23:52:08 +0700] "GET / HTTP/2.0" 302 406 "https://erp.nhatnamsst.com/cms/customer" "Mozilla/5.0 (Windows NT 10.0; Win64; x64) AppleWebKit/537.36 (KHTML, like Gecko) Chrome/143.0.0.0 Safari/537.36 Edg/143.0.0.0"
115.76.50.202 - - [22/Dec/2025:23:52:08 +0700] "GET /cms/customer?draw=1&columns%5B0%5D%5Bdata%5D=code&columns%5B1%5D%5Bdata%5D=type&columns%5B2%5D%5Bdata%5D=name&columns%5B3%5D%5Bdata%5D=short_name&columns%5B4%5D%5Bdata%5D=address&columns%5B5%5D%5Bdata%5D=contact_person&columns%5B6%5D%5Bdata%5D=position&columns%5B7%5D%5Bdata%5D=tax_code&columns%5B8%5D%5Bdata%5D=phone&columns%5B9%5D%5Bdata%5D=email&columns%5B10%5D%5Bdata%5D=payment_method&columns%5B11%5D%5Bdata%5D=sale_id&columns%5B11%5D%5Borderable%5D=false&columns%5B12%5D%5Bdata%5D=action&columns%5B12%5D%5Borderable%5D=false&order%5B0%5D%5Bcolumn%5D=0&order%5B0%5D%5Bdir%5D=desc&start=0&length=50&search%5Bvalue%5D=&_=1766422327978 HTTP/2.0" 200 1567 "https://erp.nhatnamsst.com/cms/customer" "Mozilla/5.0 (Windows NT 10.0; Win64; x64) AppleWebKit/537.36 (KHTML, like Gecko) Chrome/143.0.0.0 Safari/537.36 Edg/143.0.0.0"
115.76.50.202 - - [22/Dec/2025:23:52:08 +0700] "GET /cms/dashboard HTTP/2.0" 200 3673 "https://erp.nhatnamsst.com/cms/customer" "Mozilla/5.0 (Windows NT 10.0; Win64; x64) AppleWebKit/537.36 (KHTML, like Gecko) Chrome/143.0.0.0 Safari/537.36 Edg/143.0.0.0"
115.76.50.202 - - [22/Dec/2025:23:52:09 +0700] "GET / HTTP/2.0" 302 406 "https://erp.nhatnamsst.com/cms/customer" "Mozilla/5.0 (Windows NT 10.0; Win64; x64) AppleWebKit/537.36 (KHTML, like Gecko) Chrome/143.0.0.0 Safari/537.36 Edg/143.0.0.0"
115.76.50.202 - - [22/Dec/2025:23:52:09 +0700] "GET /cms/dashboard HTTP/2.0" 200 3673 "https://erp.nhatnamsst.com/cms/customer" "Mozilla/5.0 (Windows NT 10.0; Win64; x64) AppleWebKit/537.36 (KHTML, like Gecko) Chrome/143.0.0.0 Safari/537.36 Edg/143.0.0.0"
85.208.96.206 - - [22/Dec/2025:23:52:11 +0700] "GET /hop-am/me-mai-roi-xa-32355 HTTP/1.1" 404 146 "-" "Mozilla/5.0 (compatible; SemrushBot/7~bl; +http://www.semrush.com/bot.html)"
185.191.171.18 - - [22/Dec/2025:23:52:13 +0700] "GET /hop-am/hen-mot-ngay-vui-4936 HTTP/1.1" 404 146 "-" "Mozilla/5.0 (compatible; SemrushBot/7~bl; +http://www.semrush.com/bot.html)"
115.76.50.202 - - [22/Dec/2025:23:52:14 +0700] "GET /cms/quote-request HTTP/2.0" 200 7168 "https://erp.nhatnamsst.com/cms/customer" "Mozilla/5.0 (Windows NT 10.0; Win64; x64) AppleWebKit/537.36 (KHTML, like Gecko) Chrome/143.0.0.0 Safari/537.36 Edg/143.0.0.0"
115.76.50.202 - - [22/Dec/2025:23:52:15 +0700] "GET / HTTP/2.0" 302 406 "https://erp.nhatnamsst.com/cms/quote-request" "Mozilla/5.0 (Windows NT 10.0; Win64; x64) AppleWebKit/537.36 (KHTML, like Gecko) Chrome/143.0.0.0 Safari/537.36 Edg/143.0.0.0"
115.76.50.202 - - [22/Dec/2025:23:52:15 +0700] "GET /cms/quote-request?draw=1&columns%5B0%5D%5Bdata%5D=code&columns%5B1%5D%5Bdata%5D=sale_id&columns%5B1%5D%5Borderable%5D=false&columns%5B2%5D%5Bdata%5D=brand_id&columns%5B2%5D%5Borderable%5D=false&columns%5B3%5D%5Bdata%5D=customer_id&columns%5B3%5D%5Borderable%5D=false&columns%5B4%5D%5Bdata%5D=customer_type&columns%5B4%5D%5Borderable%5D=false&columns%5B5%5D%5Bdata%5D=request_date&columns%5B6%5D%5Bdata%5D=inters&columns%5B6%5D%5Borderable%5D=false&columns%5B7%5D%5Bdata%5D=manager&columns%5B7%5D%5Borderable%5D=false&columns%5B8%5D%5Bdata%5D=status&columns%5B9%5D%5Bdata%5D=action&columns%5B9%5D%5Borderable%5D=false&order%5B0%5D%5Bcolumn%5D=0&order%5B0%5D%5Bdir%5D=desc&start=0&length=50&search%5Bvalue%5D=&_=1766422335168 HTTP/2.0" 200 2447 "https://erp.nhatnamsst.com/cms/quote-request" "Mozilla/5.0 (Windows NT 10.0; Win64; x64) AppleWebKit/537.36 (KHTML, like Gecko) Chrome/143.0.0.0 Safari/537.36 Edg/143.0.0.0"
115.76.50.202 - - [22/Dec/2025:23:52:15 +0700] "GET /cms/dashboard HTTP/2.0" 200 3673 "https://erp.nhatnamsst.com/cms/quote-request" "Mozilla/5.0 (Windows NT 10.0; Win64; x64) AppleWebKit/537.36 (KHTML, like Gecko) Chrome/143.0.0.0 Safari/537.36 Edg/143.0.0.0"
85.208.96.205 - - [22/Dec/2025:23:52:16 +0700] "GET /hop-am/phuong-hong-10665 HTTP/1.1" 404 146 "-" "Mozilla/5.0 (compatible; SemrushBot/7~bl; +http://www.semrush.com/bot.html)"
115.76.50.202 - - [22/Dec/2025:23:52:16 +0700] "GET / HTTP/2.0" 302 406 "https://erp.nhatnamsst.com/cms/quote-request" "Mozilla/5.0 (Windows NT 10.0; Win64; x64) AppleWebKit/537.36 (KHTML, like Gecko) Chrome/143.0.0.0 Safari/537.36 Edg/143.0.0.0"
115.76.50.202 - - [22/Dec/2025:23:52:16 +0700] "GET /cms/dashboard HTTP/2.0" 200 3673 "https://erp.nhatnamsst.com/cms/quote-request" "Mozilla/5.0 (Windows NT 10.0; Win64; x64) AppleWebKit/537.36 (KHTML, like Gecko) Chrome/143.0.0.0 Safari/537.36 Edg/143.0.0.0"
85.208.96.212 - - [22/Dec/2025:23:52:27 +0700] "GET /hop-am/cho-mot-loi-cuoi-33980 HTTP/1.1" 404 146 "-" "Mozilla/5.0 (compatible; SemrushBot/7~bl; +http://www.semrush.com/bot.html)"
115.76.50.202 - - [22/Dec/2025:23:52:29 +0700] "GET /cms/quote-request/show/12 HTTP/2.0" 200 19501 "https://erp.nhatnamsst.com/cms/quote-request" "Mozilla/5.0 (Windows NT 10.0; Win64; x64) AppleWebKit/537.36 (KHTML, like Gecko) Chrome/143.0.0.0 Safari/537.36 Edg/143.0.0.0"
85.208.96.212 - - [22/Dec/2025:23:52:29 +0700] "GET /hop-am/himawari-no-yakusoku-7309 HTTP/1.1" 404 146 "-" "Mozilla/5.0 (compatible; SemrushBot/7~bl; +http://www.semrush.com/bot.html)"
115.76.50.202 - - [22/Dec/2025:23:52:30 +0700] "GET / HTTP/2.0" 302 406 "https://erp.nhatnamsst.com/cms/quote-request/show/12" "Mozilla/5.0 (Windows NT 10.0; Win64; x64) AppleWebKit/537.36 (KHTML, like Gecko) Chrome/143.0.0.0 Safari/537.36 Edg/143.0.0.0"
115.76.50.202 - - [22/Dec/2025:23:52:30 +0700] "GET /cms/dashboard HTTP/2.0" 200 3673 "https://erp.nhatnamsst.com/cms/quote-request/show/12" "Mozilla/5.0 (Windows NT 10.0; Win64; x64) AppleWebKit/537.36 (KHTML, like Gecko) Chrome/143.0.0.0 Safari/537.36 Edg/143.0.0.0"
115.76.50.202 - - [22/Dec/2025:23:52:30 +0700] "GET / HTTP/2.0" 302 406 "https://erp.nhatnamsst.com/cms/quote-request/show/12" "Mozilla/5.0 (Windows NT 10.0; Win64; x64) AppleWebKit/537.36 (KHTML, like Gecko) Chrome/143.0.0.0 Safari/537.36 Edg/143.0.0.0"
115.76.50.202 - - [22/Dec/2025:23:52:31 +0700] "GET /cms/dashboard HTTP/2.0" 200 3673 "https://erp.nhatnamsst.com/cms/quote-request/show/12" "Mozilla/5.0 (Windows NT 10.0; Win64; x64) AppleWebKit/537.36 (KHTML, like Gecko) Chrome/143.0.0.0 Safari/537.36 Edg/143.0.0.0"
115.76.50.202 - - [22/Dec/2025:23:52:35 +0700] "GET /cms/admin HTTP/2.0" 200 5709 "https://erp.nhatnamsst.com/cms/quote-request/show/12" "Mozilla/5.0 (Windows NT 10.0; Win64; x64) AppleWebKit/537.36 (KHTML, like Gecko) Chrome/143.0.0.0 Safari/537.36 Edg/143.0.0.0"
40.77.167.52 - - [22/Dec/2025:23:52:36 +0700] "GET /hop-am/40-nam-gap-lai-25033 HTTP/2.0" 404 548 "-" "Mozilla/5.0 AppleWebKit/537.36 (KHTML, like Gecko; compatible; bingbot/2.0; +http://www.bing.com/bingbot.htm) Chrome/116.0.1938.76 Safari/537.36"
115.76.50.202 - - [22/Dec/2025:23:52:37 +0700] "GET / HTTP/2.0" 302 406 "https://erp.nhatnamsst.com/cms/admin" "Mozilla/5.0 (Windows NT 10.0; Win64; x64) AppleWebKit/537.36 (KHTML, like Gecko) Chrome/143.0.0.0 Safari/537.36 Edg/143.0.0.0"
115.76.50.202 - - [22/Dec/2025:23:52:37 +0700] "GET /cms/admin?draw=1&columns%5B0%5D%5Bdata%5D=code&columns%5B1%5D%5Bdata%5D=fullname&columns%5B2%5D%5Bdata%5D=phone&columns%5B3%5D%5Bdata%5D=email&columns%5B4%5D%5Bdata%5D=role&columns%5B5%5D%5Bdata%5D=created_at&columns%5B6%5D%5Bdata%5D=action&columns%5B6%5D%5Borderable%5D=false&order%5B0%5D%5Bcolumn%5D=0&order%5B0%5D%5Bdir%5D=desc&start=0&length=50&search%5Bvalue%5D=&_=1766422356587 HTTP/2.0" 200 1124 "https://erp.nhatnamsst.com/cms/admin" "Mozilla/5.0 (Windows NT 10.0; Win64; x64) AppleWebKit/537.36 (KHTML, like Gecko) Chrome/143.0.0.0 Safari/537.36 Edg/143.0.0.0"
115.76.50.202 - - [22/Dec/2025:23:52:37 +0700] "GET /cms/dashboard HTTP/2.0" 200 3673 "https://erp.nhatnamsst.com/cms/admin" "Mozilla/5.0 (Windows NT 10.0; Win64; x64) AppleWebKit/537.36 (KHTML, like Gecko) Chrome/143.0.0.0 Safari/537.36 Edg/143.0.0.0"
115.76.50.202 - - [22/Dec/2025:23:52:37 +0700] "GET / HTTP/2.0" 302 406 "https://erp.nhatnamsst.com/cms/admin" "Mozilla/5.0 (Windows NT 10.0; Win64; x64) AppleWebKit/537.36 (KHTML, like Gecko) Chrome/143.0.0.0 Safari/537.36 Edg/143.0.0.0"
115.76.50.202 - - [22/Dec/2025:23:52:38 +0700] "GET /cms/dashboard HTTP/2.0" 200 3673 "https://erp.nhatnamsst.com/cms/admin" "Mozilla/5.0 (Windows NT 10.0; Win64; x64) AppleWebKit/537.36 (KHTML, like Gecko) Chrome/143.0.0.0 Safari/537.36 Edg/143.0.0.0"
85.208.96.194 - - [22/Dec/2025:23:52:49 +0700] "GET /hop-am/khong-sao-em-a-18251 HTTP/1.1" 404 146 "-" "Mozilla/5.0 (compatible; SemrushBot/7~bl; +http://www.semrush.com/bot.html)"
185.191.171.13 - - [22/Dec/2025:23:52:52 +0700] "GET /hop-am/doi-tho-xay-365 HTTP/1.1" 404 146 "-" "Mozilla/5.0 (compatible; SemrushBot/7~bl; +http://www.semrush.com/bot.html)"
115.76.50.202 - - [22/Dec/2025:23:52:54 +0700] "GET /cms/admin/edit/2 HTTP/2.0" 200 4165 "https://erp.nhatnamsst.com/cms/admin" "Mozilla/5.0 (Windows NT 10.0; Win64; x64) AppleWebKit/537.36 (KHTML, like Gecko) Chrome/143.0.0.0 Safari/537.36 Edg/143.0.0.0"
115.76.50.202 - - [22/Dec/2025:23:52:55 +0700] "GET / HTTP/2.0" 302 406 "https://erp.nhatnamsst.com/cms/admin/edit/2" "Mozilla/5.0 (Windows NT 10.0; Win64; x64) AppleWebKit/537.36 (KHTML, like Gecko) Chrome/143.0.0.0 Safari/537.36 Edg/143.0.0.0"
185.191.171.2 - - [22/Dec/2025:23:52:55 +0700] "GET /hop-am/di-ben-tinh-moi-13221 HTTP/1.1" 404 146 "-" "Mozilla/5.0 (compatible; SemrushBot/7~bl; +http://www.semrush.com/bot.html)"
115.76.50.202 - - [22/Dec/2025:23:52:55 +0700] "GET /cms/dashboard HTTP/2.0" 200 3673 "https://erp.nhatnamsst.com/cms/admin/edit/2" "Mozilla/5.0 (Windows NT 10.0; Win64; x64) AppleWebKit/537.36 (KHTML, like Gecko) Chrome/143.0.0.0 Safari/537.36 Edg/143.0.0.0"
115.76.50.202 - - [22/Dec/2025:23:52:56 +0700] "GET / HTTP/2.0" 302 406 "https://erp.nhatnamsst.com/cms/admin/edit/2" "Mozilla/5.0 (Windows NT 10.0; Win64; x64) AppleWebKit/537.36 (KHTML, like Gecko) Chrome/143.0.0.0 Safari/537.36 Edg/143.0.0.0"
115.76.50.202 - - [22/Dec/2025:23:52:56 +0700] "GET /cms/dashboard HTTP/2.0" 200 3673 "https://erp.nhatnamsst.com/cms/admin/edit/2" "Mozilla/5.0 (Windows NT 10.0; Win64; x64) AppleWebKit/537.36 (KHTML, like Gecko) Chrome/143.0.0.0 Safari/537.36 Edg/143.0.0.0"
185.191.171.18 - - [22/Dec/2025:23:52:58 +0700] "GET /hop-am/con-duong-xua-em-di-11887 HTTP/1.1" 404 146 "-" "Mozilla/5.0 (compatible; SemrushBot/7~bl; +http://www.semrush.com/bot.html)"
17.246.23.52 - - [22/Dec/2025:23:53:01 +0700] "GET /hop-am/nguyen-quan-am-3522 HTTP/1.1" 404 146 "-" "Mozilla/5.0 (Macintosh; Intel Mac OS X 10_15_7) AppleWebKit/605.1.15 (KHTML, like Gecko) Version/17.4 Safari/605.1.15 (Applebot/0.1; +http://www.apple.com/go/applebot)"
115.76.50.202 - - [22/Dec/2025:23:53:01 +0700] "POST /cms/admin/update HTTP/2.0" 302 418 "https://erp.nhatnamsst.com/cms/admin/edit/2" "Mozilla/5.0 (Windows NT 10.0; Win64; x64) AppleWebKit/537.36 (KHTML, like Gecko) Chrome/143.0.0.0 Safari/537.36 Edg/143.0.0.0"
115.76.50.202 - - [22/Dec/2025:23:53:01 +0700] "GET /cms/admin/edit/2 HTTP/2.0" 200 4245 "https://erp.nhatnamsst.com/cms/admin/edit/2" "Mozilla/5.0 (Windows NT 10.0; Win64; x64) AppleWebKit/537.36 (KHTML, like Gecko) Chrome/143.0.0.0 Safari/537.36 Edg/143.0.0.0"
115.76.50.202 - - [22/Dec/2025:23:53:02 +0700] "GET / HTTP/2.0" 302 406 "https://erp.nhatnamsst.com/cms/admin/edit/2" "Mozilla/5.0 (Windows NT 10.0; Win64; x64) AppleWebKit/537.36 (KHTML, like Gecko) Chrome/143.0.0.0 Safari/537.36 Edg/143.0.0.0"
115.76.50.202 - - [22/Dec/2025:23:53:02 +0700] "GET /cms/dashboard HTTP/2.0" 200 3673 "https://erp.nhatnamsst.com/cms/admin/edit/2" "Mozilla/5.0 (Windows NT 10.0; Win64; x64) AppleWebKit/537.36 (KHTML, like Gecko) Chrome/143.0.0.0 Safari/537.36 Edg/143.0.0.0"
115.76.50.202 - - [22/Dec/2025:23:53:02 +0700] "GET / HTTP/2.0" 302 406 "https://erp.nhatnamsst.com/cms/admin/edit/2" "Mozilla/5.0 (Windows NT 10.0; Win64; x64) AppleWebKit/537.36 (KHTML, like Gecko) Chrome/143.0.0.0 Safari/537.36 Edg/143.0.0.0"
115.76.50.202 - - [22/Dec/2025:23:53:03 +0700] "GET /cms/dashboard HTTP/2.0" 200 3673 "https://erp.nhatnamsst.com/cms/admin/edit/2" "Mozilla/5.0 (Windows NT 10.0; Win64; x64) AppleWebKit/537.36 (KHTML, like Gecko) Chrome/143.0.0.0 Safari/537.36 Edg/143.0.0.0"
46.250.170.252 - - [22/Dec/2025:23:53:04 +0700] "GET /hop-am/sang-tac/rust-amp-riffs-9408 HTTP/2.0" 404 548 "https://thuvienhopam.com/hop-am/sang-tac/rust-amp-riffs-9408" "Mozilla/5.0 (Macintosh; Intel Mac OS X 10_15_7) AppleWebKit/537.36 (KHTML, like Gecko) Chrome/123.0.0.0 Safari/537.36"
115.76.50.202 - - [22/Dec/2025:23:53:08 +0700] "POST /cms/login HTTP/2.0" 302 406 "https://erp.nhatnamsst.com/cms/login" "Mozilla/5.0 (Windows NT 10.0; Win64; x64) AppleWebKit/537.36 (KHTML, like Gecko) Chrome/143.0.0.0 Safari/537.36 Edg/143.0.0.0"
115.76.50.202 - - [22/Dec/2025:23:53:08 +0700] "GET /cms/dashboard HTTP/2.0" 200 3592 "https://erp.nhatnamsst.com/cms/login" "Mozilla/5.0 (Windows NT 10.0; Win64; x64) AppleWebKit/537.36 (KHTML, like Gecko) Chrome/143.0.0.0 Safari/537.36 Edg/143.0.0.0"
115.76.50.202 - - [22/Dec/2025:23:53:08 +0700] "GET /templates/simple/icons/fonts/tabler-icons.woff2?v3.31.0 HTTP/2.0" 200 820316 "https://erp.nhatnamsst.com/templates/simple/icons/tabler-icons.min.css" "Mozilla/5.0 (Windows NT 10.0; Win64; x64) AppleWebKit/537.36 (KHTML, like Gecko) Chrome/143.0.0.0 Safari/537.36 Edg/143.0.0.0"
17.241.219.148 - - [22/Dec/2025:23:53:09 +0700] "GET /hop-am/sang-tac/huynh-viet-tu-7356 HTTP/1.1" 404 146 "-" "Mozilla/5.0 (Macintosh; Intel Mac OS X 10_15_7) AppleWebKit/605.1.15 (KHTML, like Gecko) Version/17.4 Safari/605.1.15 (Applebot/0.1; +http://www.apple.com/go/applebot)"
115.76.50.202 - - [22/Dec/2025:23:53:09 +0700] "GET / HTTP/2.0" 302 406 "https://erp.nhatnamsst.com/cms/dashboard" "Mozilla/5.0 (Windows NT 10.0; Win64; x64) AppleWebKit/537.36 (KHTML, like Gecko) Chrome/143.0.0.0 Safari/537.36 Edg/143.0.0.0"
115.76.50.202 - - [22/Dec/2025:23:53:09 +0700] "GET /cms/dashboard HTTP/2.0" 200 3511 "https://erp.nhatnamsst.com/cms/dashboard" "Mozilla/5.0 (Windows NT 10.0; Win64; x64) AppleWebKit/537.36 (KHTML, like Gecko) Chrome/143.0.0.0 Safari/537.36 Edg/143.0.0.0"
85.208.96.212 - - [22/Dec/2025:23:53:12 +0700] "GET /hop-am/cao-trang-duyen-tran-13905 HTTP/1.1" 404 146 "-" "Mozilla/5.0 (compatible; SemrushBot/7~bl; +http://www.semrush.com/bot.html)"
85.208.96.199 - - [22/Dec/2025:23:53:21 +0700] "GET /hop-am/buoc-cham-cham-thuong-an-ost-26050 HTTP/1.1" 404 146 "-" "Mozilla/5.0 (compatible; SemrushBot/7~bl; +http://www.semrush.com/bot.html)"
40.77.167.52 - - [22/Dec/2025:23:53:25 +0700] "GET /hop-am/xa-moi-tinh-dau-doan-tai-but-2-8119 HTTP/2.0" 404 548 "-" "Mozilla/5.0 AppleWebKit/537.36 (KHTML, like Gecko; compatible; bingbot/2.0; +http://www.bing.com/bingbot.htm) Chrome/116.0.1938.76 Safari/537.36"
17.22.253.180 - - [22/Dec/2025:23:53:31 +0700] "GET /hop-am/mot-phut-suy-tu-43009 HTTP/1.1" 404 146 "-" "Mozilla/5.0 (Macintosh; Intel Mac OS X 10_15_7) AppleWebKit/605.1.15 (KHTML, like Gecko) Version/17.4 Safari/605.1.15 (Applebot/0.1; +http://www.apple.com/go/applebot)"
185.191.171.6 - - [22/Dec/2025:23:53:47 +0700] "GET /hop-am/bai-ca-sum-hop-17283 HTTP/1.1" 404 146 "-" "Mozilla/5.0 (compatible; SemrushBot/7~bl; +http://www.semrush.com/bot.html)"
115.76.50.202 - - [22/Dec/2025:23:53:52 +0700] "GET /cms/quote-request HTTP/2.0" 200 6934 "https://erp.nhatnamsst.com/cms/dashboard" "Mozilla/5.0 (Windows NT 10.0; Win64; x64) AppleWebKit/537.36 (KHTML, like Gecko) Chrome/143.0.0.0 Safari/537.36 Edg/143.0.0.0"
115.76.50.202 - - [22/Dec/2025:23:53:52 +0700] "GET /libs/datatables/lang/vi-VN.json HTTP/2.0" 200 681 "https://erp.nhatnamsst.com/cms/quote-request" "Mozilla/5.0 (Windows NT 10.0; Win64; x64) AppleWebKit/537.36 (KHTML, like Gecko) Chrome/143.0.0.0 Safari/537.36 Edg/143.0.0.0"
115.76.50.202 - - [22/Dec/2025:23:53:53 +0700] "GET / HTTP/2.0" 302 406 "https://erp.nhatnamsst.com/cms/quote-request" "Mozilla/5.0 (Windows NT 10.0; Win64; x64) AppleWebKit/537.36 (KHTML, like Gecko) Chrome/143.0.0.0 Safari/537.36 Edg/143.0.0.0"
