85.208.96.196 - - [22/Dec/2025:23:43:26 +0700] "GET /hop-am/nhung-buoc-chan-am-tham-11693 HTTP/1.1" 404 146 "-" "Mozilla/5.0 (compatible; SemrushBot/7~bl; +http://www.semrush.com/bot.html)"
185.191.171.14 - - [22/Dec/2025:23:43:29 +0700] "GET /hop-am/tim-nang-giua-bien-nguoi-nhan-gian-1845 HTTP/1.1" 404 146 "-" "Mozilla/5.0 (compatible; SemrushBot/7~bl; +http://www.semrush.com/bot.html)"
189.1.227.130 - - [22/Dec/2025:23:43:29 +0700] "GET /hop-am/ca-si/bui-le-man-amp-a-pao HTTP/2.0" 404 548 "https://thuvienhopam.com/hop-am/ca-si/bui-le-man-amp-a-pao" "Mozilla/5.0 (Windows NT 10.0; Win64; x64) AppleWebKit/537.36 (KHTML, like Gecko) Chrome/101.0.4951.64 Safari/537.36 Edg/101.0.1210.47"
185.191.171.4 - - [22/Dec/2025:23:43:42 +0700] "GET /hop-am/biet-bao-gio-tro-lai-14673 HTTP/1.1" 404 146 "-" "Mozilla/5.0 (compatible; SemrushBot/7~bl; +http://www.semrush.com/bot.html)"
185.191.171.15 - - [22/Dec/2025:23:43:45 +0700] "GET /hop-am/vi-mat-di-anh-mat-troi-28458 HTTP/1.1" 404 146 "-" "Mozilla/5.0 (compatible; SemrushBot/7~bl; +http://www.semrush.com/bot.html)"
115.76.50.202 - - [22/Dec/2025:23:43:51 +0700] "GET /cms/dashboard HTTP/2.0" 302 390 "-" "Mozilla/5.0 (Windows NT 10.0; Win64; x64) AppleWebKit/537.36 (KHTML, like Gecko) Chrome/143.0.0.0 Safari/537.36 Edg/143.0.0.0"
115.76.50.202 - - [22/Dec/2025:23:43:51 +0700] "GET /cms/login HTTP/2.0" 200 1162 "-" "Mozilla/5.0 (Windows NT 10.0; Win64; x64) AppleWebKit/537.36 (KHTML, like Gecko) Chrome/143.0.0.0 Safari/537.36 Edg/143.0.0.0"
115.76.50.202 - - [22/Dec/2025:23:43:52 +0700] "GET / HTTP/2.0" 302 390 "https://erp.nhatnamsst.com/cms/login" "Mozilla/5.0 (Windows NT 10.0; Win64; x64) AppleWebKit/537.36 (KHTML, like Gecko) Chrome/143.0.0.0 Safari/537.36 Edg/143.0.0.0"
115.76.50.202 - - [22/Dec/2025:23:43:52 +0700] "GET /cms/login HTTP/2.0" 200 1074 "https://erp.nhatnamsst.com/cms/login" "Mozilla/5.0 (Windows NT 10.0; Win64; x64) AppleWebKit/537.36 (KHTML, like Gecko) Chrome/143.0.0.0 Safari/537.36 Edg/143.0.0.0"
115.76.50.202 - - [22/Dec/2025:23:43:52 +0700] "GET / HTTP/2.0" 302 390 "https://erp.nhatnamsst.com/cms/login" "Mozilla/5.0 (Windows NT 10.0; Win64; x64) AppleWebKit/537.36 (KHTML, like Gecko) Chrome/143.0.0.0 Safari/537.36 Edg/143.0.0.0"
115.76.50.202 - - [22/Dec/2025:23:43:52 +0700] "GET /cms/login HTTP/2.0" 200 1074 "https://erp.nhatnamsst.com/cms/login" "Mozilla/5.0 (Windows NT 10.0; Win64; x64) AppleWebKit/537.36 (KHTML, like Gecko) Chrome/143.0.0.0 Safari/537.36 Edg/143.0.0.0"
185.191.171.7 - - [22/Dec/2025:23:43:55 +0700] "GET /hop-am/gap-nhau-trong-mua-11506 HTTP/1.1" 404 146 "-" "Mozilla/5.0 (compatible; SemrushBot/7~bl; +http://www.semrush.com/bot.html)"
85.208.96.206 - - [22/Dec/2025:23:43:57 +0700] "GET /hop-am/mua-xuan-22665 HTTP/1.1" 404 146 "-" "Mozilla/5.0 (compatible; SemrushBot/7~bl; +http://www.semrush.com/bot.html)"
185.191.171.8 - - [22/Dec/2025:23:44:00 +0700] "GET /hop-am/dia-dang-13224 HTTP/1.1" 404 146 "-" "Mozilla/5.0 (compatible; SemrushBot/7~bl; +http://www.semrush.com/bot.html)"
17.22.237.96 - - [22/Dec/2025:23:44:07 +0700] "GET /hop-am/bao-den-30749 HTTP/1.1" 404 146 "-" "Mozilla/5.0 (Macintosh; Intel Mac OS X 10_15_7) AppleWebKit/605.1.15 (KHTML, like Gecko) Version/17.4 Safari/605.1.15 (Applebot/0.1; +http://www.apple.com/go/applebot)"
17.22.237.96 - - [22/Dec/2025:23:44:08 +0700] "GET /hop-am/sang-tac/an-dan-4661 HTTP/1.1" 404 146 "-" "Mozilla/5.0 (Macintosh; Intel Mac OS X 10_15_7) AppleWebKit/605.1.15 (KHTML, like Gecko) Version/17.4 Safari/605.1.15 (Applebot/0.1; +http://www.apple.com/go/applebot)"
115.76.50.202 - - [22/Dec/2025:23:44:13 +0700] "POST /cms/login HTTP/2.0" 302 406 "https://erp.nhatnamsst.com/cms/login" "Mozilla/5.0 (Windows NT 10.0; Win64; x64) AppleWebKit/537.36 (KHTML, like Gecko) Chrome/143.0.0.0 Safari/537.36 Edg/143.0.0.0"
115.76.50.202 - - [22/Dec/2025:23:44:14 +0700] "GET /cms/dashboard HTTP/2.0" 200 3756 "https://erp.nhatnamsst.com/cms/login" "Mozilla/5.0 (Windows NT 10.0; Win64; x64) AppleWebKit/537.36 (KHTML, like Gecko) Chrome/143.0.0.0 Safari/537.36 Edg/143.0.0.0"
115.76.50.202 - - [22/Dec/2025:23:44:14 +0700] "GET /templates/simple/icons/fonts/tabler-icons.woff2?v3.31.0 HTTP/2.0" 200 820316 "https://erp.nhatnamsst.com/templates/simple/icons/tabler-icons.min.css" "Mozilla/5.0 (Windows NT 10.0; Win64; x64) AppleWebKit/537.36 (KHTML, like Gecko) Chrome/143.0.0.0 Safari/537.36 Edg/143.0.0.0"
115.76.50.202 - - [22/Dec/2025:23:44:14 +0700] "GET / HTTP/2.0" 302 406 "https://erp.nhatnamsst.com/cms/dashboard" "Mozilla/5.0 (Windows NT 10.0; Win64; x64) AppleWebKit/537.36 (KHTML, like Gecko) Chrome/143.0.0.0 Safari/537.36 Edg/143.0.0.0"
115.76.50.202 - - [22/Dec/2025:23:44:15 +0700] "GET /cms/dashboard HTTP/2.0" 200 3673 "https://erp.nhatnamsst.com/cms/dashboard" "Mozilla/5.0 (Windows NT 10.0; Win64; x64) AppleWebKit/537.36 (KHTML, like Gecko) Chrome/143.0.0.0 Safari/537.36 Edg/143.0.0.0"
115.76.50.202 - - [22/Dec/2025:23:44:15 +0700] "GET / HTTP/2.0" 302 406 "https://erp.nhatnamsst.com/cms/dashboard" "Mozilla/5.0 (Windows NT 10.0; Win64; x64) AppleWebKit/537.36 (KHTML, like Gecko) Chrome/143.0.0.0 Safari/537.36 Edg/143.0.0.0"
115.76.50.202 - - [22/Dec/2025:23:44:15 +0700] "GET /cms/dashboard HTTP/2.0" 200 3673 "https://erp.nhatnamsst.com/cms/dashboard" "Mozilla/5.0 (Windows NT 10.0; Win64; x64) AppleWebKit/537.36 (KHTML, like Gecko) Chrome/143.0.0.0 Safari/537.36 Edg/143.0.0.0"
185.191.171.7 - - [22/Dec/2025:23:44:18 +0700] "GET /hop-am/dem-trang-25509 HTTP/1.1" 404 146 "-" "Mozilla/5.0 (compatible; SemrushBot/7~bl; +http://www.semrush.com/bot.html)"
42.116.117.207 - - [22/Dec/2025:23:44:23 +0700] "GET /cms/login HTTP/1.1" 200 1086 "-" "WhatsApp/2"
115.76.50.202 - - [22/Dec/2025:23:44:26 +0700] "GET /cms/admin/create HTTP/2.0" 200 4015 "https://erp.nhatnamsst.com/cms/dashboard" "Mozilla/5.0 (Windows NT 10.0; Win64; x64) AppleWebKit/537.36 (KHTML, like Gecko) Chrome/143.0.0.0 Safari/537.36 Edg/143.0.0.0"
115.76.50.202 - - [22/Dec/2025:23:44:26 +0700] "GET / HTTP/2.0" 302 406 "https://erp.nhatnamsst.com/cms/admin/create" "Mozilla/5.0 (Windows NT 10.0; Win64; x64) AppleWebKit/537.36 (KHTML, like Gecko) Chrome/143.0.0.0 Safari/537.36 Edg/143.0.0.0"
115.76.50.202 - - [22/Dec/2025:23:44:26 +0700] "GET /cms/dashboard HTTP/2.0" 200 3673 "https://erp.nhatnamsst.com/cms/admin/create" "Mozilla/5.0 (Windows NT 10.0; Win64; x64) AppleWebKit/537.36 (KHTML, like Gecko) Chrome/143.0.0.0 Safari/537.36 Edg/143.0.0.0"
115.76.50.202 - - [22/Dec/2025:23:44:27 +0700] "GET / HTTP/2.0" 302 406 "https://erp.nhatnamsst.com/cms/admin/create" "Mozilla/5.0 (Windows NT 10.0; Win64; x64) AppleWebKit/537.36 (KHTML, like Gecko) Chrome/143.0.0.0 Safari/537.36 Edg/143.0.0.0"
115.76.50.202 - - [22/Dec/2025:23:44:27 +0700] "GET /cms/dashboard HTTP/2.0" 200 3673 "https://erp.nhatnamsst.com/cms/admin/create" "Mozilla/5.0 (Windows NT 10.0; Win64; x64) AppleWebKit/537.36 (KHTML, like Gecko) Chrome/143.0.0.0 Safari/537.36 Edg/143.0.0.0"
185.191.171.14 - - [22/Dec/2025:23:44:29 +0700] "GET /hop-am/diem-xua-45165 HTTP/1.1" 404 146 "-" "Mozilla/5.0 (compatible; SemrushBot/7~bl; +http://www.semrush.com/bot.html)"
85.208.96.201 - - [22/Dec/2025:23:44:32 +0700] "GET /hop-am/thieu-vang-35214 HTTP/1.1" 404 146 "-" "Mozilla/5.0 (compatible; SemrushBot/7~bl; +http://www.semrush.com/bot.html)"
159.138.131.121 - - [22/Dec/2025:23:44:39 +0700] "GET /hop-am/ha-noi-mua-thu-vang-em-32488 HTTP/2.0" 404 548 "https://thuvienhopam.com/hop-am/ha-noi-mua-thu-vang-em-32488" "Mozilla/5.0 (Macintosh; Intel Mac OS X 10_15_7) AppleWebKit/537.36 (KHTML, like Gecko) Chrome/119.0.0.0 Safari/537.36"
115.76.50.202 - - [22/Dec/2025:23:44:43 +0700] "GET /cms/dashboard HTTP/2.0" 200 3673 "https://erp.nhatnamsst.com/cms/admin/create" "Mozilla/5.0 (Windows NT 10.0; Win64; x64) AppleWebKit/537.36 (KHTML, like Gecko) Chrome/143.0.0.0 Safari/537.36 Edg/143.0.0.0"
115.76.50.202 - - [22/Dec/2025:23:44:43 +0700] "GET / HTTP/2.0" 302 406 "https://erp.nhatnamsst.com/cms/dashboard" "Mozilla/5.0 (Windows NT 10.0; Win64; x64) AppleWebKit/537.36 (KHTML, like Gecko) Chrome/143.0.0.0 Safari/537.36 Edg/143.0.0.0"
115.76.50.202 - - [22/Dec/2025:23:44:43 +0700] "GET /cms/dashboard HTTP/2.0" 200 3673 "https://erp.nhatnamsst.com/cms/dashboard" "Mozilla/5.0 (Windows NT 10.0; Win64; x64) AppleWebKit/537.36 (KHTML, like Gecko) Chrome/143.0.0.0 Safari/537.36 Edg/143.0.0.0"
115.76.50.202 - - [22/Dec/2025:23:44:44 +0700] "GET / HTTP/2.0" 302 406 "https://erp.nhatnamsst.com/cms/dashboard" "Mozilla/5.0 (Windows NT 10.0; Win64; x64) AppleWebKit/537.36 (KHTML, like Gecko) Chrome/143.0.0.0 Safari/537.36 Edg/143.0.0.0"
115.76.50.202 - - [22/Dec/2025:23:44:44 +0700] "GET /cms/dashboard HTTP/2.0" 200 3673 "https://erp.nhatnamsst.com/cms/dashboard" "Mozilla/5.0 (Windows NT 10.0; Win64; x64) AppleWebKit/537.36 (KHTML, like Gecko) Chrome/143.0.0.0 Safari/537.36 Edg/143.0.0.0"
115.76.50.202 - - [22/Dec/2025:23:44:46 +0700] "GET /cms/dashboard HTTP/1.1" 302 402 "-" "WhatsApp/2"
115.76.50.202 - - [22/Dec/2025:23:44:47 +0700] "GET /cms/login HTTP/1.1" 200 1084 "-" "WhatsApp/2"
185.191.171.12 - - [22/Dec/2025:23:44:48 +0700] "GET /hop-am/chi-la-anh-khong-biet-19620 HTTP/1.1" 404 146 "-" "Mozilla/5.0 (compatible; SemrushBot/7~bl; +http://www.semrush.com/bot.html)"
85.208.96.195 - - [22/Dec/2025:23:44:52 +0700] "GET /hop-am/mung-hoi-ngo-30796 HTTP/1.1" 404 146 "-" "Mozilla/5.0 (compatible; SemrushBot/7~bl; +http://www.semrush.com/bot.html)"
115.76.50.202 - - [22/Dec/2025:23:44:55 +0700] "GET /cms/admin HTTP/2.0" 200 5709 "https://erp.nhatnamsst.com/cms/dashboard" "Mozilla/5.0 (Windows NT 10.0; Win64; x64) AppleWebKit/537.36 (KHTML, like Gecko) Chrome/143.0.0.0 Safari/537.36 Edg/143.0.0.0"
115.76.50.202 - - [22/Dec/2025:23:44:56 +0700] "GET /libs/datatables/lang/vi-VN.json HTTP/2.0" 200 681 "https://erp.nhatnamsst.com/cms/admin" "Mozilla/5.0 (Windows NT 10.0; Win64; x64) AppleWebKit/537.36 (KHTML, like Gecko) Chrome/143.0.0.0 Safari/537.36 Edg/143.0.0.0"
115.76.50.202 - - [22/Dec/2025:23:44:56 +0700] "GET / HTTP/2.0" 302 406 "https://erp.nhatnamsst.com/cms/admin" "Mozilla/5.0 (Windows NT 10.0; Win64; x64) AppleWebKit/537.36 (KHTML, like Gecko) Chrome/143.0.0.0 Safari/537.36 Edg/143.0.0.0"
115.76.50.202 - - [22/Dec/2025:23:44:56 +0700] "GET /cms/admin?draw=1&columns%5B0%5D%5Bdata%5D=code&columns%5B1%5D%5Bdata%5D=fullname&columns%5B2%5D%5Bdata%5D=phone&columns%5B3%5D%5Bdata%5D=email&columns%5B4%5D%5Bdata%5D=role&columns%5B5%5D%5Bdata%5D=created_at&columns%5B6%5D%5Bdata%5D=action&columns%5B6%5D%5Borderable%5D=false&order%5B0%5D%5Bcolumn%5D=0&order%5B0%5D%5Bdir%5D=desc&start=0&length=50&search%5Bvalue%5D=&_=1766421895929 HTTP/2.0" 200 1126 "https://erp.nhatnamsst.com/cms/admin" "Mozilla/5.0 (Windows NT 10.0; Win64; x64) AppleWebKit/537.36 (KHTML, like Gecko) Chrome/143.0.0.0 Safari/537.36 Edg/143.0.0.0"
115.76.50.202 - - [22/Dec/2025:23:44:56 +0700] "GET /cms/dashboard HTTP/2.0" 200 3673 "https://erp.nhatnamsst.com/cms/admin" "Mozilla/5.0 (Windows NT 10.0; Win64; x64) AppleWebKit/537.36 (KHTML, like Gecko) Chrome/143.0.0.0 Safari/537.36 Edg/143.0.0.0"
115.76.50.202 - - [22/Dec/2025:23:44:56 +0700] "GET / HTTP/2.0" 302 406 "https://erp.nhatnamsst.com/cms/admin" "Mozilla/5.0 (Windows NT 10.0; Win64; x64) AppleWebKit/537.36 (KHTML, like Gecko) Chrome/143.0.0.0 Safari/537.36 Edg/143.0.0.0"
115.76.50.202 - - [22/Dec/2025:23:44:56 +0700] "GET /cms/dashboard HTTP/2.0" 200 3673 "https://erp.nhatnamsst.com/cms/admin" "Mozilla/5.0 (Windows NT 10.0; Win64; x64) AppleWebKit/537.36 (KHTML, like Gecko) Chrome/143.0.0.0 Safari/537.36 Edg/143.0.0.0"
185.191.171.15 - - [22/Dec/2025:23:44:57 +0700] "GET /hop-am/den-mot-luc-12580 HTTP/1.1" 404 146 "-" "Mozilla/5.0 (compatible; SemrushBot/7~bl; +http://www.semrush.com/bot.html)"
85.208.96.201 - - [22/Dec/2025:23:45:15 +0700] "GET /hop-am/hay-nghe-anh-noi-loi-xin-loi-23010 HTTP/1.1" 404 146 "-" "Mozilla/5.0 (compatible; SemrushBot/7~bl; +http://www.semrush.com/bot.html)"
185.191.171.2 - - [22/Dec/2025:23:45:27 +0700] "GET /dieu/chachacha HTTP/1.1" 404 146 "-" "Mozilla/5.0 (compatible; SemrushBot/7~bl; +http://www.semrush.com/bot.html)"
204.76.203.8 - - [22/Dec/2025:23:45:41 +0700] "PROPFIND / HTTP/1.1" 405 150 "http://45.119.85.85:443/" "-"
42.116.117.207 - - [22/Dec/2025:23:45:42 +0700] "GET /cms/dashboard HTTP/2.0" 302 390 "-" "Mozilla/5.0 (Windows NT 10.0; Win64; x64) AppleWebKit/537.36 (KHTML, like Gecko) Chrome/143.0.0.0 Safari/537.36 Edg/143.0.0.0"
42.116.117.207 - - [22/Dec/2025:23:45:43 +0700] "GET /cms/login HTTP/2.0" 200 1160 "-" "Mozilla/5.0 (Windows NT 10.0; Win64; x64) AppleWebKit/537.36 (KHTML, like Gecko) Chrome/143.0.0.0 Safari/537.36 Edg/143.0.0.0"
42.116.117.207 - - [22/Dec/2025:23:45:43 +0700] "GET / HTTP/2.0" 302 390 "https://erp.nhatnamsst.com/cms/login" "Mozilla/5.0 (Windows NT 10.0; Win64; x64) AppleWebKit/537.36 (KHTML, like Gecko) Chrome/143.0.0.0 Safari/537.36 Edg/143.0.0.0"
42.116.117.207 - - [22/Dec/2025:23:45:43 +0700] "GET /cms/login HTTP/2.0" 200 1072 "https://erp.nhatnamsst.com/cms/login" "Mozilla/5.0 (Windows NT 10.0; Win64; x64) AppleWebKit/537.36 (KHTML, like Gecko) Chrome/143.0.0.0 Safari/537.36 Edg/143.0.0.0"
115.76.50.202 - - [22/Dec/2025:23:45:47 +0700] "GET /cms/admin/create HTTP/2.0" 200 4015 "https://erp.nhatnamsst.com/cms/admin" "Mozilla/5.0 (Windows NT 10.0; Win64; x64) AppleWebKit/537.36 (KHTML, like Gecko) Chrome/143.0.0.0 Safari/537.36 Edg/143.0.0.0"
115.76.50.202 - - [22/Dec/2025:23:45:48 +0700] "GET / HTTP/2.0" 302 406 "https://erp.nhatnamsst.com/cms/admin/create" "Mozilla/5.0 (Windows NT 10.0; Win64; x64) AppleWebKit/537.36 (KHTML, like Gecko) Chrome/143.0.0.0 Safari/537.36 Edg/143.0.0.0"
115.76.50.202 - - [22/Dec/2025:23:45:48 +0700] "GET /cms/dashboard HTTP/2.0" 200 3673 "https://erp.nhatnamsst.com/cms/admin/create" "Mozilla/5.0 (Windows NT 10.0; Win64; x64) AppleWebKit/537.36 (KHTML, like Gecko) Chrome/143.0.0.0 Safari/537.36 Edg/143.0.0.0"
115.76.50.202 - - [22/Dec/2025:23:45:48 +0700] "GET / HTTP/2.0" 302 406 "https://erp.nhatnamsst.com/cms/admin/create" "Mozilla/5.0 (Windows NT 10.0; Win64; x64) AppleWebKit/537.36 (KHTML, like Gecko) Chrome/143.0.0.0 Safari/537.36 Edg/143.0.0.0"
115.76.50.202 - - [22/Dec/2025:23:45:49 +0700] "GET /cms/dashboard HTTP/2.0" 200 3673 "https://erp.nhatnamsst.com/cms/admin/create" "Mozilla/5.0 (Windows NT 10.0; Win64; x64) AppleWebKit/537.36 (KHTML, like Gecko) Chrome/143.0.0.0 Safari/537.36 Edg/143.0.0.0"
115.76.50.202 - - [22/Dec/2025:23:45:50 +0700] "GET /cms/admin HTTP/2.0" 200 5709 "https://erp.nhatnamsst.com/cms/admin/create" "Mozilla/5.0 (Windows NT 10.0; Win64; x64) AppleWebKit/537.36 (KHTML, like Gecko) Chrome/143.0.0.0 Safari/537.36 Edg/143.0.0.0"
115.76.50.202 - - [22/Dec/2025:23:45:51 +0700] "GET / HTTP/2.0" 302 406 "https://erp.nhatnamsst.com/cms/admin" "Mozilla/5.0 (Windows NT 10.0; Win64; x64) AppleWebKit/537.36 (KHTML, like Gecko) Chrome/143.0.0.0 Safari/537.36 Edg/143.0.0.0"
115.76.50.202 - - [22/Dec/2025:23:45:51 +0700] "GET /cms/admin?draw=1&columns%5B0%5D%5Bdata%5D=code&columns%5B1%5D%5Bdata%5D=fullname&columns%5B2%5D%5Bdata%5D=phone&columns%5B3%5D%5Bdata%5D=email&columns%5B4%5D%5Bdata%5D=role&columns%5B5%5D%5Bdata%5D=created_at&columns%5B6%5D%5Bdata%5D=action&columns%5B6%5D%5Borderable%5D=false&order%5B0%5D%5Bcolumn%5D=0&order%5B0%5D%5Bdir%5D=desc&start=0&length=50&search%5Bvalue%5D=&_=1766421950657 HTTP/2.0" 200 1126 "https://erp.nhatnamsst.com/cms/admin" "Mozilla/5.0 (Windows NT 10.0; Win64; x64) AppleWebKit/537.36 (KHTML, like Gecko) Chrome/143.0.0.0 Safari/537.36 Edg/143.0.0.0"
115.76.50.202 - - [22/Dec/2025:23:45:51 +0700] "GET /cms/dashboard HTTP/2.0" 200 3673 "https://erp.nhatnamsst.com/cms/admin" "Mozilla/5.0 (Windows NT 10.0; Win64; x64) AppleWebKit/537.36 (KHTML, like Gecko) Chrome/143.0.0.0 Safari/537.36 Edg/143.0.0.0"
115.76.50.202 - - [22/Dec/2025:23:45:51 +0700] "GET / HTTP/2.0" 302 406 "https://erp.nhatnamsst.com/cms/admin" "Mozilla/5.0 (Windows NT 10.0; Win64; x64) AppleWebKit/537.36 (KHTML, like Gecko) Chrome/143.0.0.0 Safari/537.36 Edg/143.0.0.0"
115.76.50.202 - - [22/Dec/2025:23:45:51 +0700] "GET /cms/dashboard HTTP/2.0" 200 3673 "https://erp.nhatnamsst.com/cms/admin" "Mozilla/5.0 (Windows NT 10.0; Win64; x64) AppleWebKit/537.36 (KHTML, like Gecko) Chrome/143.0.0.0 Safari/537.36 Edg/143.0.0.0"
42.116.117.207 - - [22/Dec/2025:23:46:00 +0700] "POST /cms/login HTTP/2.0" 302 406 "https://erp.nhatnamsst.com/cms/login" "Mozilla/5.0 (Windows NT 10.0; Win64; x64) AppleWebKit/537.36 (KHTML, like Gecko) Chrome/143.0.0.0 Safari/537.36 Edg/143.0.0.0"
42.116.117.207 - - [22/Dec/2025:23:46:00 +0700] "GET /cms/dashboard HTTP/2.0" 200 3756 "https://erp.nhatnamsst.com/cms/login" "Mozilla/5.0 (Windows NT 10.0; Win64; x64) AppleWebKit/537.36 (KHTML, like Gecko) Chrome/143.0.0.0 Safari/537.36 Edg/143.0.0.0"
42.116.117.207 - - [22/Dec/2025:23:46:01 +0700] "GET /templates/simple/icons/fonts/tabler-icons.woff2?v3.31.0 HTTP/2.0" 200 820316 "https://erp.nhatnamsst.com/templates/simple/icons/tabler-icons.min.css" "Mozilla/5.0 (Windows NT 10.0; Win64; x64) AppleWebKit/537.36 (KHTML, like Gecko) Chrome/143.0.0.0 Safari/537.36 Edg/143.0.0.0"
42.116.117.207 - - [22/Dec/2025:23:46:01 +0700] "GET / HTTP/2.0" 302 406 "https://erp.nhatnamsst.com/cms/dashboard" "Mozilla/5.0 (Windows NT 10.0; Win64; x64) AppleWebKit/537.36 (KHTML, like Gecko) Chrome/143.0.0.0 Safari/537.36 Edg/143.0.0.0"
42.116.117.207 - - [22/Dec/2025:23:46:01 +0700] "GET /cms/dashboard HTTP/2.0" 200 3674 "https://erp.nhatnamsst.com/cms/dashboard" "Mozilla/5.0 (Windows NT 10.0; Win64; x64) AppleWebKit/537.36 (KHTML, like Gecko) Chrome/143.0.0.0 Safari/537.36 Edg/143.0.0.0"
185.191.171.4 - - [22/Dec/2025:23:46:02 +0700] "GET /hop-am/goi-nguoi-xa-voi-30652 HTTP/1.1" 404 146 "-" "Mozilla/5.0 (compatible; SemrushBot/7~bl; +http://www.semrush.com/bot.html)"
52.167.144.211 - - [22/Dec/2025:23:46:06 +0700] "GET /hop-am/loi-chao-dau-tien-33356 HTTP/2.0" 404 548 "-" "Mozilla/5.0 AppleWebKit/537.36 (KHTML, like Gecko; compatible; bingbot/2.0; +http://www.bing.com/bingbot.htm) Chrome/116.0.1938.76 Safari/537.36"
185.191.171.15 - - [22/Dec/2025:23:46:12 +0700] "GET /hop-am/boi-vi-dam-me-26841 HTTP/1.1" 404 146 "-" "Mozilla/5.0 (compatible; SemrushBot/7~bl; +http://www.semrush.com/bot.html)"
42.116.117.207 - - [22/Dec/2025:23:46:26 +0700] "GET /cms/admin/create HTTP/2.0" 200 4015 "https://erp.nhatnamsst.com/cms/dashboard" "Mozilla/5.0 (Windows NT 10.0; Win64; x64) AppleWebKit/537.36 (KHTML, like Gecko) Chrome/143.0.0.0 Safari/537.36 Edg/143.0.0.0"
42.116.117.207 - - [22/Dec/2025:23:46:26 +0700] "GET / HTTP/2.0" 302 406 "https://erp.nhatnamsst.com/cms/admin/create" "Mozilla/5.0 (Windows NT 10.0; Win64; x64) AppleWebKit/537.36 (KHTML, like Gecko) Chrome/143.0.0.0 Safari/537.36 Edg/143.0.0.0"
42.116.117.207 - - [22/Dec/2025:23:46:26 +0700] "GET /cms/dashboard HTTP/2.0" 200 3674 "https://erp.nhatnamsst.com/cms/admin/create" "Mozilla/5.0 (Windows NT 10.0; Win64; x64) AppleWebKit/537.36 (KHTML, like Gecko) Chrome/143.0.0.0 Safari/537.36 Edg/143.0.0.0"
85.208.96.198 - - [22/Dec/2025:23:46:34 +0700] "GET /hop-am/lanh-hon-mua-dong-14856 HTTP/1.1" 404 146 "-" "Mozilla/5.0 (compatible; SemrushBot/7~bl; +http://www.semrush.com/bot.html)"
17.22.237.249 - - [22/Dec/2025:23:46:40 +0700] "GET /hop-am/con-rong-viet-nam-5433 HTTP/1.1" 404 146 "-" "Mozilla/5.0 (Macintosh; Intel Mac OS X 10_15_7) AppleWebKit/605.1.15 (KHTML, like Gecko) Version/17.4 Safari/605.1.15 (Applebot/0.1; +http://www.apple.com/go/applebot)"
185.191.171.11 - - [22/Dec/2025:23:46:41 +0700] "GET /hop-am/mot-tuan-gian-nhau-27337 HTTP/1.1" 404 146 "-" "Mozilla/5.0 (compatible; SemrushBot/7~bl; +http://www.semrush.com/bot.html)"
42.116.117.207 - - [22/Dec/2025:23:46:42 +0700] "GET /cms/admin HTTP/2.0" 200 5710 "https://erp.nhatnamsst.com/cms/admin/create" "Mozilla/5.0 (Windows NT 10.0; Win64; x64) AppleWebKit/537.36 (KHTML, like Gecko) Chrome/143.0.0.0 Safari/537.36 Edg/143.0.0.0"
42.116.117.207 - - [22/Dec/2025:23:46:42 +0700] "GET /libs/datatables/lang/vi-VN.json HTTP/2.0" 200 681 "https://erp.nhatnamsst.com/cms/admin" "Mozilla/5.0 (Windows NT 10.0; Win64; x64) AppleWebKit/537.36 (KHTML, like Gecko) Chrome/143.0.0.0 Safari/537.36 Edg/143.0.0.0"
42.116.117.207 - - [22/Dec/2025:23:46:42 +0700] "GET / HTTP/2.0" 302 406 "https://erp.nhatnamsst.com/cms/admin" "Mozilla/5.0 (Windows NT 10.0; Win64; x64) AppleWebKit/537.36 (KHTML, like Gecko) Chrome/143.0.0.0 Safari/537.36 Edg/143.0.0.0"
42.116.117.207 - - [22/Dec/2025:23:46:42 +0700] "GET /cms/admin?draw=1&columns%5B0%5D%5Bdata%5D=code&columns%5B1%5D%5Bdata%5D=fullname&columns%5B2%5D%5Bdata%5D=phone&columns%5B3%5D%5Bdata%5D=email&columns%5B4%5D%5Bdata%5D=role&columns%5B5%5D%5Bdata%5D=created_at&columns%5B6%5D%5Bdata%5D=action&columns%5B6%5D%5Borderable%5D=false&order%5B0%5D%5Bcolumn%5D=0&order%5B0%5D%5Bdir%5D=desc&start=0&length=50&search%5Bvalue%5D=&_=1766422005674 HTTP/2.0" 200 1126 "https://erp.nhatnamsst.com/cms/admin" "Mozilla/5.0 (Windows NT 10.0; Win64; x64) AppleWebKit/537.36 (KHTML, like Gecko) Chrome/143.0.0.0 Safari/537.36 Edg/143.0.0.0"
42.116.117.207 - - [22/Dec/2025:23:46:42 +0700] "GET /cms/dashboard HTTP/2.0" 200 3674 "https://erp.nhatnamsst.com/cms/admin" "Mozilla/5.0 (Windows NT 10.0; Win64; x64) AppleWebKit/537.36 (KHTML, like Gecko) Chrome/143.0.0.0 Safari/537.36 Edg/143.0.0.0"
185.191.171.10 - - [22/Dec/2025:23:46:55 +0700] "GET /hop-am/dap-an-cua-ban-ni-de-da-an-6510 HTTP/1.1" 404 146 "-" "Mozilla/5.0 (compatible; SemrushBot/7~bl; +http://www.semrush.com/bot.html)"
183.87.32.127 - - [22/Dec/2025:23:46:55 +0700] "GET /hop-am/mua-viet-tinh-ca-mua-viet-tinh-ca-ost-21566 HTTP/2.0" 404 548 "https://thuvienhopam.com/hop-am/mua-viet-tinh-ca-mua-viet-tinh-ca-ost-21566" "Mozilla/5.0 (Macintosh; Intel Mac OS X 10_15_7) AppleWebKit/537.36 (KHTML, like Gecko) Chrome/120.0.0.0 Safari/537.36"
115.76.50.202 - - [22/Dec/2025:23:46:56 +0700] "GET /cms/admin/create HTTP/2.0" 200 4015 "https://erp.nhatnamsst.com/cms/admin" "Mozilla/5.0 (Windows NT 10.0; Win64; x64) AppleWebKit/537.36 (KHTML, like Gecko) Chrome/143.0.0.0 Safari/537.36 Edg/143.0.0.0"
42.116.117.207 - - [22/Dec/2025:23:46:57 +0700] "GET /cms/admin/edit/4 HTTP/2.0" 200 4168 "https://erp.nhatnamsst.com/cms/admin" "Mozilla/5.0 (Windows NT 10.0; Win64; x64) AppleWebKit/537.36 (KHTML, like Gecko) Chrome/143.0.0.0 Safari/537.36 Edg/143.0.0.0"
115.76.50.202 - - [22/Dec/2025:23:46:57 +0700] "GET / HTTP/2.0" 302 406 "https://erp.nhatnamsst.com/cms/admin/create" "Mozilla/5.0 (Windows NT 10.0; Win64; x64) AppleWebKit/537.36 (KHTML, like Gecko) Chrome/143.0.0.0 Safari/537.36 Edg/143.0.0.0"
42.116.117.207 - - [22/Dec/2025:23:46:57 +0700] "GET / HTTP/2.0" 302 406 "https://erp.nhatnamsst.com/cms/admin/edit/4" "Mozilla/5.0 (Windows NT 10.0; Win64; x64) AppleWebKit/537.36 (KHTML, like Gecko) Chrome/143.0.0.0 Safari/537.36 Edg/143.0.0.0"
115.76.50.202 - - [22/Dec/2025:23:46:57 +0700] "GET /cms/dashboard HTTP/2.0" 200 3673 "https://erp.nhatnamsst.com/cms/admin/create" "Mozilla/5.0 (Windows NT 10.0; Win64; x64) AppleWebKit/537.36 (KHTML, like Gecko) Chrome/143.0.0.0 Safari/537.36 Edg/143.0.0.0"
42.116.117.207 - - [22/Dec/2025:23:46:57 +0700] "GET /cms/dashboard HTTP/2.0" 200 3674 "https://erp.nhatnamsst.com/cms/admin/edit/4" "Mozilla/5.0 (Windows NT 10.0; Win64; x64) AppleWebKit/537.36 (KHTML, like Gecko) Chrome/143.0.0.0 Safari/537.36 Edg/143.0.0.0"
115.76.50.202 - - [22/Dec/2025:23:46:58 +0700] "GET / HTTP/2.0" 302 406 "https://erp.nhatnamsst.com/cms/admin/create" "Mozilla/5.0 (Windows NT 10.0; Win64; x64) AppleWebKit/537.36 (KHTML, like Gecko) Chrome/143.0.0.0 Safari/537.36 Edg/143.0.0.0"
115.76.50.202 - - [22/Dec/2025:23:46:58 +0700] "GET /cms/dashboard HTTP/2.0" 200 3673 "https://erp.nhatnamsst.com/cms/admin/create" "Mozilla/5.0 (Windows NT 10.0; Win64; x64) AppleWebKit/537.36 (KHTML, like Gecko) Chrome/143.0.0.0 Safari/537.36 Edg/143.0.0.0"
42.116.117.207 - - [22/Dec/2025:23:47:01 +0700] "POST /cms/admin/update HTTP/2.0" 302 418 "https://erp.nhatnamsst.com/cms/admin/edit/4" "Mozilla/5.0 (Windows NT 10.0; Win64; x64) AppleWebKit/537.36 (KHTML, like Gecko) Chrome/143.0.0.0 Safari/537.36 Edg/143.0.0.0"
42.116.117.207 - - [22/Dec/2025:23:47:01 +0700] "GET /cms/admin/edit/4 HTTP/2.0" 200 4266 "https://erp.nhatnamsst.com/cms/admin/edit/4" "Mozilla/5.0 (Windows NT 10.0; Win64; x64) AppleWebKit/537.36 (KHTML, like Gecko) Chrome/143.0.0.0 Safari/537.36 Edg/143.0.0.0"
42.116.117.207 - - [22/Dec/2025:23:47:02 +0700] "GET / HTTP/2.0" 302 406 "https://erp.nhatnamsst.com/cms/admin/edit/4" "Mozilla/5.0 (Windows NT 10.0; Win64; x64) AppleWebKit/537.36 (KHTML, like Gecko) Chrome/143.0.0.0 Safari/537.36 Edg/143.0.0.0"
42.116.117.207 - - [22/Dec/2025:23:47:02 +0700] "GET /cms/dashboard HTTP/2.0" 200 3674 "https://erp.nhatnamsst.com/cms/admin/edit/4" "Mozilla/5.0 (Windows NT 10.0; Win64; x64) AppleWebKit/537.36 (KHTML, like Gecko) Chrome/143.0.0.0 Safari/537.36 Edg/143.0.0.0"
42.116.117.207 - - [22/Dec/2025:23:47:08 +0700] "POST /cms/admin/update HTTP/2.0" 302 418 "https://erp.nhatnamsst.com/cms/admin/edit/4" "Mozilla/5.0 (Windows NT 10.0; Win64; x64) AppleWebKit/537.36 (KHTML, like Gecko) Chrome/143.0.0.0 Safari/537.36 Edg/143.0.0.0"
42.116.117.207 - - [22/Dec/2025:23:47:08 +0700] "GET /cms/admin/edit/4 HTTP/2.0" 200 4247 "https://erp.nhatnamsst.com/cms/admin/edit/4" "Mozilla/5.0 (Windows NT 10.0; Win64; x64) AppleWebKit/537.36 (KHTML, like Gecko) Chrome/143.0.0.0 Safari/537.36 Edg/143.0.0.0"
42.116.117.207 - - [22/Dec/2025:23:47:09 +0700] "GET / HTTP/2.0" 302 406 "https://erp.nhatnamsst.com/cms/admin/edit/4" "Mozilla/5.0 (Windows NT 10.0; Win64; x64) AppleWebKit/537.36 (KHTML, like Gecko) Chrome/143.0.0.0 Safari/537.36 Edg/143.0.0.0"
42.116.117.207 - - [22/Dec/2025:23:47:09 +0700] "GET /cms/dashboard HTTP/2.0" 200 3674 "https://erp.nhatnamsst.com/cms/admin/edit/4" "Mozilla/5.0 (Windows NT 10.0; Win64; x64) AppleWebKit/537.36 (KHTML, like Gecko) Chrome/143.0.0.0 Safari/537.36 Edg/143.0.0.0"
42.116.117.207 - - [22/Dec/2025:23:47:13 +0700] "POST /cms/logout HTTP/2.0" 302 390 "https://erp.nhatnamsst.com/cms/admin/edit/4" "Mozilla/5.0 (Windows NT 10.0; Win64; x64) AppleWebKit/537.36 (KHTML, like Gecko) Chrome/143.0.0.0 Safari/537.36 Edg/143.0.0.0"
42.116.117.207 - - [22/Dec/2025:23:47:13 +0700] "GET /cms/login HTTP/2.0" 200 1140 "https://erp.nhatnamsst.com/cms/admin/edit/4" "Mozilla/5.0 (Windows NT 10.0; Win64; x64) AppleWebKit/537.36 (KHTML, like Gecko) Chrome/143.0.0.0 Safari/537.36 Edg/143.0.0.0"
42.116.117.207 - - [22/Dec/2025:23:47:14 +0700] "GET / HTTP/2.0" 302 390 "https://erp.nhatnamsst.com/cms/login" "Mozilla/5.0 (Windows NT 10.0; Win64; x64) AppleWebKit/537.36 (KHTML, like Gecko) Chrome/143.0.0.0 Safari/537.36 Edg/143.0.0.0"
42.116.117.207 - - [22/Dec/2025:23:47:14 +0700] "GET /cms/login HTTP/2.0" 200 1070 "https://erp.nhatnamsst.com/cms/login" "Mozilla/5.0 (Windows NT 10.0; Win64; x64) AppleWebKit/537.36 (KHTML, like Gecko) Chrome/143.0.0.0 Safari/537.36 Edg/143.0.0.0"
115.76.50.202 - - [22/Dec/2025:23:47:23 +0700] "GET /cms/admin HTTP/2.0" 200 5709 "https://erp.nhatnamsst.com/cms/admin/create" "Mozilla/5.0 (Windows NT 10.0; Win64; x64) AppleWebKit/537.36 (KHTML, like Gecko) Chrome/143.0.0.0 Safari/537.36 Edg/143.0.0.0"
115.76.50.202 - - [22/Dec/2025:23:47:23 +0700] "GET / HTTP/2.0" 302 406 "https://erp.nhatnamsst.com/cms/admin" "Mozilla/5.0 (Windows NT 10.0; Win64; x64) AppleWebKit/537.36 (KHTML, like Gecko) Chrome/143.0.0.0 Safari/537.36 Edg/143.0.0.0"
115.76.50.202 - - [22/Dec/2025:23:47:23 +0700] "GET /cms/admin?draw=1&columns%5B0%5D%5Bdata%5D=code&columns%5B1%5D%5Bdata%5D=fullname&columns%5B2%5D%5Bdata%5D=phone&columns%5B3%5D%5Bdata%5D=email&columns%5B4%5D%5Bdata%5D=role&columns%5B5%5D%5Bdata%5D=created_at&columns%5B6%5D%5Bdata%5D=action&columns%5B6%5D%5Borderable%5D=false&order%5B0%5D%5Bcolumn%5D=0&order%5B0%5D%5Bdir%5D=desc&start=0&length=50&search%5Bvalue%5D=&_=1766422043380 HTTP/2.0" 200 1124 "https://erp.nhatnamsst.com/cms/admin" "Mozilla/5.0 (Windows NT 10.0; Win64; x64) AppleWebKit/537.36 (KHTML, like Gecko) Chrome/143.0.0.0 Safari/537.36 Edg/143.0.0.0"
115.76.50.202 - - [22/Dec/2025:23:47:24 +0700] "GET /cms/dashboard HTTP/2.0" 200 3673 "https://erp.nhatnamsst.com/cms/admin" "Mozilla/5.0 (Windows NT 10.0; Win64; x64) AppleWebKit/537.36 (KHTML, like Gecko) Chrome/143.0.0.0 Safari/537.36 Edg/143.0.0.0"
115.76.50.202 - - [22/Dec/2025:23:47:24 +0700] "GET / HTTP/2.0" 302 406 "https://erp.nhatnamsst.com/cms/admin" "Mozilla/5.0 (Windows NT 10.0; Win64; x64) AppleWebKit/537.36 (KHTML, like Gecko) Chrome/143.0.0.0 Safari/537.36 Edg/143.0.0.0"
115.76.50.202 - - [22/Dec/2025:23:47:24 +0700] "GET /cms/dashboard HTTP/2.0" 200 3673 "https://erp.nhatnamsst.com/cms/admin" "Mozilla/5.0 (Windows NT 10.0; Win64; x64) AppleWebKit/537.36 (KHTML, like Gecko) Chrome/143.0.0.0 Safari/537.36 Edg/143.0.0.0"
40.77.167.2 - - [22/Dec/2025:23:47:25 +0700] "GET /hop-am/pho-thu-mua-39457 HTTP/2.0" 404 548 "-" "Mozilla/5.0 AppleWebKit/537.36 (KHTML, like Gecko; compatible; bingbot/2.0; +http://www.bing.com/bingbot.htm) Chrome/116.0.1938.76 Safari/537.36"
185.191.171.19 - - [22/Dec/2025:23:47:28 +0700] "GET /hop-am/lovin-you-2839 HTTP/1.1" 404 146 "-" "Mozilla/5.0 (compatible; SemrushBot/7~bl; +http://www.semrush.com/bot.html)"
42.116.117.207 - - [22/Dec/2025:23:47:28 +0700] "POST /cms/login HTTP/2.0" 302 406 "https://erp.nhatnamsst.com/cms/login" "Mozilla/5.0 (Windows NT 10.0; Win64; x64) AppleWebKit/537.36 (KHTML, like Gecko) Chrome/143.0.0.0 Safari/537.36 Edg/143.0.0.0"
42.116.117.207 - - [22/Dec/2025:23:47:29 +0700] "GET /cms/dashboard HTTP/2.0" 200 3690 "https://erp.nhatnamsst.com/cms/login" "Mozilla/5.0 (Windows NT 10.0; Win64; x64) AppleWebKit/537.36 (KHTML, like Gecko) Chrome/143.0.0.0 Safari/537.36 Edg/143.0.0.0"
42.116.117.207 - - [22/Dec/2025:23:47:29 +0700] "GET / HTTP/2.0" 302 406 "https://erp.nhatnamsst.com/cms/dashboard" "Mozilla/5.0 (Windows NT 10.0; Win64; x64) AppleWebKit/537.36 (KHTML, like Gecko) Chrome/143.0.0.0 Safari/537.36 Edg/143.0.0.0"
42.116.117.207 - - [22/Dec/2025:23:47:29 +0700] "GET /cms/dashboard HTTP/2.0" 200 3607 "https://erp.nhatnamsst.com/cms/dashboard" "Mozilla/5.0 (Windows NT 10.0; Win64; x64) AppleWebKit/537.36 (KHTML, like Gecko) Chrome/143.0.0.0 Safari/537.36 Edg/143.0.0.0"
85.208.96.202 - - [22/Dec/2025:23:47:32 +0700] "GET /hop-am/co-tham-ve-lang-11862 HTTP/1.1" 404 146 "-" "Mozilla/5.0 (compatible; SemrushBot/7~bl; +http://www.semrush.com/bot.html)"
42.116.117.207 - - [22/Dec/2025:23:47:33 +0700] "GET /cms/quote-request/create HTTP/2.0" 200 9606 "https://erp.nhatnamsst.com/cms/dashboard" "Mozilla/5.0 (Windows NT 10.0; Win64; x64) AppleWebKit/537.36 (KHTML, like Gecko) Chrome/143.0.0.0 Safari/537.36 Edg/143.0.0.0"
42.116.117.207 - - [22/Dec/2025:23:47:34 +0700] "GET / HTTP/2.0" 302 406 "https://erp.nhatnamsst.com/cms/quote-request/create" "Mozilla/5.0 (Windows NT 10.0; Win64; x64) AppleWebKit/537.36 (KHTML, like Gecko) Chrome/143.0.0.0 Safari/537.36 Edg/143.0.0.0"
42.116.117.207 - - [22/Dec/2025:23:47:34 +0700] "GET /cms/dashboard HTTP/2.0" 200 3607 "https://erp.nhatnamsst.com/cms/quote-request/create" "Mozilla/5.0 (Windows NT 10.0; Win64; x64) AppleWebKit/537.36 (KHTML, like Gecko) Chrome/143.0.0.0 Safari/537.36 Edg/143.0.0.0"
42.116.117.207 - - [22/Dec/2025:23:47:35 +0700] "GET /cms/brand/get-list?_type=query HTTP/2.0" 200 130 "https://erp.nhatnamsst.com/cms/quote-request/create" "Mozilla/5.0 (Windows NT 10.0; Win64; x64) AppleWebKit/537.36 (KHTML, like Gecko) Chrome/143.0.0.0 Safari/537.36 Edg/143.0.0.0"
42.116.117.207 - - [22/Dec/2025:23:47:38 +0700] "GET /cms/brand/create HTTP/2.0" 200 3548 "https://erp.nhatnamsst.com/cms/quote-request/create" "Mozilla/5.0 (Windows NT 10.0; Win64; x64) AppleWebKit/537.36 (KHTML, like Gecko) Chrome/143.0.0.0 Safari/537.36 Edg/143.0.0.0"
42.116.117.207 - - [22/Dec/2025:23:47:38 +0700] "GET / HTTP/2.0" 302 406 "https://erp.nhatnamsst.com/cms/brand/create" "Mozilla/5.0 (Windows NT 10.0; Win64; x64) AppleWebKit/537.36 (KHTML, like Gecko) Chrome/143.0.0.0 Safari/537.36 Edg/143.0.0.0"
42.116.117.207 - - [22/Dec/2025:23:47:38 +0700] "GET /cms/dashboard HTTP/2.0" 200 3607 "https://erp.nhatnamsst.com/cms/brand/create" "Mozilla/5.0 (Windows NT 10.0; Win64; x64) AppleWebKit/537.36 (KHTML, like Gecko) Chrome/143.0.0.0 Safari/537.36 Edg/143.0.0.0"
17.246.23.99 - - [22/Dec/2025:23:47:40 +0700] "GET /hop-am/tinh-tren-khong-13014 HTTP/1.1" 404 146 "-" "Mozilla/5.0 (Macintosh; Intel Mac OS X 10_15_7) AppleWebKit/605.1.15 (KHTML, like Gecko) Version/17.4 Safari/605.1.15 (Applebot/0.1; +http://www.apple.com/go/applebot)"
42.116.117.207 - - [22/Dec/2025:23:47:43 +0700] "POST /cms/brand/store HTTP/2.0" 302 418 "https://erp.nhatnamsst.com/cms/brand/create" "Mozilla/5.0 (Windows NT 10.0; Win64; x64) AppleWebKit/537.36 (KHTML, like Gecko) Chrome/143.0.0.0 Safari/537.36 Edg/143.0.0.0"
42.116.117.207 - - [22/Dec/2025:23:47:43 +0700] "GET /cms/brand/edit/7 HTTP/2.0" 200 3660 "https://erp.nhatnamsst.com/cms/brand/create" "Mozilla/5.0 (Windows NT 10.0; Win64; x64) AppleWebKit/537.36 (KHTML, like Gecko) Chrome/143.0.0.0 Safari/537.36 Edg/143.0.0.0"
42.116.117.207 - - [22/Dec/2025:23:47:43 +0700] "GET / HTTP/2.0" 302 406 "https://erp.nhatnamsst.com/cms/brand/edit/7" "Mozilla/5.0 (Windows NT 10.0; Win64; x64) AppleWebKit/537.36 (KHTML, like Gecko) Chrome/143.0.0.0 Safari/537.36 Edg/143.0.0.0"
42.116.117.207 - - [22/Dec/2025:23:47:44 +0700] "GET /cms/dashboard HTTP/2.0" 200 3607 "https://erp.nhatnamsst.com/cms/brand/edit/7" "Mozilla/5.0 (Windows NT 10.0; Win64; x64) AppleWebKit/537.36 (KHTML, like Gecko) Chrome/143.0.0.0 Safari/537.36 Edg/143.0.0.0"
115.76.50.202 - - [22/Dec/2025:23:47:45 +0700] "GET /cms/customer HTTP/2.0" 200 6457 "https://erp.nhatnamsst.com/cms/admin" "Mozilla/5.0 (Windows NT 10.0; Win64; x64) AppleWebKit/537.36 (KHTML, like Gecko) Chrome/143.0.0.0 Safari/537.36 Edg/143.0.0.0"
115.76.50.202 - - [22/Dec/2025:23:47:46 +0700] "GET / HTTP/2.0" 302 406 "https://erp.nhatnamsst.com/cms/customer" "Mozilla/5.0 (Windows NT 10.0; Win64; x64) AppleWebKit/537.36 (KHTML, like Gecko) Chrome/143.0.0.0 Safari/537.36 Edg/143.0.0.0"
115.76.50.202 - - [22/Dec/2025:23:47:46 +0700] "GET /cms/customer?draw=1&columns%5B0%5D%5Bdata%5D=code&columns%5B1%5D%5Bdata%5D=type&columns%5B2%5D%5Bdata%5D=name&columns%5B3%5D%5Bdata%5D=short_name&columns%5B4%5D%5Bdata%5D=address&columns%5B5%5D%5Bdata%5D=contact_person&columns%5B6%5D%5Bdata%5D=position&columns%5B7%5D%5Bdata%5D=tax_code&columns%5B8%5D%5Bdata%5D=phone&columns%5B9%5D%5Bdata%5D=email&columns%5B10%5D%5Bdata%5D=payment_method&columns%5B11%5D%5Bdata%5D=sale_id&columns%5B11%5D%5Borderable%5D=false&columns%5B12%5D%5Bdata%5D=action&columns%5B12%5D%5Borderable%5D=false&order%5B0%5D%5Bcolumn%5D=0&order%5B0%5D%5Bdir%5D=desc&start=0&length=50&search%5Bvalue%5D=&_=1766422065567 HTTP/2.0" 200 1416 "https://erp.nhatnamsst.com/cms/customer" "Mozilla/5.0 (Windows NT 10.0; Win64; x64) AppleWebKit/537.36 (KHTML, like Gecko) Chrome/143.0.0.0 Safari/537.36 Edg/143.0.0.0"
115.76.50.202 - - [22/Dec/2025:23:47:46 +0700] "GET /cms/dashboard HTTP/2.0" 200 3673 "https://erp.nhatnamsst.com/cms/customer" "Mozilla/5.0 (Windows NT 10.0; Win64; x64) AppleWebKit/537.36 (KHTML, like Gecko) Chrome/143.0.0.0 Safari/537.36 Edg/143.0.0.0"
115.76.50.202 - - [22/Dec/2025:23:47:46 +0700] "GET / HTTP/2.0" 302 406 "https://erp.nhatnamsst.com/cms/customer" "Mozilla/5.0 (Windows NT 10.0; Win64; x64) AppleWebKit/537.36 (KHTML, like Gecko) Chrome/143.0.0.0 Safari/537.36 Edg/143.0.0.0"
115.76.50.202 - - [22/Dec/2025:23:47:46 +0700] "GET /cms/dashboard HTTP/2.0" 200 3673 "https://erp.nhatnamsst.com/cms/customer" "Mozilla/5.0 (Windows NT 10.0; Win64; x64) AppleWebKit/537.36 (KHTML, like Gecko) Chrome/143.0.0.0 Safari/537.36 Edg/143.0.0.0"
42.116.117.207 - - [22/Dec/2025:23:47:47 +0700] "GET /cms/brand/get-list?_type=query HTTP/2.0" 200 137 "https://erp.nhatnamsst.com/cms/quote-request/create" "Mozilla/5.0 (Windows NT 10.0; Win64; x64) AppleWebKit/537.36 (KHTML, like Gecko) Chrome/143.0.0.0 Safari/537.36 Edg/143.0.0.0"
42.116.117.207 - - [22/Dec/2025:23:47:48 +0700] "GET /cms/brand/get-list?term=E&_type=query&q=E HTTP/2.0" 200 104 "https://erp.nhatnamsst.com/cms/quote-request/create" "Mozilla/5.0 (Windows NT 10.0; Win64; x64) AppleWebKit/537.36 (KHTML, like Gecko) Chrome/143.0.0.0 Safari/537.36 Edg/143.0.0.0"
52.167.144.177 - - [22/Dec/2025:23:47:49 +0700] "GET /hop-am/minh-den-voi-nhau-39876 HTTP/2.0" 404 548 "-" "Mozilla/5.0 AppleWebKit/537.36 (KHTML, like Gecko; compatible; bingbot/2.0; +http://www.bing.com/bingbot.htm) Chrome/116.0.1938.76 Safari/537.36"
42.116.117.207 - - [22/Dec/2025:23:47:49 +0700] "GET /cms/brand/7/get-inters HTTP/2.0" 200 33 "https://erp.nhatnamsst.com/cms/quote-request/create" "Mozilla/5.0 (Windows NT 10.0; Win64; x64) AppleWebKit/537.36 (KHTML, like Gecko) Chrome/143.0.0.0 Safari/537.36 Edg/143.0.0.0"
42.116.117.207 - - [22/Dec/2025:23:47:50 +0700] "GET /cms/customer/get-list?_type=query HTTP/2.0" 200 123 "https://erp.nhatnamsst.com/cms/quote-request/create" "Mozilla/5.0 (Windows NT 10.0; Win64; x64) AppleWebKit/537.36 (KHTML, like Gecko) Chrome/143.0.0.0 Safari/537.36 Edg/143.0.0.0"
115.76.50.202 - - [22/Dec/2025:23:47:54 +0700] "GET /cms/quote-request HTTP/2.0" 200 7153 "https://erp.nhatnamsst.com/cms/customer" "Mozilla/5.0 (Windows NT 10.0; Win64; x64) AppleWebKit/537.36 (KHTML, like Gecko) Chrome/143.0.0.0 Safari/537.36 Edg/143.0.0.0"
115.76.50.202 - - [22/Dec/2025:23:47:55 +0700] "GET / HTTP/2.0" 302 406 "https://erp.nhatnamsst.com/cms/quote-request" "Mozilla/5.0 (Windows NT 10.0; Win64; x64) AppleWebKit/537.36 (KHTML, like Gecko) Chrome/143.0.0.0 Safari/537.36 Edg/143.0.0.0"
115.76.50.202 - - [22/Dec/2025:23:47:56 +0700] "GET /cms/quote-request?draw=1&columns%5B0%5D%5Bdata%5D=code&columns%5B1%5D%5Bdata%5D=sale_id&columns%5B1%5D%5Borderable%5D=false&columns%5B2%5D%5Bdata%5D=brand_id&columns%5B2%5D%5Borderable%5D=false&columns%5B3%5D%5Bdata%5D=customer_id&columns%5B3%5D%5Borderable%5D=false&columns%5B4%5D%5Bdata%5D=customer_type&columns%5B4%5D%5Borderable%5D=false&columns%5B5%5D%5Bdata%5D=request_date&columns%5B6%5D%5Bdata%5D=inters&columns%5B6%5D%5Borderable%5D=false&columns%5B7%5D%5Bdata%5D=manager&columns%5B7%5D%5Borderable%5D=false&columns%5B8%5D%5Bdata%5D=status&columns%5B9%5D%5Bdata%5D=action&columns%5B9%5D%5Borderable%5D=false&order%5B0%5D%5Bcolumn%5D=0&order%5B0%5D%5Bdir%5D=desc&start=0&length=50&search%5Bvalue%5D=&_=1766422075310 HTTP/2.0" 200 2233 "https://erp.nhatnamsst.com/cms/quote-request" "Mozilla/5.0 (Windows NT 10.0; Win64; x64) AppleWebKit/537.36 (KHTML, like Gecko) Chrome/143.0.0.0 Safari/537.36 Edg/143.0.0.0"
115.76.50.202 - - [22/Dec/2025:23:47:56 +0700] "GET /cms/dashboard HTTP/2.0" 200 3673 "https://erp.nhatnamsst.com/cms/quote-request" "Mozilla/5.0 (Windows NT 10.0; Win64; x64) AppleWebKit/537.36 (KHTML, like Gecko) Chrome/143.0.0.0 Safari/537.36 Edg/143.0.0.0"
115.76.50.202 - - [22/Dec/2025:23:47:56 +0700] "GET / HTTP/2.0" 302 406 "https://erp.nhatnamsst.com/cms/quote-request" "Mozilla/5.0 (Windows NT 10.0; Win64; x64) AppleWebKit/537.36 (KHTML, like Gecko) Chrome/143.0.0.0 Safari/537.36 Edg/143.0.0.0"
115.76.50.202 - - [22/Dec/2025:23:47:56 +0700] "GET /cms/dashboard HTTP/2.0" 200 3673 "https://erp.nhatnamsst.com/cms/quote-request" "Mozilla/5.0 (Windows NT 10.0; Win64; x64) AppleWebKit/537.36 (KHTML, like Gecko) Chrome/143.0.0.0 Safari/537.36 Edg/143.0.0.0"
42.116.117.207 - - [22/Dec/2025:23:47:59 +0700] "GET /cms/customer/create HTTP/2.0" 200 6492 "https://erp.nhatnamsst.com/cms/quote-request/create" "Mozilla/5.0 (Windows NT 10.0; Win64; x64) AppleWebKit/537.36 (KHTML, like Gecko) Chrome/143.0.0.0 Safari/537.36 Edg/143.0.0.0"
42.116.117.207 - - [22/Dec/2025:23:47:59 +0700] "GET / HTTP/2.0" 302 406 "https://erp.nhatnamsst.com/cms/customer/create" "Mozilla/5.0 (Windows NT 10.0; Win64; x64) AppleWebKit/537.36 (KHTML, like Gecko) Chrome/143.0.0.0 Safari/537.36 Edg/143.0.0.0"
42.116.117.207 - - [22/Dec/2025:23:47:59 +0700] "GET /cms/dashboard HTTP/2.0" 200 3607 "https://erp.nhatnamsst.com/cms/customer/create" "Mozilla/5.0 (Windows NT 10.0; Win64; x64) AppleWebKit/537.36 (KHTML, like Gecko) Chrome/143.0.0.0 Safari/537.36 Edg/143.0.0.0"
17.246.23.199 - - [22/Dec/2025:23:48:01 +0700] "GET /hop-am/tu-lam-minh-dau-33358 HTTP/1.1" 404 146 "-" "Mozilla/5.0 (Macintosh; Intel Mac OS X 10_15_7) AppleWebKit/605.1.15 (KHTML, like Gecko) Version/17.4 Safari/605.1.15 (Applebot/0.1; +http://www.apple.com/go/applebot)"
185.191.171.4 - - [22/Dec/2025:23:48:02 +0700] "GET /hop-am/thanh-pho-co-em-37802 HTTP/1.1" 404 146 "-" "Mozilla/5.0 (compatible; SemrushBot/7~bl; +http://www.semrush.com/bot.html)"
185.191.171.7 - - [22/Dec/2025:23:48:04 +0700] "GET /hop-am/no-kiep-chung-doi-32546 HTTP/1.1" 404 146 "-" "Mozilla/5.0 (compatible; SemrushBot/7~bl; +http://www.semrush.com/bot.html)"
185.191.171.16 - - [22/Dec/2025:23:48:10 +0700] "GET /hop-am/tinh-ca-vo-tan-8944 HTTP/1.1" 404 146 "-" "Mozilla/5.0 (compatible; SemrushBot/7~bl; +http://www.semrush.com/bot.html)"
115.76.50.202 - - [22/Dec/2025:23:48:12 +0700] "GET /cms/quote-request/create HTTP/2.0" 200 9835 "https://erp.nhatnamsst.com/cms/quote-request" "Mozilla/5.0 (Windows NT 10.0; Win64; x64) AppleWebKit/537.36 (KHTML, like Gecko) Chrome/143.0.0.0 Safari/537.36 Edg/143.0.0.0"
115.76.50.202 - - [22/Dec/2025:23:48:13 +0700] "GET / HTTP/2.0" 302 406 "https://erp.nhatnamsst.com/cms/quote-request/create" "Mozilla/5.0 (Windows NT 10.0; Win64; x64) AppleWebKit/537.36 (KHTML, like Gecko) Chrome/143.0.0.0 Safari/537.36 Edg/143.0.0.0"
115.76.50.202 - - [22/Dec/2025:23:48:13 +0700] "GET /cms/dashboard HTTP/2.0" 200 3673 "https://erp.nhatnamsst.com/cms/quote-request/create" "Mozilla/5.0 (Windows NT 10.0; Win64; x64) AppleWebKit/537.36 (KHTML, like Gecko) Chrome/143.0.0.0 Safari/537.36 Edg/143.0.0.0"
115.76.50.202 - - [22/Dec/2025:23:48:13 +0700] "GET / HTTP/2.0" 302 406 "https://erp.nhatnamsst.com/cms/quote-request/create" "Mozilla/5.0 (Windows NT 10.0; Win64; x64) AppleWebKit/537.36 (KHTML, like Gecko) Chrome/143.0.0.0 Safari/537.36 Edg/143.0.0.0"
115.76.50.202 - - [22/Dec/2025:23:48:13 +0700] "GET /cms/dashboard HTTP/2.0" 200 3673 "https://erp.nhatnamsst.com/cms/quote-request/create" "Mozilla/5.0 (Windows NT 10.0; Win64; x64) AppleWebKit/537.36 (KHTML, like Gecko) Chrome/143.0.0.0 Safari/537.36 Edg/143.0.0.0"
85.208.96.196 - - [22/Dec/2025:23:48:19 +0700] "GET /hop-am/hay-hat-len-28966 HTTP/1.1" 404 146 "-" "Mozilla/5.0 (compatible; SemrushBot/7~bl; +http://www.semrush.com/bot.html)"
85.208.96.193 - - [22/Dec/2025:23:48:22 +0700] "GET /hop-am?page=3925 HTTP/1.1" 404 146 "-" "Mozilla/5.0 (compatible; SemrushBot/7~bl; +http://www.semrush.com/bot.html)"
115.76.50.202 - - [22/Dec/2025:23:48:37 +0700] "GET /cms/customer HTTP/2.0" 200 6457 "https://erp.nhatnamsst.com/cms/quote-request/create" "Mozilla/5.0 (Windows NT 10.0; Win64; x64) AppleWebKit/537.36 (KHTML, like Gecko) Chrome/143.0.0.0 Safari/537.36 Edg/143.0.0.0"
115.76.50.202 - - [22/Dec/2025:23:48:38 +0700] "GET / HTTP/2.0" 302 406 "https://erp.nhatnamsst.com/cms/customer" "Mozilla/5.0 (Windows NT 10.0; Win64; x64) AppleWebKit/537.36 (KHTML, like Gecko) Chrome/143.0.0.0 Safari/537.36 Edg/143.0.0.0"
115.76.50.202 - - [22/Dec/2025:23:48:38 +0700] "GET /cms/customer?draw=1&columns%5B0%5D%5Bdata%5D=code&columns%5B1%5D%5Bdata%5D=type&columns%5B2%5D%5Bdata%5D=name&columns%5B3%5D%5Bdata%5D=short_name&columns%5B4%5D%5Bdata%5D=address&columns%5B5%5D%5Bdata%5D=contact_person&columns%5B6%5D%5Bdata%5D=position&columns%5B7%5D%5Bdata%5D=tax_code&columns%5B8%5D%5Bdata%5D=phone&columns%5B9%5D%5Bdata%5D=email&columns%5B10%5D%5Bdata%5D=payment_method&columns%5B11%5D%5Bdata%5D=sale_id&columns%5B11%5D%5Borderable%5D=false&columns%5B12%5D%5Bdata%5D=action&columns%5B12%5D%5Borderable%5D=false&order%5B0%5D%5Bcolumn%5D=0&order%5B0%5D%5Bdir%5D=desc&start=0&length=50&search%5Bvalue%5D=&_=1766422117870 HTTP/2.0" 200 1416 "https://erp.nhatnamsst.com/cms/customer" "Mozilla/5.0 (Windows NT 10.0; Win64; x64) AppleWebKit/537.36 (KHTML, like Gecko) Chrome/143.0.0.0 Safari/537.36 Edg/143.0.0.0"
85.208.96.212 - - [22/Dec/2025:23:48:38 +0700] "GET /dieu/slow-surf HTTP/1.1" 404 146 "-" "Mozilla/5.0 (compatible; SemrushBot/7~bl; +http://www.semrush.com/bot.html)"
115.76.50.202 - - [22/Dec/2025:23:48:38 +0700] "GET /cms/dashboard HTTP/2.0" 200 3673 "https://erp.nhatnamsst.com/cms/customer" "Mozilla/5.0 (Windows NT 10.0; Win64; x64) AppleWebKit/537.36 (KHTML, like Gecko) Chrome/143.0.0.0 Safari/537.36 Edg/143.0.0.0"
115.76.50.202 - - [22/Dec/2025:23:48:38 +0700] "GET / HTTP/2.0" 302 406 "https://erp.nhatnamsst.com/cms/customer" "Mozilla/5.0 (Windows NT 10.0; Win64; x64) AppleWebKit/537.36 (KHTML, like Gecko) Chrome/143.0.0.0 Safari/537.36 Edg/143.0.0.0"
115.76.50.202 - - [22/Dec/2025:23:48:39 +0700] "GET /cms/dashboard HTTP/2.0" 200 3673 "https://erp.nhatnamsst.com/cms/customer" "Mozilla/5.0 (Windows NT 10.0; Win64; x64) AppleWebKit/537.36 (KHTML, like Gecko) Chrome/143.0.0.0 Safari/537.36 Edg/143.0.0.0"
85.208.96.205 - - [22/Dec/2025:23:48:40 +0700] "GET /hop-am/phai-25684 HTTP/1.1" 404 146 "-" "Mozilla/5.0 (compatible; SemrushBot/7~bl; +http://www.semrush.com/bot.html)"
85.208.96.206 - - [22/Dec/2025:23:48:43 +0700] "GET /hop-am/loan-mat-nhung-44187 HTTP/1.1" 404 146 "-" "Mozilla/5.0 (compatible; SemrushBot/7~bl; +http://www.semrush.com/bot.html)"
115.76.50.202 - - [22/Dec/2025:23:48:44 +0700] "GET /cms/brand HTTP/2.0" 200 5979 "https://erp.nhatnamsst.com/cms/quote-request/create" "Mozilla/5.0 (Windows NT 10.0; Win64; x64) AppleWebKit/537.36 (KHTML, like Gecko) Chrome/143.0.0.0 Safari/537.36 Edg/143.0.0.0"
115.76.50.202 - - [22/Dec/2025:23:48:44 +0700] "GET / HTTP/2.0" 302 406 "https://erp.nhatnamsst.com/cms/brand" "Mozilla/5.0 (Windows NT 10.0; Win64; x64) AppleWebKit/537.36 (KHTML, like Gecko) Chrome/143.0.0.0 Safari/537.36 Edg/143.0.0.0"
115.76.50.202 - - [22/Dec/2025:23:48:45 +0700] "GET /cms/brand?draw=1&columns%5B0%5D%5Bdata%5D=name&columns%5B1%5D%5Bdata%5D=admins&columns%5B1%5D%5Borderable%5D=false&columns%5B2%5D%5Bdata%5D=action&columns%5B2%5D%5Borderable%5D=false&order%5B0%5D%5Bcolumn%5D=0&order%5B0%5D%5Bdir%5D=desc&start=0&length=50&search%5Bvalue%5D=&_=1766422124568 HTTP/2.0" 200 849 "https://erp.nhatnamsst.com/cms/brand" "Mozilla/5.0 (Windows NT 10.0; Win64; x64) AppleWebKit/537.36 (KHTML, like Gecko) Chrome/143.0.0.0 Safari/537.36 Edg/143.0.0.0"
115.76.50.202 - - [22/Dec/2025:23:48:45 +0700] "GET /cms/dashboard HTTP/2.0" 200 3673 "https://erp.nhatnamsst.com/cms/brand" "Mozilla/5.0 (Windows NT 10.0; Win64; x64) AppleWebKit/537.36 (KHTML, like Gecko) Chrome/143.0.0.0 Safari/537.36 Edg/143.0.0.0"
115.76.50.202 - - [22/Dec/2025:23:48:45 +0700] "GET / HTTP/2.0" 302 406 "https://erp.nhatnamsst.com/cms/brand" "Mozilla/5.0 (Windows NT 10.0; Win64; x64) AppleWebKit/537.36 (KHTML, like Gecko) Chrome/143.0.0.0 Safari/537.36 Edg/143.0.0.0"
115.76.50.202 - - [22/Dec/2025:23:48:45 +0700] "GET /cms/dashboard HTTP/2.0" 200 3673 "https://erp.nhatnamsst.com/cms/brand" "Mozilla/5.0 (Windows NT 10.0; Win64; x64) AppleWebKit/537.36 (KHTML, like Gecko) Chrome/143.0.0.0 Safari/537.36 Edg/143.0.0.0"
42.116.117.207 - - [22/Dec/2025:23:48:46 +0700] "POST /cms/customer/store HTTP/2.0" 302 430 "https://erp.nhatnamsst.com/cms/customer/create" "Mozilla/5.0 (Windows NT 10.0; Win64; x64) AppleWebKit/537.36 (KHTML, like Gecko) Chrome/143.0.0.0 Safari/537.36 Edg/143.0.0.0"
42.116.117.207 - - [22/Dec/2025:23:48:46 +0700] "GET /cms/customer/edit/4 HTTP/2.0" 200 6830 "https://erp.nhatnamsst.com/cms/customer/create" "Mozilla/5.0 (Windows NT 10.0; Win64; x64) AppleWebKit/537.36 (KHTML, like Gecko) Chrome/143.0.0.0 Safari/537.36 Edg/143.0.0.0"
42.116.117.207 - - [22/Dec/2025:23:48:46 +0700] "GET / HTTP/2.0" 302 406 "https://erp.nhatnamsst.com/cms/customer/edit/4" "Mozilla/5.0 (Windows NT 10.0; Win64; x64) AppleWebKit/537.36 (KHTML, like Gecko) Chrome/143.0.0.0 Safari/537.36 Edg/143.0.0.0"
42.116.117.207 - - [22/Dec/2025:23:48:47 +0700] "GET /cms/dashboard HTTP/2.0" 200 3607 "https://erp.nhatnamsst.com/cms/customer/edit/4" "Mozilla/5.0 (Windows NT 10.0; Win64; x64) AppleWebKit/537.36 (KHTML, like Gecko) Chrome/143.0.0.0 Safari/537.36 Edg/143.0.0.0"
185.191.171.11 - - [22/Dec/2025:23:48:51 +0700] "GET /hop-am/thuong-nho-nguoi-tinh-xa-16161 HTTP/1.1" 404 146 "-" "Mozilla/5.0 (compatible; SemrushBot/7~bl; +http://www.semrush.com/bot.html)"
42.116.117.207 - - [22/Dec/2025:23:48:52 +0700] "GET /cms/customer/get-list?_type=query HTTP/2.0" 200 140 "https://erp.nhatnamsst.com/cms/quote-request/create" "Mozilla/5.0 (Windows NT 10.0; Win64; x64) AppleWebKit/537.36 (KHTML, like Gecko) Chrome/143.0.0.0 Safari/537.36 Edg/143.0.0.0"
115.76.50.202 - - [22/Dec/2025:23:48:56 +0700] "GET /cms/quote-request HTTP/2.0" 200 7168 "https://erp.nhatnamsst.com/cms/brand" "Mozilla/5.0 (Windows NT 10.0; Win64; x64) AppleWebKit/537.36 (KHTML, like Gecko) Chrome/143.0.0.0 Safari/537.36 Edg/143.0.0.0"
115.76.50.202 - - [22/Dec/2025:23:48:56 +0700] "GET / HTTP/2.0" 302 406 "https://erp.nhatnamsst.com/cms/quote-request" "Mozilla/5.0 (Windows NT 10.0; Win64; x64) AppleWebKit/537.36 (KHTML, like Gecko) Chrome/143.0.0.0 Safari/537.36 Edg/143.0.0.0"
