37.187.226.33 - - [22/Dec/2025:18:01:52 +0700] "GET /hop-am/anh-dung-di-30975 HTTP/1.1" 404 146 "-" "Mozilla/5.0 (compatible; MJ12bot/v1.4.8; http://mj12bot.com/)"
37.187.226.33 - - [22/Dec/2025:18:01:53 +0700] "GET /hop-am/anh-hieu-khong-19883 HTTP/1.1" 404 146 "-" "Mozilla/5.0 (compatible; MJ12bot/v1.4.8; http://mj12bot.com/)"
37.187.226.33 - - [22/Dec/2025:18:01:55 +0700] "GET /hop-am/anh-khong-niu-keo-19561 HTTP/1.1" 404 146 "-" "Mozilla/5.0 (compatible; MJ12bot/v1.4.8; http://mj12bot.com/)"
37.187.226.33 - - [22/Dec/2025:18:01:57 +0700] "GET /hop-am/anh-oi-ha-noi-nho-36175 HTTP/1.1" 404 146 "-" "Mozilla/5.0 (compatible; MJ12bot/v1.4.8; http://mj12bot.com/)"
37.187.226.33 - - [22/Dec/2025:18:01:58 +0700] "GET /hop-am/ban-khong-hieu-toi-29967 HTTP/1.1" 404 146 "-" "Mozilla/5.0 (compatible; MJ12bot/v1.4.8; http://mj12bot.com/)"
37.187.226.33 - - [22/Dec/2025:18:02:00 +0700] "GET /hop-am/bat-canh-manh-ba-16229 HTTP/1.1" 404 146 "-" "Mozilla/5.0 (compatible; MJ12bot/v1.4.8; http://mj12bot.com/)"
46.250.170.190 - - [22/Dec/2025:18:02:01 +0700] "GET /hop-am/tung-buoc-theo-ngai-7956 HTTP/2.0" 404 548 "https://thuvienhopam.com/hop-am/tung-buoc-theo-ngai-7956" "Mozilla/5.0 (Macintosh; Intel Mac OS X 10_15_7) AppleWebKit/537.36 (KHTML, like Gecko) Chrome/123.0.0.0 Safari/537.36"
37.187.226.33 - - [22/Dec/2025:18:02:02 +0700] "GET /hop-am/bat-coc-con-tim-29685 HTTP/1.1" 404 146 "-" "Mozilla/5.0 (compatible; MJ12bot/v1.4.8; http://mj12bot.com/)"
37.187.226.33 - - [22/Dec/2025:18:02:03 +0700] "GET /hop-am/bien-va-toi-9874 HTTP/1.1" 404 146 "-" "Mozilla/5.0 (compatible; MJ12bot/v1.4.8; http://mj12bot.com/)"
37.187.226.33 - - [22/Dec/2025:18:02:05 +0700] "GET /hop-am/bo-mac-34146 HTTP/1.1" 404 146 "-" "Mozilla/5.0 (compatible; MJ12bot/v1.4.8; http://mj12bot.com/)"
37.187.226.33 - - [22/Dec/2025:18:02:07 +0700] "GET /hop-am/buon-khong-em-14156 HTTP/1.1" 404 146 "-" "Mozilla/5.0 (compatible; MJ12bot/v1.4.8; http://mj12bot.com/)"
185.191.171.3 - - [22/Dec/2025:18:02:08 +0700] "GET /hop-am/nang-chua-xa-troi-10214 HTTP/1.1" 404 146 "-" "Mozilla/5.0 (compatible; SemrushBot/7~bl; +http://www.semrush.com/bot.html)"
37.187.226.33 - - [22/Dec/2025:18:02:08 +0700] "GET /hop-am/buon-lam-21719 HTTP/1.1" 404 146 "-" "Mozilla/5.0 (compatible; MJ12bot/v1.4.8; http://mj12bot.com/)"
37.187.226.33 - - [22/Dec/2025:18:02:10 +0700] "GET /hop-am/ca-si/aitai-amp-duy-hoang-phong HTTP/1.1" 404 146 "-" "Mozilla/5.0 (compatible; MJ12bot/v1.4.8; http://mj12bot.com/)"
85.208.96.200 - - [22/Dec/2025:18:02:10 +0700] "GET /hop-am/cam-ranh-tho-mong-4606 HTTP/1.1" 404 146 "-" "Mozilla/5.0 (compatible; SemrushBot/7~bl; +http://www.semrush.com/bot.html)"
37.187.226.33 - - [22/Dec/2025:18:02:12 +0700] "GET /hop-am/ca-si/dang-anh?page=2 HTTP/1.1" 404 146 "-" "Mozilla/5.0 (compatible; MJ12bot/v1.4.8; http://mj12bot.com/)"
185.191.171.14 - - [22/Dec/2025:18:02:13 +0700] "GET /hop-am/dan-choi-thon-18371 HTTP/1.1" 404 146 "-" "Mozilla/5.0 (compatible; SemrushBot/7~bl; +http://www.semrush.com/bot.html)"
37.187.226.33 - - [22/Dec/2025:18:02:13 +0700] "GET /hop-am/ca-si/dang-anh?page=3 HTTP/1.1" 404 146 "-" "Mozilla/5.0 (compatible; MJ12bot/v1.4.8; http://mj12bot.com/)"
37.187.226.33 - - [22/Dec/2025:18:02:15 +0700] "GET /hop-am/ca-si/dinh-manh-ninh?page=2 HTTP/1.1" 404 146 "-" "Mozilla/5.0 (compatible; MJ12bot/v1.4.8; http://mj12bot.com/)"
37.187.226.33 - - [22/Dec/2025:18:02:17 +0700] "GET /hop-am/ca-si/dong-phuong-tuong HTTP/1.1" 404 146 "-" "Mozilla/5.0 (compatible; MJ12bot/v1.4.8; http://mj12bot.com/)"
37.187.226.33 - - [22/Dec/2025:18:02:18 +0700] "GET /hop-am/ca-si/du-thien?page=3 HTTP/1.1" 404 146 "-" "Mozilla/5.0 (compatible; MJ12bot/v1.4.8; http://mj12bot.com/)"
37.187.226.33 - - [22/Dec/2025:18:02:20 +0700] "GET /hop-am/ca-si/duc-trong HTTP/1.1" 404 146 "-" "Mozilla/5.0 (compatible; MJ12bot/v1.4.8; http://mj12bot.com/)"
37.187.226.33 - - [22/Dec/2025:18:02:22 +0700] "GET /hop-am/ca-si/duong-565 HTTP/1.1" 404 146 "-" "Mozilla/5.0 (compatible; MJ12bot/v1.4.8; http://mj12bot.com/)"
185.191.171.14 - - [22/Dec/2025:18:02:22 +0700] "GET /hop-am/mat-me-toi-34835 HTTP/1.1" 404 146 "-" "Mozilla/5.0 (compatible; SemrushBot/7~bl; +http://www.semrush.com/bot.html)"
37.187.226.33 - - [22/Dec/2025:18:02:23 +0700] "GET /hop-am/ca-si/elvis-phuong-amp-ai-van HTTP/1.1" 404 146 "-" "Mozilla/5.0 (compatible; MJ12bot/v1.4.8; http://mj12bot.com/)"
85.208.96.197 - - [22/Dec/2025:18:02:25 +0700] "GET /hop-am/ga-trong-nuoi-con-15557 HTTP/1.1" 404 146 "-" "Mozilla/5.0 (compatible; SemrushBot/7~bl; +http://www.semrush.com/bot.html)"
37.187.226.33 - - [22/Dec/2025:18:02:25 +0700] "GET /hop-am/ca-si/hari-won-amp-ha-le HTTP/1.1" 404 146 "-" "Mozilla/5.0 (compatible; MJ12bot/v1.4.8; http://mj12bot.com/)"
37.187.226.33 - - [22/Dec/2025:18:02:27 +0700] "GET /hop-am/ca-si/hieu-thuan HTTP/1.1" 404 146 "-" "Mozilla/5.0 (compatible; MJ12bot/v1.4.8; http://mj12bot.com/)"
37.187.226.33 - - [22/Dec/2025:18:02:28 +0700] "GET /hop-am/ca-si/ho-hoang-yen?page=4 HTTP/1.1" 404 146 "-" "Mozilla/5.0 (compatible; MJ12bot/v1.4.8; http://mj12bot.com/)"
152.42.217.93 - - [22/Dec/2025:18:02:29 +0700] "PROPFIND / HTTP/1.1" 405 150 "http://45.119.85.85:443/" "-"
37.187.226.33 - - [22/Dec/2025:18:02:30 +0700] "GET /hop-am/ca-si/ho-quynh-duc-amp-ngoc-tran HTTP/1.1" 404 146 "-" "Mozilla/5.0 (compatible; MJ12bot/v1.4.8; http://mj12bot.com/)"
37.187.226.33 - - [22/Dec/2025:18:02:32 +0700] "GET /hop-am/ca-si/hoai-lam-amp-aitai HTTP/1.1" 404 146 "-" "Mozilla/5.0 (compatible; MJ12bot/v1.4.8; http://mj12bot.com/)"
37.187.226.33 - - [22/Dec/2025:18:02:34 +0700] "GET /hop-am/ca-si/hoang-lam?page=7 HTTP/1.1" 404 146 "-" "Mozilla/5.0 (compatible; MJ12bot/v1.4.8; http://mj12bot.com/)"
185.191.171.13 - - [22/Dec/2025:18:02:34 +0700] "GET /hop-am/nho-chien-khu-915 HTTP/1.1" 404 146 "-" "Mozilla/5.0 (compatible; SemrushBot/7~bl; +http://www.semrush.com/bot.html)"
37.187.226.33 - - [22/Dec/2025:18:02:35 +0700] "GET /hop-am/ca-si/hoang-thien-long-amp-quach-an-an HTTP/1.1" 404 146 "-" "Mozilla/5.0 (compatible; MJ12bot/v1.4.8; http://mj12bot.com/)"
37.187.226.33 - - [22/Dec/2025:18:02:37 +0700] "GET /hop-am/ca-si/hoang-ton-amp-mr-a HTTP/1.1" 404 146 "-" "Mozilla/5.0 (compatible; MJ12bot/v1.4.8; http://mj12bot.com/)"
37.187.226.33 - - [22/Dec/2025:18:02:39 +0700] "GET /hop-am/ca-si/hoang-van-sang HTTP/1.1" 404 146 "-" "Mozilla/5.0 (compatible; MJ12bot/v1.4.8; http://mj12bot.com/)"
37.187.226.33 - - [22/Dec/2025:18:02:40 +0700] "GET /hop-am/ca-si/huy-thai-amp-thao-vy HTTP/1.1" 404 146 "-" "Mozilla/5.0 (compatible; MJ12bot/v1.4.8; http://mj12bot.com/)"
37.187.226.33 - - [22/Dec/2025:18:02:42 +0700] "GET /hop-am/ca-si/huynh-cong-ba HTTP/1.1" 404 146 "-" "Mozilla/5.0 (compatible; MJ12bot/v1.4.8; http://mj12bot.com/)"
37.187.226.33 - - [22/Dec/2025:18:02:44 +0700] "GET /hop-am/ca-si/isaac-amp-onlyc HTTP/1.1" 404 146 "-" "Mozilla/5.0 (compatible; MJ12bot/v1.4.8; http://mj12bot.com/)"
42.114.204.242 - - [22/Dec/2025:18:02:45 +0700] "GET /cms/login HTTP/2.0" 404 548 "-" "Mozilla/5.0 (Macintosh; Intel Mac OS X 10_15_7) AppleWebKit/537.36 (KHTML, like Gecko) Chrome/143.0.0.0 Safari/537.36"
37.187.226.33 - - [22/Dec/2025:18:02:45 +0700] "GET /hop-am/ca-si/jason-viet-tien-amp-chau-thien-kim HTTP/1.1" 404 146 "-" "Mozilla/5.0 (compatible; MJ12bot/v1.4.8; http://mj12bot.com/)"
42.114.204.242 - - [22/Dec/2025:18:02:46 +0700] "GET /cms/login HTTP/2.0" 404 548 "-" "Mozilla/5.0 (Macintosh; Intel Mac OS X 10_15_7) AppleWebKit/537.36 (KHTML, like Gecko) Chrome/143.0.0.0 Safari/537.36"
42.114.204.242 - - [22/Dec/2025:18:02:46 +0700] "GET /cms/login HTTP/2.0" 404 548 "-" "Mozilla/5.0 (Macintosh; Intel Mac OS X 10_15_7) AppleWebKit/537.36 (KHTML, like Gecko) Chrome/143.0.0.0 Safari/537.36"
42.114.204.242 - - [22/Dec/2025:18:02:46 +0700] "GET /cms/login HTTP/2.0" 404 548 "-" "Mozilla/5.0 (Macintosh; Intel Mac OS X 10_15_7) AppleWebKit/537.36 (KHTML, like Gecko) Chrome/143.0.0.0 Safari/537.36"
42.114.204.242 - - [22/Dec/2025:18:02:46 +0700] "GET /cms/login HTTP/2.0" 404 548 "-" "Mozilla/5.0 (Macintosh; Intel Mac OS X 10_15_7) AppleWebKit/537.36 (KHTML, like Gecko) Chrome/143.0.0.0 Safari/537.36"
185.191.171.6 - - [22/Dec/2025:18:02:46 +0700] "GET /hop-am/danh-doan-nhanh-rong-troi-34364 HTTP/1.1" 404 146 "-" "Mozilla/5.0 (compatible; SemrushBot/7~bl; +http://www.semrush.com/bot.html)"
42.114.204.242 - - [22/Dec/2025:18:02:46 +0700] "GET /cms/login HTTP/2.0" 404 548 "-" "Mozilla/5.0 (Macintosh; Intel Mac OS X 10_15_7) AppleWebKit/537.36 (KHTML, like Gecko) Chrome/143.0.0.0 Safari/537.36"
42.114.204.242 - - [22/Dec/2025:18:02:47 +0700] "GET /cms/login HTTP/2.0" 404 548 "-" "Mozilla/5.0 (Macintosh; Intel Mac OS X 10_15_7) AppleWebKit/537.36 (KHTML, like Gecko) Chrome/143.0.0.0 Safari/537.36"
37.187.226.33 - - [22/Dec/2025:18:02:47 +0700] "GET /hop-am/ca-si/jin-ju-amp-dickson HTTP/1.1" 404 146 "-" "Mozilla/5.0 (compatible; MJ12bot/v1.4.8; http://mj12bot.com/)"
42.114.204.242 - - [22/Dec/2025:18:02:47 +0700] "GET /cms/login HTTP/2.0" 404 548 "-" "Mozilla/5.0 (Macintosh; Intel Mac OS X 10_15_7) AppleWebKit/537.36 (KHTML, like Gecko) Chrome/143.0.0.0 Safari/537.36"
37.187.226.33 - - [22/Dec/2025:18:02:49 +0700] "GET /hop-am/ca-si/jolie-phuong-trinh HTTP/1.1" 404 146 "-" "Mozilla/5.0 (compatible; MJ12bot/v1.4.8; http://mj12bot.com/)"
85.208.96.197 - - [22/Dec/2025:18:02:49 +0700] "GET /hop-am/mot-minh-thoi-11064 HTTP/1.1" 404 146 "-" "Mozilla/5.0 (compatible; SemrushBot/7~bl; +http://www.semrush.com/bot.html)"
42.114.204.242 - - [22/Dec/2025:18:02:49 +0700] "GET / HTTP/2.0" 302 390 "-" "Mozilla/5.0 (Macintosh; Intel Mac OS X 10_15_7) AppleWebKit/537.36 (KHTML, like Gecko) Chrome/143.0.0.0 Safari/537.36"
42.114.204.242 - - [22/Dec/2025:18:02:49 +0700] "GET /cms/login HTTP/2.0" 404 548 "-" "Mozilla/5.0 (Macintosh; Intel Mac OS X 10_15_7) AppleWebKit/537.36 (KHTML, like Gecko) Chrome/143.0.0.0 Safari/537.36"
42.114.204.242 - - [22/Dec/2025:18:02:49 +0700] "GET / HTTP/2.0" 302 390 "-" "Mozilla/5.0 (Macintosh; Intel Mac OS X 10_15_7) AppleWebKit/537.36 (KHTML, like Gecko) Chrome/143.0.0.0 Safari/537.36"
42.114.204.242 - - [22/Dec/2025:18:02:49 +0700] "GET /cms/login HTTP/2.0" 404 548 "-" "Mozilla/5.0 (Macintosh; Intel Mac OS X 10_15_7) AppleWebKit/537.36 (KHTML, like Gecko) Chrome/143.0.0.0 Safari/537.36"
37.187.226.33 - - [22/Dec/2025:18:02:50 +0700] "GET /hop-am/ca-si/joseph-ro-cham-nguu HTTP/1.1" 404 146 "-" "Mozilla/5.0 (compatible; MJ12bot/v1.4.8; http://mj12bot.com/)"
37.187.226.33 - - [22/Dec/2025:18:02:52 +0700] "GET /hop-am/ca-si/julie-amp-khuc-lan HTTP/1.1" 404 146 "-" "Mozilla/5.0 (compatible; MJ12bot/v1.4.8; http://mj12bot.com/)"
37.187.226.33 - - [22/Dec/2025:18:02:54 +0700] "GET /hop-am/ca-si/kai-dinh-amp-min-amp-grey-d HTTP/1.1" 404 146 "-" "Mozilla/5.0 (compatible; MJ12bot/v1.4.8; http://mj12bot.com/)"
37.187.226.33 - - [22/Dec/2025:18:02:55 +0700] "GET /hop-am/ca-si/karik-amp-ha-phuong HTTP/1.1" 404 146 "-" "Mozilla/5.0 (compatible; MJ12bot/v1.4.8; http://mj12bot.com/)"
85.208.96.205 - - [22/Dec/2025:18:02:56 +0700] "GET /hop-am/toi-cam-on-doi-34012 HTTP/1.1" 404 146 "-" "Mozilla/5.0 (compatible; SemrushBot/7~bl; +http://www.semrush.com/bot.html)"
37.187.226.33 - - [22/Dec/2025:18:02:57 +0700] "GET /hop-am/ca-si/kha-hiep HTTP/1.1" 404 146 "-" "Mozilla/5.0 (compatible; MJ12bot/v1.4.8; http://mj12bot.com/)"
37.187.226.33 - - [22/Dec/2025:18:02:58 +0700] "GET /hop-am/ca-si/khac-trung?page=2 HTTP/1.1" 404 146 "-" "Mozilla/5.0 (compatible; MJ12bot/v1.4.8; http://mj12bot.com/)"
37.187.226.33 - - [22/Dec/2025:18:03:00 +0700] "GET /hop-am/ca-si/khang-duy HTTP/1.1" 404 146 "-" "Mozilla/5.0 (compatible; MJ12bot/v1.4.8; http://mj12bot.com/)"
37.187.226.33 - - [22/Dec/2025:18:03:02 +0700] "GET /hop-am/ca-si/khanh-duy-amp-viet-quang HTTP/1.1" 404 146 "-" "Mozilla/5.0 (compatible; MJ12bot/v1.4.8; http://mj12bot.com/)"
37.187.226.33 - - [22/Dec/2025:18:03:03 +0700] "GET /hop-am/ca-si/khoi-tran HTTP/1.1" 404 146 "-" "Mozilla/5.0 (compatible; MJ12bot/v1.4.8; http://mj12bot.com/)"
37.187.226.33 - - [22/Dec/2025:18:03:05 +0700] "GET /hop-am/ca-si/lam-kim-le-hang HTTP/1.1" 404 146 "-" "Mozilla/5.0 (compatible; MJ12bot/v1.4.8; http://mj12bot.com/)"
37.187.226.33 - - [22/Dec/2025:18:03:07 +0700] "GET /hop-am/ca-si/lam-thanh-ha HTTP/1.1" 404 146 "-" "Mozilla/5.0 (compatible; MJ12bot/v1.4.8; http://mj12bot.com/)"
37.187.226.33 - - [22/Dec/2025:18:03:09 +0700] "GET /hop-am/ca-si/lan-anh-amp-viet-hoan HTTP/1.1" 404 146 "-" "Mozilla/5.0 (compatible; MJ12bot/v1.4.8; http://mj12bot.com/)"
42.114.204.242 - - [22/Dec/2025:18:03:09 +0700] "GET /cms/login HTTP/2.0" 404 548 "-" "Mozilla/5.0 (Macintosh; Intel Mac OS X 10_15_7) AppleWebKit/537.36 (KHTML, like Gecko) Chrome/143.0.0.0 Safari/537.36"
42.114.204.242 - - [22/Dec/2025:18:03:10 +0700] "GET /cms/login HTTP/2.0" 404 548 "-" "Mozilla/5.0 (Macintosh; Intel Mac OS X 10_15_7) AppleWebKit/537.36 (KHTML, like Gecko) Chrome/143.0.0.0 Safari/537.36"
37.187.226.33 - - [22/Dec/2025:18:03:10 +0700] "GET /hop-am/ca-si/lay-minh HTTP/1.1" 404 146 "-" "Mozilla/5.0 (compatible; MJ12bot/v1.4.8; http://mj12bot.com/)"
42.114.204.242 - - [22/Dec/2025:18:03:11 +0700] "GET / HTTP/2.0" 302 390 "-" "Mozilla/5.0 (Macintosh; Intel Mac OS X 10_15_7) AppleWebKit/537.36 (KHTML, like Gecko) Chrome/143.0.0.0 Safari/537.36"
42.114.204.242 - - [22/Dec/2025:18:03:11 +0700] "GET /cms/login HTTP/2.0" 404 548 "-" "Mozilla/5.0 (Macintosh; Intel Mac OS X 10_15_7) AppleWebKit/537.36 (KHTML, like Gecko) Chrome/143.0.0.0 Safari/537.36"
42.114.204.242 - - [22/Dec/2025:18:03:12 +0700] "GET / HTTP/2.0" 302 390 "-" "Mozilla/5.0 (Macintosh; Intel Mac OS X 10_15_7) AppleWebKit/537.36 (KHTML, like Gecko) Chrome/143.0.0.0 Safari/537.36"
42.114.204.242 - - [22/Dec/2025:18:03:12 +0700] "GET /cms/login HTTP/2.0" 404 548 "-" "Mozilla/5.0 (Macintosh; Intel Mac OS X 10_15_7) AppleWebKit/537.36 (KHTML, like Gecko) Chrome/143.0.0.0 Safari/537.36"
37.187.226.33 - - [22/Dec/2025:18:03:12 +0700] "GET /hop-am/ca-si/le-hong-amp-van-chau HTTP/1.1" 404 146 "-" "Mozilla/5.0 (compatible; MJ12bot/v1.4.8; http://mj12bot.com/)"
42.114.204.242 - - [22/Dec/2025:18:03:13 +0700] "GET /cms/login HTTP/2.0" 404 548 "-" "Mozilla/5.0 (Macintosh; Intel Mac OS X 10_15_7) AppleWebKit/537.36 (KHTML, like Gecko) Chrome/143.0.0.0 Safari/537.36"
42.114.204.242 - - [22/Dec/2025:18:03:13 +0700] "GET /cms/login HTTP/2.0" 404 548 "-" "Mozilla/5.0 (Macintosh; Intel Mac OS X 10_15_7) AppleWebKit/537.36 (KHTML, like Gecko) Chrome/143.0.0.0 Safari/537.36"
42.114.204.242 - - [22/Dec/2025:18:03:14 +0700] "GET /cms/login HTTP/2.0" 404 548 "-" "Mozilla/5.0 (Macintosh; Intel Mac OS X 10_15_7) AppleWebKit/537.36 (KHTML, like Gecko) Chrome/143.0.0.0 Safari/537.36"
37.187.226.33 - - [22/Dec/2025:18:03:14 +0700] "GET /hop-am/ca-si/le-kim-tuyet HTTP/1.1" 404 146 "-" "Mozilla/5.0 (compatible; MJ12bot/v1.4.8; http://mj12bot.com/)"
42.114.204.242 - - [22/Dec/2025:18:03:14 +0700] "GET /cms/login HTTP/2.0" 404 548 "-" "Mozilla/5.0 (Macintosh; Intel Mac OS X 10_15_7) AppleWebKit/537.36 (KHTML, like Gecko) Chrome/143.0.0.0 Safari/537.36"
37.187.226.33 - - [22/Dec/2025:18:03:16 +0700] "GET /hop-am/ca-si/le-vuong HTTP/1.1" 404 146 "-" "Mozilla/5.0 (compatible; MJ12bot/v1.4.8; http://mj12bot.com/)"
37.187.226.33 - - [22/Dec/2025:18:03:17 +0700] "GET /hop-am/ca-si/lebao HTTP/1.1" 404 146 "-" "Mozilla/5.0 (compatible; MJ12bot/v1.4.8; http://mj12bot.com/)"
37.187.226.33 - - [22/Dec/2025:18:03:19 +0700] "GET /hop-am/ca-si/lee-ken-amp-nal HTTP/1.1" 404 146 "-" "Mozilla/5.0 (compatible; MJ12bot/v1.4.8; http://mj12bot.com/)"
17.241.75.79 - - [22/Dec/2025:18:03:20 +0700] "GET /hop-am/anh-da-thay-long-41695 HTTP/1.1" 404 146 "-" "Mozilla/5.0 (Macintosh; Intel Mac OS X 10_15_7) AppleWebKit/605.1.15 (KHTML, like Gecko) Version/17.4 Safari/605.1.15 (Applebot/0.1; +http://www.apple.com/go/applebot)"
37.187.226.33 - - [22/Dec/2025:18:03:21 +0700] "GET /hop-am/ca-si/lm-minh-tam HTTP/1.1" 404 146 "-" "Mozilla/5.0 (compatible; MJ12bot/v1.4.8; http://mj12bot.com/)"
37.187.226.33 - - [22/Dec/2025:18:03:22 +0700] "GET /hop-am/ca-si/luong-minh-trang-amp-kay-tran HTTP/1.1" 404 146 "-" "Mozilla/5.0 (compatible; MJ12bot/v1.4.8; http://mj12bot.com/)"
37.187.226.33 - - [22/Dec/2025:18:03:24 +0700] "GET /hop-am/ca-si/luong-phu-thien-amp-duong-minh-tuan HTTP/1.1" 404 146 "-" "Mozilla/5.0 (compatible; MJ12bot/v1.4.8; http://mj12bot.com/)"
37.187.226.33 - - [22/Dec/2025:18:03:26 +0700] "GET /hop-am/ca-si/luu-chan-long HTTP/1.1" 404 146 "-" "Mozilla/5.0 (compatible; MJ12bot/v1.4.8; http://mj12bot.com/)"
37.187.226.33 - - [22/Dec/2025:18:03:28 +0700] "GET /hop-am/ca-si/minh-hang-amp-thanh-dai-sieu HTTP/1.1" 404 146 "-" "Mozilla/5.0 (compatible; MJ12bot/v1.4.8; http://mj12bot.com/)"
37.187.226.33 - - [22/Dec/2025:18:03:29 +0700] "GET /hop-am/ca-si/my-huong-amp-nguyen-thang HTTP/1.1" 404 146 "-" "Mozilla/5.0 (compatible; MJ12bot/v1.4.8; http://mj12bot.com/)"
37.187.226.33 - - [22/Dec/2025:18:03:30 +0700] "GET /hop-am/ca-si/ngoc-anh-sang?page=23 HTTP/1.1" 404 146 "-" "Mozilla/5.0 (compatible; MJ12bot/v1.4.8; http://mj12bot.com/)"
37.187.226.33 - - [22/Dec/2025:18:03:32 +0700] "GET /hop-am/ca-si/ngoc-anh-sang?page=24 HTTP/1.1" 404 146 "-" "Mozilla/5.0 (compatible; MJ12bot/v1.4.8; http://mj12bot.com/)"
37.187.226.33 - - [22/Dec/2025:18:03:34 +0700] "GET /hop-am/ca-si/phuong-nguyen-amp-lay-minh HTTP/1.1" 404 146 "-" "Mozilla/5.0 (compatible; MJ12bot/v1.4.8; http://mj12bot.com/)"
37.187.226.33 - - [22/Dec/2025:18:03:35 +0700] "GET /hop-am/ca-si/quang-dung-amp-thu-minh HTTP/1.1" 404 146 "-" "Mozilla/5.0 (compatible; MJ12bot/v1.4.8; http://mj12bot.com/)"
37.187.226.33 - - [22/Dec/2025:18:03:37 +0700] "GET /hop-am/ca-si/quang-trung HTTP/1.1" 404 146 "-" "Mozilla/5.0 (compatible; MJ12bot/v1.4.8; http://mj12bot.com/)"
37.187.226.33 - - [22/Dec/2025:18:03:39 +0700] "GET /hop-am/ca-si/ron-vinh HTTP/1.1" 404 146 "-" "Mozilla/5.0 (compatible; MJ12bot/v1.4.8; http://mj12bot.com/)"
37.187.226.33 - - [22/Dec/2025:18:03:41 +0700] "GET /hop-am/ca-si/sylvie-vartan-1980 HTTP/1.1" 404 146 "-" "Mozilla/5.0 (compatible; MJ12bot/v1.4.8; http://mj12bot.com/)"
37.187.226.33 - - [22/Dec/2025:18:03:42 +0700] "GET /hop-am/ca-si/tam-doan-amp-tien-dung HTTP/1.1" 404 146 "-" "Mozilla/5.0 (compatible; MJ12bot/v1.4.8; http://mj12bot.com/)"
37.187.226.33 - - [22/Dec/2025:18:03:44 +0700] "GET /hop-am/ca-si/tam-thu-amp-nhon-dalat HTTP/1.1" 404 146 "-" "Mozilla/5.0 (compatible; MJ12bot/v1.4.8; http://mj12bot.com/)"
37.187.226.33 - - [22/Dec/2025:18:03:46 +0700] "GET /hop-am/ca-si/tang-vinh-nghi-amp-bao-kun HTTP/1.1" 404 146 "-" "Mozilla/5.0 (compatible; MJ12bot/v1.4.8; http://mj12bot.com/)"
37.187.226.33 - - [22/Dec/2025:18:03:48 +0700] "GET /hop-am/ca-si/thanh-huong HTTP/1.1" 404 146 "-" "Mozilla/5.0 (compatible; MJ12bot/v1.4.8; http://mj12bot.com/)"
37.187.226.33 - - [22/Dec/2025:18:03:49 +0700] "GET /hop-am/ca-si/van-shi HTTP/1.1" 404 146 "-" "Mozilla/5.0 (compatible; MJ12bot/v1.4.8; http://mj12bot.com/)"
37.187.226.33 - - [22/Dec/2025:18:03:51 +0700] "GET /hop-am/ca-si/vi-mj HTTP/1.1" 404 146 "-" "Mozilla/5.0 (compatible; MJ12bot/v1.4.8; http://mj12bot.com/)"
37.187.226.33 - - [22/Dec/2025:18:03:53 +0700] "GET /hop-am/ca-si/vu-bao-amp-anh-thuy HTTP/1.1" 404 146 "-" "Mozilla/5.0 (compatible; MJ12bot/v1.4.8; http://mj12bot.com/)"
37.187.226.33 - - [22/Dec/2025:18:03:54 +0700] "GET /hop-am/chi-me-14618 HTTP/1.1" 404 146 "-" "Mozilla/5.0 (compatible; MJ12bot/v1.4.8; http://mj12bot.com/)"
37.187.226.33 - - [22/Dec/2025:18:03:56 +0700] "GET /hop-am/chieu-cali-5951 HTTP/1.1" 404 146 "-" "Mozilla/5.0 (compatible; MJ12bot/v1.4.8; http://mj12bot.com/)"
52.167.144.21 - - [22/Dec/2025:18:03:57 +0700] "GET /hop-am/thanh-pho-nay-la-noi-nho-cua-toi-25162 HTTP/2.0" 404 548 "-" "Mozilla/5.0 AppleWebKit/537.36 (KHTML, like Gecko; compatible; bingbot/2.0; +http://www.bing.com/bingbot.htm) Chrome/116.0.1938.76 Safari/537.36"
37.187.226.33 - - [22/Dec/2025:18:03:58 +0700] "GET /hop-am/chuyen-mot-con-do-254 HTTP/1.1" 404 146 "-" "Mozilla/5.0 (compatible; MJ12bot/v1.4.8; http://mj12bot.com/)"
185.191.171.14 - - [22/Dec/2025:18:03:59 +0700] "GET /hop-am/tung-ho-nu-vuong-maria-8825 HTTP/1.1" 404 146 "-" "Mozilla/5.0 (compatible; SemrushBot/7~bl; +http://www.semrush.com/bot.html)"
37.187.226.33 - - [22/Dec/2025:18:04:00 +0700] "GET /hop-am/dieu-ta-can-la-mot-ky-tich-19584 HTTP/1.1" 404 146 "-" "Mozilla/5.0 (compatible; MJ12bot/v1.4.8; http://mj12bot.com/)"
37.187.226.33 - - [22/Dec/2025:18:04:01 +0700] "GET /hop-am/em-oi-len-pho-15645 HTTP/1.1" 404 146 "-" "Mozilla/5.0 (compatible; MJ12bot/v1.4.8; http://mj12bot.com/)"
37.187.226.33 - - [22/Dec/2025:18:04:03 +0700] "GET /hop-am/ga-chieu-pho-nho-7982 HTTP/1.1" 404 146 "-" "Mozilla/5.0 (compatible; MJ12bot/v1.4.8; http://mj12bot.com/)"
37.187.226.33 - - [22/Dec/2025:18:04:05 +0700] "GET /hop-am/gang-ma-lo-6569 HTTP/1.1" 404 146 "-" "Mozilla/5.0 (compatible; MJ12bot/v1.4.8; http://mj12bot.com/)"
42.114.204.242 - - [22/Dec/2025:18:04:06 +0700] "GET /cms/login HTTP/2.0" 404 548 "-" "Mozilla/5.0 (Macintosh; Intel Mac OS X 10_15_7) AppleWebKit/537.36 (KHTML, like Gecko) Chrome/143.0.0.0 Safari/537.36"
37.187.226.33 - - [22/Dec/2025:18:04:07 +0700] "GET /hop-am/hanh-phuc-don-gian-lam-20872 HTTP/1.1" 404 146 "-" "Mozilla/5.0 (compatible; MJ12bot/v1.4.8; http://mj12bot.com/)"
37.187.226.33 - - [22/Dec/2025:18:04:08 +0700] "GET /hop-am/hoa-co-may-10493 HTTP/1.1" 404 146 "-" "Mozilla/5.0 (compatible; MJ12bot/v1.4.8; http://mj12bot.com/)"
37.187.226.33 - - [22/Dec/2025:18:04:10 +0700] "GET /hop-am/i-love-you-6512 HTTP/1.1" 404 146 "-" "Mozilla/5.0 (compatible; MJ12bot/v1.4.8; http://mj12bot.com/)"
185.191.171.15 - - [22/Dec/2025:18:04:10 +0700] "GET /hop-am/nguyen-lam-12665 HTTP/1.1" 404 146 "-" "Mozilla/5.0 (compatible; SemrushBot/7~bl; +http://www.semrush.com/bot.html)"
37.187.226.33 - - [22/Dec/2025:18:04:12 +0700] "GET /hop-am/khi-minh-xa-nhau-39386 HTTP/1.1" 404 146 "-" "Mozilla/5.0 (compatible; MJ12bot/v1.4.8; http://mj12bot.com/)"
185.191.171.3 - - [22/Dec/2025:18:04:13 +0700] "GET /hop-am/doan-cuoi-giac-mo-26972 HTTP/1.1" 404 146 "-" "Mozilla/5.0 (compatible; SemrushBot/7~bl; +http://www.semrush.com/bot.html)"
37.187.226.33 - - [22/Dec/2025:18:04:13 +0700] "GET /hop-am/lang-thang-internet-24089 HTTP/1.1" 404 146 "-" "Mozilla/5.0 (compatible; MJ12bot/v1.4.8; http://mj12bot.com/)"
37.187.226.33 - - [22/Dec/2025:18:04:15 +0700] "GET /hop-am/lenh-denh-phan-nguoi-2179 HTTP/1.1" 404 146 "-" "Mozilla/5.0 (compatible; MJ12bot/v1.4.8; http://mj12bot.com/)"
185.191.171.9 - - [22/Dec/2025:18:04:16 +0700] "GET /hop-am/mua-buon-phoi-pha-38308 HTTP/1.1" 404 146 "-" "Mozilla/5.0 (compatible; SemrushBot/7~bl; +http://www.semrush.com/bot.html)"
37.187.226.33 - - [22/Dec/2025:18:04:17 +0700] "GET /hop-am/lo-lang-11947 HTTP/1.1" 404 146 "-" "Mozilla/5.0 (compatible; MJ12bot/v1.4.8; http://mj12bot.com/)"
37.187.226.33 - - [22/Dec/2025:18:04:18 +0700] "GET /hop-am/loi-kinh-dau-xuan-1941 HTTP/1.1" 404 146 "-" "Mozilla/5.0 (compatible; MJ12bot/v1.4.8; http://mj12bot.com/)"
43.155.22.47 - - [22/Dec/2025:18:04:19 +0700] "GET /hop-am/ca-si/lam-ha-ca HTTP/2.0" 404 548 "https://thuvienhopam.com/hop-am/ca-si/lam-ha-ca" "Mozilla/5.0 (Windows NT 10.0; Win64; x64) AppleWebKit/537.36 (KHTML, like Gecko) Chrome/116.0.0.0 Safari/537.36"
37.187.226.33 - - [22/Dec/2025:18:04:20 +0700] "GET /hop-am/loi-tu-biet-tinh-yeu-19485 HTTP/1.1" 404 146 "-" "Mozilla/5.0 (compatible; MJ12bot/v1.4.8; http://mj12bot.com/)"
37.187.226.33 - - [22/Dec/2025:18:04:22 +0700] "GET /hop-am/long-an-mien-que-me-2779 HTTP/1.1" 404 146 "-" "Mozilla/5.0 (compatible; MJ12bot/v1.4.8; http://mj12bot.com/)"
37.187.226.33 - - [22/Dec/2025:18:04:23 +0700] "GET /hop-am/mai-tim-quen-37717 HTTP/1.1" 404 146 "-" "Mozilla/5.0 (compatible; MJ12bot/v1.4.8; http://mj12bot.com/)"
37.187.226.33 - - [22/Dec/2025:18:04:25 +0700] "GET /hop-am/mat-troi-den-14811 HTTP/1.1" 404 146 "-" "Mozilla/5.0 (compatible; MJ12bot/v1.4.8; http://mj12bot.com/)"
204.76.203.8 - - [22/Dec/2025:18:04:26 +0700] "PROPFIND / HTTP/1.1" 405 150 "http://45.119.85.85:443/" "-"
37.187.226.33 - - [22/Dec/2025:18:04:27 +0700] "GET /hop-am/me-oi-mai-con-ve-co-can-nha-nam-nghe-nang-mua-ost-11071 HTTP/1.1" 404 146 "-" "Mozilla/5.0 (compatible; MJ12bot/v1.4.8; http://mj12bot.com/)"
37.187.226.33 - - [22/Dec/2025:18:04:29 +0700] "GET /hop-am/me-yeu-14808 HTTP/1.1" 404 146 "-" "Mozilla/5.0 (compatible; MJ12bot/v1.4.8; http://mj12bot.com/)"
37.187.226.33 - - [22/Dec/2025:18:04:30 +0700] "GET /hop-am/mien-trung-mau-chay-ruot-mem-10745 HTTP/1.1" 404 146 "-" "Mozilla/5.0 (compatible; MJ12bot/v1.4.8; http://mj12bot.com/)"
37.187.226.33 - - [22/Dec/2025:18:04:32 +0700] "GET /hop-am/minh-chia-tay-nhe-23858 HTTP/1.1" 404 146 "-" "Mozilla/5.0 (compatible; MJ12bot/v1.4.8; http://mj12bot.com/)"
37.187.226.33 - - [22/Dec/2025:18:04:33 +0700] "GET /hop-am/mo-la-phai-mo-27361 HTTP/1.1" 404 146 "-" "Mozilla/5.0 (compatible; MJ12bot/v1.4.8; http://mj12bot.com/)"
37.187.226.33 - - [22/Dec/2025:18:04:35 +0700] "GET /hop-am/mong-nho-ngay-xua-11385 HTTP/1.1" 404 146 "-" "Mozilla/5.0 (compatible; MJ12bot/v1.4.8; http://mj12bot.com/)"
37.187.226.33 - - [22/Dec/2025:18:04:37 +0700] "GET /hop-am/mot-cau-cung-chu-tien-35454 HTTP/1.1" 404 146 "-" "Mozilla/5.0 (compatible; MJ12bot/v1.4.8; http://mj12bot.com/)"
37.187.226.33 - - [22/Dec/2025:18:04:39 +0700] "GET /hop-am/mua-cali-mua-sai-gon-11427 HTTP/1.1" 404 146 "-" "Mozilla/5.0 (compatible; MJ12bot/v1.4.8; http://mj12bot.com/)"
37.187.226.33 - - [22/Dec/2025:18:04:40 +0700] "GET /hop-am/mua-da-22611 HTTP/1.1" 404 146 "-" "Mozilla/5.0 (compatible; MJ12bot/v1.4.8; http://mj12bot.com/)"
37.187.226.33 - - [22/Dec/2025:18:04:42 +0700] "GET /hop-am/my-nuong-13874 HTTP/1.1" 404 146 "-" "Mozilla/5.0 (compatible; MJ12bot/v1.4.8; http://mj12bot.com/)"
37.187.226.33 - - [22/Dec/2025:18:04:43 +0700] "GET /hop-am/nang-xuan-solenzara-3018 HTTP/1.1" 404 146 "-" "Mozilla/5.0 (compatible; MJ12bot/v1.4.8; http://mj12bot.com/)"
37.187.226.33 - - [22/Dec/2025:18:04:45 +0700] "GET /hop-am/neu-khong-co-anh-21977 HTTP/1.1" 404 146 "-" "Mozilla/5.0 (compatible; MJ12bot/v1.4.8; http://mj12bot.com/)"
37.187.226.33 - - [22/Dec/2025:18:04:47 +0700] "GET /hop-am/ngay-ay-yeu-nhau-43252 HTTP/1.1" 404 146 "-" "Mozilla/5.0 (compatible; MJ12bot/v1.4.8; http://mj12bot.com/)"
185.191.171.16 - - [22/Dec/2025:18:04:48 +0700] "GET /hop-am/got-hong-tren-con-duong-dat-song-ca-4566 HTTP/1.1" 404 146 "-" "Mozilla/5.0 (compatible; SemrushBot/7~bl; +http://www.semrush.com/bot.html)"
37.187.226.33 - - [22/Dec/2025:18:04:49 +0700] "GET /hop-am/nguoi-chien-sy-vung-cao-41897 HTTP/1.1" 404 146 "-" "Mozilla/5.0 (compatible; MJ12bot/v1.4.8; http://mj12bot.com/)"
37.187.226.33 - - [22/Dec/2025:18:04:50 +0700] "GET /hop-am/nguoi-ve-tu-bien-gioi-38688 HTTP/1.1" 404 146 "-" "Mozilla/5.0 (compatible; MJ12bot/v1.4.8; http://mj12bot.com/)"
37.187.226.33 - - [22/Dec/2025:18:04:52 +0700] "GET /hop-am/nhung-co-gai-quan-ho-5954 HTTP/1.1" 404 146 "-" "Mozilla/5.0 (compatible; MJ12bot/v1.4.8; http://mj12bot.com/)"
85.208.96.203 - - [22/Dec/2025:18:04:53 +0700] "GET /hop-am/vi-sao-chang-noi-26942 HTTP/1.1" 404 146 "-" "Mozilla/5.0 (compatible; SemrushBot/7~bl; +http://www.semrush.com/bot.html)"
42.114.204.242 - - [22/Dec/2025:18:04:54 +0700] "GET /cms/login HTTP/2.0" 404 548 "-" "Mozilla/5.0 (Macintosh; Intel Mac OS X 10_15_7) AppleWebKit/537.36 (KHTML, like Gecko) Chrome/143.0.0.0 Safari/537.36"
37.187.226.33 - - [22/Dec/2025:18:04:54 +0700] "GET /hop-am/nhung-dem-goi-mat-troi-6608 HTTP/1.1" 404 146 "-" "Mozilla/5.0 (compatible; MJ12bot/v1.4.8; http://mj12bot.com/)"
37.187.226.33 - - [22/Dec/2025:18:04:55 +0700] "GET /hop-am/nhung-dem-mua-roi-22466 HTTP/1.1" 404 146 "-" "Mozilla/5.0 (compatible; MJ12bot/v1.4.8; http://mj12bot.com/)"
37.187.226.33 - - [22/Dec/2025:18:04:57 +0700] "GET /hop-am/nhung-khuc-hat-da-tan-les-valses-de-vienne-2523 HTTP/1.1" 404 146 "-" "Mozilla/5.0 (compatible; MJ12bot/v1.4.8; http://mj12bot.com/)"
37.187.226.33 - - [22/Dec/2025:18:04:59 +0700] "GET /hop-am/niem-khuc-hoa-vang-13167 HTTP/1.1" 404 146 "-" "Mozilla/5.0 (compatible; MJ12bot/v1.4.8; http://mj12bot.com/)"
47.82.11.27 - - [22/Dec/2025:18:05:00 +0700] "GET /hop-am/goi-anh-44214 HTTP/1.1" 404 548 "https://thuvienhopam.com/" "Mozilla/5.0 (X11; Linux x86_64) AppleWebKit/537.36 (KHTML, like Gecko) Chrome/124.0.0.0 Safari/537.36"
37.187.226.33 - - [22/Dec/2025:18:05:00 +0700] "GET /hop-am/noel-biet-yeu-28900 HTTP/1.1" 404 146 "-" "Mozilla/5.0 (compatible; MJ12bot/v1.4.8; http://mj12bot.com/)"
37.187.226.33 - - [22/Dec/2025:18:05:02 +0700] "GET /hop-am/noi-em-la-binh-yen-31413 HTTP/1.1" 404 146 "-" "Mozilla/5.0 (compatible; MJ12bot/v1.4.8; http://mj12bot.com/)"
37.187.226.33 - - [22/Dec/2025:18:05:04 +0700] "GET /hop-am/phia-chieu-9218 HTTP/1.1" 404 146 "-" "Mozilla/5.0 (compatible; MJ12bot/v1.4.8; http://mj12bot.com/)"
37.187.226.33 - - [22/Dec/2025:18:05:05 +0700] "GET /hop-am/sang-tac/chris-andrian-yang-6668 HTTP/1.1" 404 146 "-" "Mozilla/5.0 (compatible; MJ12bot/v1.4.8; http://mj12bot.com/)"
37.187.226.33 - - [22/Dec/2025:18:05:07 +0700] "GET /hop-am/sang-tac/elpidio-ramirez-amp-pedro-galindo-9191 HTTP/1.1" 404 146 "-" "Mozilla/5.0 (compatible; MJ12bot/v1.4.8; http://mj12bot.com/)"
42.114.204.242 - - [22/Dec/2025:18:05:08 +0700] "GET /cms/login HTTP/2.0" 404 548 "-" "Mozilla/5.0 (Macintosh; Intel Mac OS X 10_15_7) AppleWebKit/537.36 (KHTML, like Gecko) Chrome/143.0.0.0 Safari/537.36"
37.187.226.33 - - [22/Dec/2025:18:05:09 +0700] "GET /hop-am/sang-tac/graham-gouldman-2383 HTTP/1.1" 404 146 "-" "Mozilla/5.0 (compatible; MJ12bot/v1.4.8; http://mj12bot.com/)"
37.187.226.33 - - [22/Dec/2025:18:05:10 +0700] "GET /hop-am/sang-tac/huynh-truong-long-1714 HTTP/1.1" 404 146 "-" "Mozilla/5.0 (compatible; MJ12bot/v1.4.8; http://mj12bot.com/)"
85.208.96.205 - - [22/Dec/2025:18:05:12 +0700] "GET /hop-am/con-rong-chau-tien-mai-hoa-cuong-si-kong-lyun-1498 HTTP/1.1" 404 146 "-" "Mozilla/5.0 (compatible; SemrushBot/7~bl; +http://www.semrush.com/bot.html)"
37.187.226.33 - - [22/Dec/2025:18:05:12 +0700] "GET /hop-am/sang-tac/jeffray-osborne-543 HTTP/1.1" 404 146 "-" "Mozilla/5.0 (compatible; MJ12bot/v1.4.8; http://mj12bot.com/)"
52.167.144.225 - - [22/Dec/2025:18:05:13 +0700] "GET /hop-am/tinh-ca-ao-trang-32471 HTTP/2.0" 404 548 "-" "Mozilla/5.0 AppleWebKit/537.36 (KHTML, like Gecko; compatible; bingbot/2.0; +http://www.bing.com/bingbot.htm) Chrome/116.0.1938.76 Safari/537.36"
37.187.226.33 - - [22/Dec/2025:18:05:14 +0700] "GET /hop-am/sang-tac/khuat-quang-thuy-6611 HTTP/1.1" 404 146 "-" "Mozilla/5.0 (compatible; MJ12bot/v1.4.8; http://mj12bot.com/)"
42.114.204.242 - - [22/Dec/2025:18:05:15 +0700] "GET /cms/login HTTP/2.0" 404 548 "-" "Mozilla/5.0 (Macintosh; Intel Mac OS X 10_15_7) AppleWebKit/537.36 (KHTML, like Gecko) Chrome/143.0.0.0 Safari/537.36"
42.114.204.242 - - [22/Dec/2025:18:05:15 +0700] "GET /cms/login HTTP/2.0" 404 548 "-" "Mozilla/5.0 (Macintosh; Intel Mac OS X 10_15_7) AppleWebKit/537.36 (KHTML, like Gecko) Chrome/143.0.0.0 Safari/537.36"
37.187.226.33 - - [22/Dec/2025:18:05:15 +0700] "GET /hop-am/sang-tac/lm-oanh-song-lam-2764 HTTP/1.1" 404 146 "-" "Mozilla/5.0 (compatible; MJ12bot/v1.4.8; http://mj12bot.com/)"
42.114.204.242 - - [22/Dec/2025:18:05:16 +0700] "GET /cms/login HTTP/2.0" 404 548 "-" "Mozilla/5.0 (Macintosh; Intel Mac OS X 10_15_7) AppleWebKit/537.36 (KHTML, like Gecko) Chrome/143.0.0.0 Safari/537.36"
37.187.226.33 - - [22/Dec/2025:18:05:17 +0700] "GET /hop-am/sang-tac/minh-ngoc-2812 HTTP/1.1" 404 146 "-" "Mozilla/5.0 (compatible; MJ12bot/v1.4.8; http://mj12bot.com/)"
37.187.226.33 - - [22/Dec/2025:18:05:19 +0700] "GET /hop-am/sang-tac/nghieu-minh-4080 HTTP/1.1" 404 146 "-" "Mozilla/5.0 (compatible; MJ12bot/v1.4.8; http://mj12bot.com/)"
42.114.204.242 - - [22/Dec/2025:18:05:19 +0700] "GET /cms/login HTTP/2.0" 404 548 "-" "Mozilla/5.0 (Macintosh; Intel Mac OS X 10_15_7) AppleWebKit/537.36 (KHTML, like Gecko) Chrome/143.0.0.0 Safari/537.36"
42.114.204.242 - - [22/Dec/2025:18:05:20 +0700] "GET /cms/login HTTP/2.0" 404 548 "-" "Mozilla/5.0 (Macintosh; Intel Mac OS X 10_15_7) AppleWebKit/537.36 (KHTML, like Gecko) Chrome/143.0.0.0 Safari/537.36"
37.187.226.33 - - [22/Dec/2025:18:05:20 +0700] "GET /hop-am/sang-tac/ngoc-quang-1023 HTTP/1.1" 404 146 "-" "Mozilla/5.0 (compatible; MJ12bot/v1.4.8; http://mj12bot.com/)"
85.208.96.207 - - [22/Dec/2025:18:05:22 +0700] "GET /hop-am/dem-nguyet-quynh-39178 HTTP/1.1" 404 146 "-" "Mozilla/5.0 (compatible; SemrushBot/7~bl; +http://www.semrush.com/bot.html)"
37.187.226.33 - - [22/Dec/2025:18:05:22 +0700] "GET /hop-am/sang-tac/nguyen-trung-7758 HTTP/1.1" 404 146 "-" "Mozilla/5.0 (compatible; MJ12bot/v1.4.8; http://mj12bot.com/)"
37.187.226.33 - - [22/Dec/2025:18:05:24 +0700] "GET /hop-am/sang-tac/phan-anh-2121 HTTP/1.1" 404 146 "-" "Mozilla/5.0 (compatible; MJ12bot/v1.4.8; http://mj12bot.com/)"
37.187.226.33 - - [22/Dec/2025:18:05:26 +0700] "GET /hop-am/sang-tac/phung-anh-31 HTTP/1.1" 404 146 "-" "Mozilla/5.0 (compatible; MJ12bot/v1.4.8; http://mj12bot.com/)"
37.187.226.33 - - [22/Dec/2025:18:05:27 +0700] "GET /hop-am/sang-tac/quy-luan-2796 HTTP/1.1" 404 146 "-" "Mozilla/5.0 (compatible; MJ12bot/v1.4.8; http://mj12bot.com/)"
37.187.226.33 - - [22/Dec/2025:18:05:29 +0700] "GET /hop-am/sang-tac/thai-hoc-5783 HTTP/1.1" 404 146 "-" "Mozilla/5.0 (compatible; MJ12bot/v1.4.8; http://mj12bot.com/)"
85.208.96.210 - - [22/Dec/2025:18:05:30 +0700] "GET /hop-am/nhat-nhoa-noi-nho-14372 HTTP/1.1" 404 146 "-" "Mozilla/5.0 (compatible; SemrushBot/7~bl; +http://www.semrush.com/bot.html)"
37.187.226.33 - - [22/Dec/2025:18:05:31 +0700] "GET /hop-am/sang-tac/tran-duc-quang-2148 HTTP/1.1" 404 146 "-" "Mozilla/5.0 (compatible; MJ12bot/v1.4.8; http://mj12bot.com/)"
37.187.226.33 - - [22/Dec/2025:18:05:33 +0700] "GET /hop-am/sang-tac/tran-le-1132 HTTP/1.1" 404 146 "-" "Mozilla/5.0 (compatible; MJ12bot/v1.4.8; http://mj12bot.com/)"
37.187.226.33 - - [22/Dec/2025:18:05:34 +0700] "GET /hop-am/sang-tac/truc-linh-1292 HTTP/1.1" 404 146 "-" "Mozilla/5.0 (compatible; MJ12bot/v1.4.8; http://mj12bot.com/)"
85.208.96.211 - - [22/Dec/2025:18:05:35 +0700] "GET /hop-am/khuc-hat-ve-nu-dan-cong-hoa-tuyen-851 HTTP/1.1" 404 146 "-" "Mozilla/5.0 (compatible; SemrushBot/7~bl; +http://www.semrush.com/bot.html)"
37.187.226.33 - - [22/Dec/2025:18:05:36 +0700] "GET /hop-am/sang-tac/tu-phac-4969 HTTP/1.1" 404 146 "-" "Mozilla/5.0 (compatible; MJ12bot/v1.4.8; http://mj12bot.com/)"
37.187.226.33 - - [22/Dec/2025:18:05:38 +0700] "GET /hop-am/sao-chang-phai-la-anh-19635 HTTP/1.1" 404 146 "-" "Mozilla/5.0 (compatible; MJ12bot/v1.4.8; http://mj12bot.com/)"
37.187.226.33 - - [22/Dec/2025:18:05:39 +0700] "GET /hop-am/sao-roi-tren-bien-7978 HTTP/1.1" 404 146 "-" "Mozilla/5.0 (compatible; MJ12bot/v1.4.8; http://mj12bot.com/)"
37.187.226.33 - - [22/Dec/2025:18:05:41 +0700] "GET /hop-am/son-tinh-que-toi-6017 HTTP/1.1" 404 146 "-" "Mozilla/5.0 (compatible; MJ12bot/v1.4.8; http://mj12bot.com/)"
37.187.226.33 - - [22/Dec/2025:18:05:43 +0700] "GET /hop-am/ta-la-cua-nhau-22292 HTTP/1.1" 404 146 "-" "Mozilla/5.0 (compatible; MJ12bot/v1.4.8; http://mj12bot.com/)"
37.187.226.33 - - [22/Dec/2025:18:05:44 +0700] "GET /hop-am/tha-thu-37929 HTTP/1.1" 404 146 "-" "Mozilla/5.0 (compatible; MJ12bot/v1.4.8; http://mj12bot.com/)"
37.187.226.33 - - [22/Dec/2025:18:05:46 +0700] "GET /hop-am/the-gian-khoc-13493 HTTP/1.1" 404 146 "-" "Mozilla/5.0 (compatible; MJ12bot/v1.4.8; http://mj12bot.com/)"
185.191.171.3 - - [22/Dec/2025:18:05:48 +0700] "GET /hop-am/neu-nhu-anh-den-27611 HTTP/1.1" 404 146 "-" "Mozilla/5.0 (compatible; SemrushBot/7~bl; +http://www.semrush.com/bot.html)"
37.187.226.33 - - [22/Dec/2025:18:05:48 +0700] "GET /hop-am/tho-cho-chi-39346 HTTP/1.1" 404 146 "-" "Mozilla/5.0 (compatible; MJ12bot/v1.4.8; http://mj12bot.com/)"
37.187.226.33 - - [22/Dec/2025:18:05:50 +0700] "GET /hop-am/tien-dua-23810 HTTP/1.1" 404 146 "-" "Mozilla/5.0 (compatible; MJ12bot/v1.4.8; http://mj12bot.com/)"
37.187.226.33 - - [22/Dec/2025:18:05:51 +0700] "GET /hop-am/tieng-hat-thien-than-2369 HTTP/1.1" 404 146 "-" "Mozilla/5.0 (compatible; MJ12bot/v1.4.8; http://mj12bot.com/)"
37.187.226.33 - - [22/Dec/2025:18:05:53 +0700] "GET /hop-am/tieng-vong-buon-26012 HTTP/1.1" 404 146 "-" "Mozilla/5.0 (compatible; MJ12bot/v1.4.8; http://mj12bot.com/)"
37.187.226.33 - - [22/Dec/2025:18:05:55 +0700] "GET /hop-am/tim-dau-yeu-xua-19041 HTTP/1.1" 404 146 "-" "Mozilla/5.0 (compatible; MJ12bot/v1.4.8; http://mj12bot.com/)"
37.187.226.33 - - [22/Dec/2025:18:05:56 +0700] "GET /hop-am/tim-mau-chung-thuy-36064 HTTP/1.1" 404 146 "-" "Mozilla/5.0 (compatible; MJ12bot/v1.4.8; http://mj12bot.com/)"
85.208.96.194 - - [22/Dec/2025:18:05:58 +0700] "GET /hop-am/sang-tac/do-minh-thong-2647 HTTP/1.1" 404 146 "-" "Mozilla/5.0 (compatible; SemrushBot/7~bl; +http://www.semrush.com/bot.html)"
37.187.226.33 - - [22/Dec/2025:18:05:58 +0700] "GET /hop-am/tim-ve-loi-cu-36102 HTTP/1.1" 404 146 "-" "Mozilla/5.0 (compatible; MJ12bot/v1.4.8; http://mj12bot.com/)"
37.187.226.33 - - [22/Dec/2025:18:06:00 +0700] "GET /hop-am/tinh-anh-khong-doi-thay-21976 HTTP/1.1" 404 146 "-" "Mozilla/5.0 (compatible; MJ12bot/v1.4.8; http://mj12bot.com/)"
37.187.226.33 - - [22/Dec/2025:18:06:01 +0700] "GET /hop-am/tinh-ban-23392 HTTP/1.1" 404 146 "-" "Mozilla/5.0 (compatible; MJ12bot/v1.4.8; http://mj12bot.com/)"
37.187.226.33 - - [22/Dec/2025:18:06:03 +0700] "GET /hop-am/tinh-buon-17371 HTTP/1.1" 404 146 "-" "Mozilla/5.0 (compatible; MJ12bot/v1.4.8; http://mj12bot.com/)"
37.187.226.33 - - [22/Dec/2025:18:06:05 +0700] "GET /hop-am/tinh-da-bay-xa-chuyen-tinh-mua-thu-ost-36205 HTTP/1.1" 404 146 "-" "Mozilla/5.0 (compatible; MJ12bot/v1.4.8; http://mj12bot.com/)"
37.187.226.33 - - [22/Dec/2025:18:06:07 +0700] "GET /hop-am/tinh-da-doi-thay-24224 HTTP/1.1" 404 146 "-" "Mozilla/5.0 (compatible; MJ12bot/v1.4.8; http://mj12bot.com/)"
37.187.226.33 - - [22/Dec/2025:18:06:08 +0700] "GET /hop-am/tinh-dong-huong-31322 HTTP/1.1" 404 146 "-" "Mozilla/5.0 (compatible; MJ12bot/v1.4.8; http://mj12bot.com/)"
37.187.226.33 - - [22/Dec/2025:18:06:10 +0700] "GET /hop-am/tinh-la-hu-vo-36106 HTTP/1.1" 404 146 "-" "Mozilla/5.0 (compatible; MJ12bot/v1.4.8; http://mj12bot.com/)"
37.187.226.33 - - [22/Dec/2025:18:06:12 +0700] "GET /hop-am/tinh-me-hoai-huong-38173 HTTP/1.1" 404 146 "-" "Mozilla/5.0 (compatible; MJ12bot/v1.4.8; http://mj12bot.com/)"
37.187.226.33 - - [22/Dec/2025:18:06:13 +0700] "GET /hop-am/tinh-ngheo-chang-doi-thay-36119 HTTP/1.1" 404 146 "-" "Mozilla/5.0 (compatible; MJ12bot/v1.4.8; http://mj12bot.com/)"
37.187.226.33 - - [22/Dec/2025:18:06:15 +0700] "GET /hop-am/tinh-ngheo-dang-do-36013 HTTP/1.1" 404 146 "-" "Mozilla/5.0 (compatible; MJ12bot/v1.4.8; http://mj12bot.com/)"
185.191.171.3 - - [22/Dec/2025:18:06:16 +0700] "GET /hop-am/noi-ay-que-minh-5082 HTTP/1.1" 404 146 "-" "Mozilla/5.0 (compatible; SemrushBot/7~bl; +http://www.semrush.com/bot.html)"
37.187.226.33 - - [22/Dec/2025:18:06:17 +0700] "GET /hop-am/tinh-quen-loi-ve-22032 HTTP/1.1" 404 146 "-" "Mozilla/5.0 (compatible; MJ12bot/v1.4.8; http://mj12bot.com/)"
185.191.171.5 - - [22/Dec/2025:18:06:18 +0700] "GET /hop-am/nho-quy-nhon-37152 HTTP/1.1" 404 146 "-" "Mozilla/5.0 (compatible; SemrushBot/7~bl; +http://www.semrush.com/bot.html)"
37.187.226.33 - - [22/Dec/2025:18:06:19 +0700] "GET /hop-am/tinh-thu-thuo-do-38189 HTTP/1.1" 404 146 "-" "Mozilla/5.0 (compatible; MJ12bot/v1.4.8; http://mj12bot.com/)"
37.187.226.33 - - [22/Dec/2025:18:06:20 +0700] "GET /hop-am/tinh-yeu-chan-that-16239 HTTP/1.1" 404 146 "-" "Mozilla/5.0 (compatible; MJ12bot/v1.4.8; http://mj12bot.com/)"
185.191.171.3 - - [22/Dec/2025:18:06:22 +0700] "GET /hop-am/toi-tro-ve-thanh-pho-10931 HTTP/1.1" 404 146 "-" "Mozilla/5.0 (compatible; SemrushBot/7~bl; +http://www.semrush.com/bot.html)"
37.187.226.33 - - [22/Dec/2025:18:06:22 +0700] "GET /hop-am/trai-tim-bang-21692 HTTP/1.1" 404 146 "-" "Mozilla/5.0 (compatible; MJ12bot/v1.4.8; http://mj12bot.com/)"
37.187.226.33 - - [22/Dec/2025:18:06:24 +0700] "GET /hop-am/until-death-do-us-part-until-death-do-us-part-16982 HTTP/1.1" 404 146 "-" "Mozilla/5.0 (compatible; MJ12bot/v1.4.8; http://mj12bot.com/)"
37.187.226.33 - - [22/Dec/2025:18:06:25 +0700] "GET /hop-am/van-nho-27919 HTTP/1.1" 404 146 "-" "Mozilla/5.0 (compatible; MJ12bot/v1.4.8; http://mj12bot.com/)"
37.187.226.33 - - [22/Dec/2025:18:06:27 +0700] "GET /hop-am/vay-doi-31180 HTTP/1.1" 404 146 "-" "Mozilla/5.0 (compatible; MJ12bot/v1.4.8; http://mj12bot.com/)"
37.187.226.33 - - [22/Dec/2025:18:06:29 +0700] "GET /hop-am/xa-me-37834 HTTP/1.1" 404 146 "-" "Mozilla/5.0 (compatible; MJ12bot/v1.4.8; http://mj12bot.com/)"
85.208.96.209 - - [22/Dec/2025:18:06:30 +0700] "GET /hop-am?page=3698 HTTP/1.1" 404 146 "-" "Mozilla/5.0 (compatible; SemrushBot/7~bl; +http://www.semrush.com/bot.html)"
37.187.226.33 - - [22/Dec/2025:18:06:30 +0700] "GET /hop-am/xau-xi-co-nao-em-van-thuong-38501 HTTP/1.1" 404 146 "-" "Mozilla/5.0 (compatible; MJ12bot/v1.4.8; http://mj12bot.com/)"
37.187.226.33 - - [22/Dec/2025:18:06:32 +0700] "GET /hop-am/xin-cho-toi-buon-29198 HTTP/1.1" 404 146 "-" "Mozilla/5.0 (compatible; MJ12bot/v1.4.8; http://mj12bot.com/)"
37.187.226.33 - - [22/Dec/2025:18:06:34 +0700] "GET /hop-am/xin-dung-den-ben-anh-24244 HTTP/1.1" 404 146 "-" "Mozilla/5.0 (compatible; MJ12bot/v1.4.8; http://mj12bot.com/)"
85.208.96.202 - - [22/Dec/2025:18:06:35 +0700] "GET /hop-am/tam-y-long-em-12395 HTTP/1.1" 404 146 "-" "Mozilla/5.0 (compatible; SemrushBot/7~bl; +http://www.semrush.com/bot.html)"
37.187.226.33 - - [22/Dec/2025:18:06:35 +0700] "GET /hop-am/xin-dung-gac-may-20748 HTTP/1.1" 404 146 "-" "Mozilla/5.0 (compatible; MJ12bot/v1.4.8; http://mj12bot.com/)"
37.187.226.33 - - [22/Dec/2025:18:06:37 +0700] "GET /hop-am/xin-dung-lam-nhau-dau-29677 HTTP/1.1" 404 146 "-" "Mozilla/5.0 (compatible; MJ12bot/v1.4.8; http://mj12bot.com/)"
185.191.171.15 - - [22/Dec/2025:18:06:38 +0700] "GET /hop-am/nguoi-ay-10784 HTTP/1.1" 404 146 "-" "Mozilla/5.0 (compatible; SemrushBot/7~bl; +http://www.semrush.com/bot.html)"
37.187.226.33 - - [22/Dec/2025:18:06:39 +0700] "GET /hop-am/xin-dung-nhu-toi-37218 HTTP/1.1" 404 146 "-" "Mozilla/5.0 (compatible; MJ12bot/v1.4.8; http://mj12bot.com/)"
129.226.227.165 - - [22/Dec/2025:18:06:40 +0700] "GET /hop-am/mo-32474 HTTP/2.0" 404 548 "https://thuvienhopam.com/hop-am/mo-32474" "Mozilla/5.0 (Macintosh; Intel Mac OS X 10_15_7) AppleWebKit/537.36 (KHTML, like Gecko) Chrome/120.0.0.0 Safari/537.36"
37.187.226.33 - - [22/Dec/2025:18:06:41 +0700] "GET /hop-am/xin-duoc-lam-hat-muoi-que-huong-31852 HTTP/1.1" 404 146 "-" "Mozilla/5.0 (compatible; MJ12bot/v1.4.8; http://mj12bot.com/)"
37.187.226.33 - - [22/Dec/2025:18:06:42 +0700] "GET /hop-am/xin-loi-con-hu-29456 HTTP/1.1" 404 146 "-" "Mozilla/5.0 (compatible; MJ12bot/v1.4.8; http://mj12bot.com/)"
37.187.226.33 - - [22/Dec/2025:18:06:44 +0700] "GET /hop-am/xin-loi-xin-loi-em-21961 HTTP/1.1" 404 146 "-" "Mozilla/5.0 (compatible; MJ12bot/v1.4.8; http://mj12bot.com/)"
37.187.226.33 - - [22/Dec/2025:18:06:46 +0700] "GET /hop-am/xin-ru-muon-mang-11794 HTTP/1.1" 404 146 "-" "Mozilla/5.0 (compatible; MJ12bot/v1.4.8; http://mj12bot.com/)"
185.191.171.9 - - [22/Dec/2025:18:06:46 +0700] "GET /hop-am/yeu-thuong-hoa-ton-thuong-14167 HTTP/1.1" 404 146 "-" "Mozilla/5.0 (compatible; SemrushBot/7~bl; +http://www.semrush.com/bot.html)"
37.187.226.33 - - [22/Dec/2025:18:06:47 +0700] "GET /hop-am/xua-tan-niem-dau-22475 HTTP/1.1" 404 146 "-" "Mozilla/5.0 (compatible; MJ12bot/v1.4.8; http://mj12bot.com/)"
37.187.226.33 - - [22/Dec/2025:18:06:49 +0700] "GET /hop-am/xuan-dang-ve-17495 HTTP/1.1" 404 146 "-" "Mozilla/5.0 (compatible; MJ12bot/v1.4.8; http://mj12bot.com/)"
37.187.226.33 - - [22/Dec/2025:18:06:51 +0700] "GET /hop-am/xuan-ven-nghia-tinh-25813 HTTP/1.1" 404 146 "-" "Mozilla/5.0 (compatible; MJ12bot/v1.4.8; http://mj12bot.com/)"
37.187.226.33 - - [22/Dec/2025:18:06:52 +0700] "GET /hop-am/xuan-vien-xu-11213 HTTP/1.1" 404 146 "-" "Mozilla/5.0 (compatible; MJ12bot/v1.4.8; http://mj12bot.com/)"
37.187.226.33 - - [22/Dec/2025:18:06:54 +0700] "GET /hop-am/xuan-xa-que-35707 HTTP/1.1" 404 146 "-" "Mozilla/5.0 (compatible; MJ12bot/v1.4.8; http://mj12bot.com/)"
37.187.226.33 - - [22/Dec/2025:18:06:56 +0700] "GET /hop-am/yeu-22336 HTTP/1.1" 404 146 "-" "Mozilla/5.0 (compatible; MJ12bot/v1.4.8; http://mj12bot.com/)"
37.187.226.33 - - [22/Dec/2025:18:06:57 +0700] "GET /hop-am/yeu-4-21117 HTTP/1.1" 404 146 "-" "Mozilla/5.0 (compatible; MJ12bot/v1.4.8; http://mj12bot.com/)"
37.187.226.33 - - [22/Dec/2025:18:06:59 +0700] "GET /hop-am/yeu-5-19994 HTTP/1.1" 404 146 "-" "Mozilla/5.0 (compatible; MJ12bot/v1.4.8; http://mj12bot.com/)"
37.187.226.33 - - [22/Dec/2025:18:07:01 +0700] "GET /hop-am/yeu-dai-kho-24558 HTTP/1.1" 404 146 "-" "Mozilla/5.0 (compatible; MJ12bot/v1.4.8; http://mj12bot.com/)"
37.187.226.33 - - [22/Dec/2025:18:07:02 +0700] "GET /hop-am/yeu-duoi-22671 HTTP/1.1" 404 146 "-" "Mozilla/5.0 (compatible; MJ12bot/v1.4.8; http://mj12bot.com/)"
37.187.226.33 - - [22/Dec/2025:18:07:04 +0700] "GET /hop-am/yeu-kho-37081 HTTP/1.1" 404 146 "-" "Mozilla/5.0 (compatible; MJ12bot/v1.4.8; http://mj12bot.com/)"
37.187.226.33 - - [22/Dec/2025:18:07:07 +0700] "GET /hop-am/yeu-kieu-dan-ong-22397 HTTP/1.1" 404 146 "-" "Mozilla/5.0 (compatible; MJ12bot/v1.4.8; http://mj12bot.com/)"
42.114.204.242 - - [22/Dec/2025:18:07:17 +0700] "GET /cms/login HTTP/2.0" 200 1035 "-" "Mozilla/5.0 (Macintosh; Intel Mac OS X 10_15_7) AppleWebKit/537.36 (KHTML, like Gecko) Chrome/143.0.0.0 Safari/537.36"
42.114.204.242 - - [22/Dec/2025:18:07:17 +0700] "GET / HTTP/2.0" 302 390 "https://erp.nhatnamsst.com/cms/login" "Mozilla/5.0 (Macintosh; Intel Mac OS X 10_15_7) AppleWebKit/537.36 (KHTML, like Gecko) Chrome/143.0.0.0 Safari/537.36"
42.114.204.242 - - [22/Dec/2025:18:07:17 +0700] "GET /cms/login HTTP/2.0" 200 1035 "https://erp.nhatnamsst.com/cms/login" "Mozilla/5.0 (Macintosh; Intel Mac OS X 10_15_7) AppleWebKit/537.36 (KHTML, like Gecko) Chrome/143.0.0.0 Safari/537.36"
185.191.171.15 - - [22/Dec/2025:18:07:17 +0700] "GET /hop-am/dau-chan-tinh-yeu-8251 HTTP/1.1" 404 146 "-" "Mozilla/5.0 (compatible; SemrushBot/7~bl; +http://www.semrush.com/bot.html)"
42.114.204.242 - - [22/Dec/2025:18:07:24 +0700] "POST /cms/login HTTP/2.0" 302 406 "https://erp.nhatnamsst.com/cms/login" "Mozilla/5.0 (Macintosh; Intel Mac OS X 10_15_7) AppleWebKit/537.36 (KHTML, like Gecko) Chrome/143.0.0.0 Safari/537.36"
42.114.204.242 - - [22/Dec/2025:18:07:24 +0700] "GET /cms/dashboard HTTP/2.0" 200 3743 "https://erp.nhatnamsst.com/cms/login" "Mozilla/5.0 (Macintosh; Intel Mac OS X 10_15_7) AppleWebKit/537.36 (KHTML, like Gecko) Chrome/143.0.0.0 Safari/537.36"
42.114.204.242 - - [22/Dec/2025:18:07:24 +0700] "GET /templates/simple/icons/fonts/tabler-icons.woff2?v3.31.0 HTTP/2.0" 200 820316 "https://erp.nhatnamsst.com/templates/simple/icons/tabler-icons.min.css" "Mozilla/5.0 (Macintosh; Intel Mac OS X 10_15_7) AppleWebKit/537.36 (KHTML, like Gecko) Chrome/143.0.0.0 Safari/537.36"
42.114.204.242 - - [22/Dec/2025:18:07:25 +0700] "GET / HTTP/2.0" 302 406 "https://erp.nhatnamsst.com/cms/dashboard" "Mozilla/5.0 (Macintosh; Intel Mac OS X 10_15_7) AppleWebKit/537.36 (KHTML, like Gecko) Chrome/143.0.0.0 Safari/537.36"
42.114.204.242 - - [22/Dec/2025:18:07:25 +0700] "GET /cms/dashboard HTTP/2.0" 200 3673 "https://erp.nhatnamsst.com/cms/dashboard" "Mozilla/5.0 (Macintosh; Intel Mac OS X 10_15_7) AppleWebKit/537.36 (KHTML, like Gecko) Chrome/143.0.0.0 Safari/537.36"
42.114.204.242 - - [22/Dec/2025:18:07:27 +0700] "GET /cms/purchase-order HTTP/2.0" 200 6868 "https://erp.nhatnamsst.com/cms/dashboard" "Mozilla/5.0 (Macintosh; Intel Mac OS X 10_15_7) AppleWebKit/537.36 (KHTML, like Gecko) Chrome/143.0.0.0 Safari/537.36"
42.114.204.242 - - [22/Dec/2025:18:07:27 +0700] "GET /libs/datatables/lang/en.json HTTP/2.0" 200 573 "https://erp.nhatnamsst.com/cms/purchase-order" "Mozilla/5.0 (Macintosh; Intel Mac OS X 10_15_7) AppleWebKit/537.36 (KHTML, like Gecko) Chrome/143.0.0.0 Safari/537.36"
42.114.204.242 - - [22/Dec/2025:18:07:27 +0700] "GET / HTTP/2.0" 302 406 "https://erp.nhatnamsst.com/cms/purchase-order" "Mozilla/5.0 (Macintosh; Intel Mac OS X 10_15_7) AppleWebKit/537.36 (KHTML, like Gecko) Chrome/143.0.0.0 Safari/537.36"
42.114.204.242 - - [22/Dec/2025:18:07:27 +0700] "GET /cms/purchase-order?draw=1&columns%5B0%5D%5Bdata%5D=po_number&columns%5B1%5D%5Bdata%5D=sale_id&columns%5B1%5D%5Borderable%5D=false&columns%5B2%5D%5Bdata%5D=customer_id&columns%5B2%5D%5Borderable%5D=false&columns%5B3%5D%5Bdata%5D=quote_request_id&columns%5B3%5D%5Borderable%5D=false&columns%5B4%5D%5Bdata%5D=po_date&columns%5B5%5D%5Bdata%5D=order_date&columns%5B6%5D%5Bdata%5D=total_po_price&columns%5B6%5D%5Borderable%5D=false&columns%5B7%5D%5Bdata%5D=status&columns%5B8%5D%5Bdata%5D=action&columns%5B8%5D%5Borderable%5D=false&order%5B0%5D%5Bcolumn%5D=0&order%5B0%5D%5Bdir%5D=desc&start=0&length=50&search%5Bvalue%5D=&_=1766401647512 HTTP/2.0" 200 1669 "https://erp.nhatnamsst.com/cms/purchase-order" "Mozilla/5.0 (Macintosh; Intel Mac OS X 10_15_7) AppleWebKit/537.36 (KHTML, like Gecko) Chrome/143.0.0.0 Safari/537.36"
42.114.204.242 - - [22/Dec/2025:18:07:28 +0700] "GET /cms/dashboard HTTP/2.0" 200 3673 "https://erp.nhatnamsst.com/cms/purchase-order" "Mozilla/5.0 (Macintosh; Intel Mac OS X 10_15_7) AppleWebKit/537.36 (KHTML, like Gecko) Chrome/143.0.0.0 Safari/537.36"
42.114.204.242 - - [22/Dec/2025:18:07:28 +0700] "GET /cms/purchase-order HTTP/2.0" 200 6868 "https://erp.nhatnamsst.com/cms/purchase-order" "Mozilla/5.0 (Macintosh; Intel Mac OS X 10_15_7) AppleWebKit/537.36 (KHTML, like Gecko) Chrome/143.0.0.0 Safari/537.36"
42.114.204.242 - - [22/Dec/2025:18:07:29 +0700] "GET / HTTP/2.0" 302 406 "https://erp.nhatnamsst.com/cms/purchase-order" "Mozilla/5.0 (Macintosh; Intel Mac OS X 10_15_7) AppleWebKit/537.36 (KHTML, like Gecko) Chrome/143.0.0.0 Safari/537.36"
