85.208.96.211 - - [22/Dec/2025:21:24:01 +0700] "GET /hop-am/cay-vong-dong-34054 HTTP/1.1" 404 146 "-" "Mozilla/5.0 (compatible; SemrushBot/7~bl; +http://www.semrush.com/bot.html)"
98.84.60.17 - - [22/Dec/2025:21:24:01 +0700] "GET /hop-am/sang-tac/nguyen-duc-phuoc-8333?page=2 HTTP/1.1" 404 548 "-" "Mozilla/5.0 AppleWebKit/537.36 (KHTML, like Gecko; compatible; Amazonbot/0.1; +https://developer.amazon.com/support/amazonbot) Chrome/119.0.6045.214 Safari/537.36"
85.208.96.210 - - [22/Dec/2025:21:24:03 +0700] "GET /hop-am/tra-lai-cuoc-tinh-lo-42584 HTTP/1.1" 404 146 "-" "Mozilla/5.0 (compatible; SemrushBot/7~bl; +http://www.semrush.com/bot.html)"
85.208.96.203 - - [22/Dec/2025:21:24:06 +0700] "GET /hop-am/nhot-em-vao-tim-27045 HTTP/1.1" 404 146 "-" "Mozilla/5.0 (compatible; SemrushBot/7~bl; +http://www.semrush.com/bot.html)"
17.241.227.213 - - [22/Dec/2025:21:24:07 +0700] "GET /hop-am/tu-do-em-buon-11854 HTTP/1.1" 404 146 "-" "Mozilla/5.0 (Macintosh; Intel Mac OS X 10_15_7) AppleWebKit/605.1.15 (KHTML, like Gecko) Version/17.4 Safari/605.1.15 (Applebot/0.1; +http://www.apple.com/go/applebot)"
185.191.171.18 - - [22/Dec/2025:21:24:10 +0700] "GET /hop-am/so-phan-sang-giau-41081 HTTP/1.1" 404 146 "-" "Mozilla/5.0 (compatible; SemrushBot/7~bl; +http://www.semrush.com/bot.html)"
185.191.171.13 - - [22/Dec/2025:21:24:12 +0700] "GET /hop-am/nguyen-chua-an-ban-8246 HTTP/1.1" 404 146 "-" "Mozilla/5.0 (compatible; SemrushBot/7~bl; +http://www.semrush.com/bot.html)"
17.246.15.23 - - [22/Dec/2025:21:24:13 +0700] "GET /hop-am/nhu-ngay-mai-ra-di-33238 HTTP/1.1" 404 146 "-" "Mozilla/5.0 (Macintosh; Intel Mac OS X 10_15_7) AppleWebKit/605.1.15 (KHTML, like Gecko) Version/17.4 Safari/605.1.15 (Applebot/0.1; +http://www.apple.com/go/applebot)"
85.208.96.201 - - [22/Dec/2025:21:24:35 +0700] "GET /hop-am/gio-toi-da-biet-23728 HTTP/1.1" 404 146 "-" "Mozilla/5.0 (compatible; SemrushBot/7~bl; +http://www.semrush.com/bot.html)"
185.191.171.2 - - [22/Dec/2025:21:24:41 +0700] "GET /hop-am/ve-nhe-em-de-them-yeu-quang-ngai-4918 HTTP/1.1" 404 146 "-" "Mozilla/5.0 (compatible; SemrushBot/7~bl; +http://www.semrush.com/bot.html)"
85.208.96.208 - - [22/Dec/2025:21:24:44 +0700] "GET /hop-am/em-la-gi-cua-anh-1952 HTTP/1.1" 404 146 "-" "Mozilla/5.0 (compatible; SemrushBot/7~bl; +http://www.semrush.com/bot.html)"
119.12.171.163 - - [22/Dec/2025:21:26:02 +0700] "GET /hop-am/coi-nho-40612 HTTP/2.0" 404 548 "https://thuvienhopam.com/hop-am/coi-nho-40612" "Mozilla/5.0 (Macintosh; Intel Mac OS X 10_15_7) AppleWebKit/537.36 (KHTML, like Gecko) Chrome/123.0.0.0 Safari/537.36"
85.208.96.200 - - [22/Dec/2025:21:26:02 +0700] "GET /hop-am/ve-que-cung-anh-4762 HTTP/1.1" 404 146 "-" "Mozilla/5.0 (compatible; SemrushBot/7~bl; +http://www.semrush.com/bot.html)"
85.208.96.202 - - [22/Dec/2025:21:26:05 +0700] "GET /hop-am/hay-song-dum-toi-44199 HTTP/1.1" 404 146 "-" "Mozilla/5.0 (compatible; SemrushBot/7~bl; +http://www.semrush.com/bot.html)"
185.191.171.2 - - [22/Dec/2025:21:26:09 +0700] "GET /hop-am/giot-le-co-don-22866 HTTP/1.1" 404 146 "-" "Mozilla/5.0 (compatible; SemrushBot/7~bl; +http://www.semrush.com/bot.html)"
85.208.96.203 - - [22/Dec/2025:21:26:18 +0700] "GET /hop-am/quen-26799 HTTP/1.1" 404 146 "-" "Mozilla/5.0 (compatible; SemrushBot/7~bl; +http://www.semrush.com/bot.html)"
116.102.68.131 - - [22/Dec/2025:21:26:20 +0700] "GET /cms/purchase-order HTTP/2.0" 200 6869 "https://erp.nhatnamsst.com/cms/dashboard" "Mozilla/5.0 (Macintosh; Intel Mac OS X 10_15_7) AppleWebKit/537.36 (KHTML, like Gecko) Chrome/143.0.0.0 Safari/537.36"
116.102.68.131 - - [22/Dec/2025:21:26:20 +0700] "GET /templates/simple/icons/fonts/tabler-icons.woff2?v3.31.0 HTTP/2.0" 304 0 "https://erp.nhatnamsst.com/templates/simple/icons/tabler-icons.min.css" "Mozilla/5.0 (Macintosh; Intel Mac OS X 10_15_7) AppleWebKit/537.36 (KHTML, like Gecko) Chrome/143.0.0.0 Safari/537.36"
116.102.68.131 - - [22/Dec/2025:21:26:20 +0700] "GET /libs/datatables/lang/en.json HTTP/2.0" 304 0 "https://erp.nhatnamsst.com/cms/purchase-order" "Mozilla/5.0 (Macintosh; Intel Mac OS X 10_15_7) AppleWebKit/537.36 (KHTML, like Gecko) Chrome/143.0.0.0 Safari/537.36"
116.102.68.131 - - [22/Dec/2025:21:26:20 +0700] "GET /cms/purchase-order?draw=1&columns%5B0%5D%5Bdata%5D=po_number&columns%5B1%5D%5Bdata%5D=sale_id&columns%5B1%5D%5Borderable%5D=false&columns%5B2%5D%5Bdata%5D=customer_id&columns%5B2%5D%5Borderable%5D=false&columns%5B3%5D%5Bdata%5D=quote_request_id&columns%5B3%5D%5Borderable%5D=false&columns%5B4%5D%5Bdata%5D=po_date&columns%5B5%5D%5Bdata%5D=order_date&columns%5B6%5D%5Bdata%5D=total_po_price&columns%5B6%5D%5Borderable%5D=false&columns%5B7%5D%5Bdata%5D=status&columns%5B8%5D%5Bdata%5D=action&columns%5B8%5D%5Borderable%5D=false&order%5B0%5D%5Bcolumn%5D=0&order%5B0%5D%5Bdir%5D=desc&start=0&length=50&search%5Bvalue%5D=&_=1766413580100 HTTP/2.0" 200 1669 "https://erp.nhatnamsst.com/cms/purchase-order" "Mozilla/5.0 (Macintosh; Intel Mac OS X 10_15_7) AppleWebKit/537.36 (KHTML, like Gecko) Chrome/143.0.0.0 Safari/537.36"
116.102.68.131 - - [22/Dec/2025:21:26:20 +0700] "GET / HTTP/2.0" 302 406 "https://erp.nhatnamsst.com/cms/purchase-order" "Mozilla/5.0 (Macintosh; Intel Mac OS X 10_15_7) AppleWebKit/537.36 (KHTML, like Gecko) Chrome/143.0.0.0 Safari/537.36"
116.102.68.131 - - [22/Dec/2025:21:26:20 +0700] "GET /cms/dashboard HTTP/2.0" 200 3675 "https://erp.nhatnamsst.com/cms/purchase-order" "Mozilla/5.0 (Macintosh; Intel Mac OS X 10_15_7) AppleWebKit/537.36 (KHTML, like Gecko) Chrome/143.0.0.0 Safari/537.36"
85.208.96.195 - - [22/Dec/2025:21:26:23 +0700] "GET /hop-am/nhip-dan-vui-11124 HTTP/1.1" 404 146 "-" "Mozilla/5.0 (compatible; SemrushBot/7~bl; +http://www.semrush.com/bot.html)"
64.176.52.238 - - [22/Dec/2025:21:26:23 +0700] "GET /.env HTTP/1.1" 404 548 "-" "Mozilla/5.0 (Macintosh; Intel Mac OS X 10_10_5) AppleWebKit/537.36 (KHTML, like Gecko) Chrome/76.0.3809.100 Safari/537.36"
116.102.68.131 - - [22/Dec/2025:21:26:25 +0700] "GET / HTTP/2.0" 302 390 "-" "Mozilla/5.0 (Macintosh; Intel Mac OS X 10_15_7) AppleWebKit/537.36 (KHTML, like Gecko) Chrome/143.0.0.0 Safari/537.36"
116.102.68.131 - - [22/Dec/2025:21:26:25 +0700] "GET /cms/login HTTP/2.0" 200 1040 "-" "Mozilla/5.0 (Macintosh; Intel Mac OS X 10_15_7) AppleWebKit/537.36 (KHTML, like Gecko) Chrome/143.0.0.0 Safari/537.36"
116.102.68.131 - - [22/Dec/2025:21:26:25 +0700] "GET / HTTP/2.0" 302 390 "https://erp.nhatnamsst.com/cms/login" "Mozilla/5.0 (Macintosh; Intel Mac OS X 10_15_7) AppleWebKit/537.36 (KHTML, like Gecko) Chrome/143.0.0.0 Safari/537.36"
116.102.68.131 - - [22/Dec/2025:21:26:25 +0700] "GET /cms/login HTTP/2.0" 200 1040 "https://erp.nhatnamsst.com/cms/login" "Mozilla/5.0 (Macintosh; Intel Mac OS X 10_15_7) AppleWebKit/537.36 (KHTML, like Gecko) Chrome/143.0.0.0 Safari/537.36"
17.22.253.250 - - [22/Dec/2025:21:26:28 +0700] "GET /hop-am/hat-ve-thanh-pho-hom-nay-5055 HTTP/1.1" 404 146 "-" "Mozilla/5.0 (Macintosh; Intel Mac OS X 10_15_7) AppleWebKit/605.1.15 (KHTML, like Gecko) Version/17.4 Safari/605.1.15 (Applebot/0.1; +http://www.apple.com/go/applebot)"
185.191.171.6 - - [22/Dec/2025:21:26:30 +0700] "GET /hop-am/tinh-con-yeu-chua-8960 HTTP/1.1" 404 146 "-" "Mozilla/5.0 (compatible; SemrushBot/7~bl; +http://www.semrush.com/bot.html)"
116.102.68.131 - - [22/Dec/2025:21:26:33 +0700] "GET / HTTP/2.0" 302 390 "-" "Mozilla/5.0 (Macintosh; Intel Mac OS X 10_15_7) AppleWebKit/537.36 (KHTML, like Gecko) Chrome/143.0.0.0 Safari/537.36"
116.102.68.131 - - [22/Dec/2025:21:26:33 +0700] "GET /cms/login HTTP/2.0" 200 1039 "-" "Mozilla/5.0 (Macintosh; Intel Mac OS X 10_15_7) AppleWebKit/537.36 (KHTML, like Gecko) Chrome/143.0.0.0 Safari/537.36"
116.102.68.131 - - [22/Dec/2025:21:26:33 +0700] "GET / HTTP/2.0" 302 390 "https://erp.nhatnamsst.com/cms/login" "Mozilla/5.0 (Macintosh; Intel Mac OS X 10_15_7) AppleWebKit/537.36 (KHTML, like Gecko) Chrome/143.0.0.0 Safari/537.36"
116.102.68.131 - - [22/Dec/2025:21:26:34 +0700] "GET /cms/login HTTP/2.0" 200 1039 "https://erp.nhatnamsst.com/cms/login" "Mozilla/5.0 (Macintosh; Intel Mac OS X 10_15_7) AppleWebKit/537.36 (KHTML, like Gecko) Chrome/143.0.0.0 Safari/537.36"
116.102.68.131 - - [22/Dec/2025:21:26:38 +0700] "GET /cms/quote-request HTTP/2.0" 200 7174 "https://erp.nhatnamsst.com/cms/purchase-order" "Mozilla/5.0 (Macintosh; Intel Mac OS X 10_15_7) AppleWebKit/537.36 (KHTML, like Gecko) Chrome/143.0.0.0 Safari/537.36"
116.102.68.131 - - [22/Dec/2025:21:26:38 +0700] "GET / HTTP/2.0" 302 406 "https://erp.nhatnamsst.com/cms/quote-request" "Mozilla/5.0 (Macintosh; Intel Mac OS X 10_15_7) AppleWebKit/537.36 (KHTML, like Gecko) Chrome/143.0.0.0 Safari/537.36"
116.102.68.131 - - [22/Dec/2025:21:26:38 +0700] "GET /cms/quote-request?draw=1&columns%5B0%5D%5Bdata%5D=code&columns%5B1%5D%5Bdata%5D=sale_id&columns%5B1%5D%5Borderable%5D=false&columns%5B2%5D%5Bdata%5D=brand_id&columns%5B2%5D%5Borderable%5D=false&columns%5B3%5D%5Bdata%5D=customer_id&columns%5B3%5D%5Borderable%5D=false&columns%5B4%5D%5Bdata%5D=customer_type&columns%5B4%5D%5Borderable%5D=false&columns%5B5%5D%5Bdata%5D=request_date&columns%5B6%5D%5Bdata%5D=inters&columns%5B6%5D%5Borderable%5D=false&columns%5B7%5D%5Bdata%5D=manager&columns%5B7%5D%5Borderable%5D=false&columns%5B8%5D%5Bdata%5D=status&columns%5B9%5D%5Bdata%5D=action&columns%5B9%5D%5Borderable%5D=false&order%5B0%5D%5Bcolumn%5D=0&order%5B0%5D%5Bdir%5D=desc&start=0&length=50&search%5Bvalue%5D=&_=1766413598287 HTTP/2.0" 200 2247 "https://erp.nhatnamsst.com/cms/quote-request" "Mozilla/5.0 (Macintosh; Intel Mac OS X 10_15_7) AppleWebKit/537.36 (KHTML, like Gecko) Chrome/143.0.0.0 Safari/537.36"
116.102.68.131 - - [22/Dec/2025:21:26:38 +0700] "GET /cms/dashboard HTTP/2.0" 200 3675 "https://erp.nhatnamsst.com/cms/quote-request" "Mozilla/5.0 (Macintosh; Intel Mac OS X 10_15_7) AppleWebKit/537.36 (KHTML, like Gecko) Chrome/143.0.0.0 Safari/537.36"
20.65.192.170 - - [22/Dec/2025:21:26:40 +0700] "GET /version HTTP/1.1" 404 146 "-" "Mozilla/5.0 zgrab/0.x"
85.208.96.199 - - [22/Dec/2025:21:26:42 +0700] "GET /hop-am/ca-si/sandy-wilson HTTP/1.1" 404 146 "-" "Mozilla/5.0 (compatible; SemrushBot/7~bl; +http://www.semrush.com/bot.html)"
116.102.68.131 - - [22/Dec/2025:21:26:42 +0700] "GET /cms/quote-request HTTP/2.0" 200 7174 "https://erp.nhatnamsst.com/cms/purchase-order" "Mozilla/5.0 (Macintosh; Intel Mac OS X 10_15_7) AppleWebKit/537.36 (KHTML, like Gecko) Chrome/143.0.0.0 Safari/537.36"
116.102.68.131 - - [22/Dec/2025:21:26:42 +0700] "GET / HTTP/2.0" 302 406 "https://erp.nhatnamsst.com/cms/quote-request" "Mozilla/5.0 (Macintosh; Intel Mac OS X 10_15_7) AppleWebKit/537.36 (KHTML, like Gecko) Chrome/143.0.0.0 Safari/537.36"
116.102.68.131 - - [22/Dec/2025:21:26:42 +0700] "GET /cms/quote-request?draw=1&columns%5B0%5D%5Bdata%5D=code&columns%5B1%5D%5Bdata%5D=sale_id&columns%5B1%5D%5Borderable%5D=false&columns%5B2%5D%5Bdata%5D=brand_id&columns%5B2%5D%5Borderable%5D=false&columns%5B3%5D%5Bdata%5D=customer_id&columns%5B3%5D%5Borderable%5D=false&columns%5B4%5D%5Bdata%5D=customer_type&columns%5B4%5D%5Borderable%5D=false&columns%5B5%5D%5Bdata%5D=request_date&columns%5B6%5D%5Bdata%5D=inters&columns%5B6%5D%5Borderable%5D=false&columns%5B7%5D%5Bdata%5D=manager&columns%5B7%5D%5Borderable%5D=false&columns%5B8%5D%5Bdata%5D=status&columns%5B9%5D%5Bdata%5D=action&columns%5B9%5D%5Borderable%5D=false&order%5B0%5D%5Bcolumn%5D=0&order%5B0%5D%5Bdir%5D=desc&start=0&length=50&search%5Bvalue%5D=&_=1766413602208 HTTP/2.0" 200 2247 "https://erp.nhatnamsst.com/cms/quote-request" "Mozilla/5.0 (Macintosh; Intel Mac OS X 10_15_7) AppleWebKit/537.36 (KHTML, like Gecko) Chrome/143.0.0.0 Safari/537.36"
116.102.68.131 - - [22/Dec/2025:21:26:42 +0700] "GET /cms/dashboard HTTP/2.0" 200 3675 "https://erp.nhatnamsst.com/cms/quote-request" "Mozilla/5.0 (Macintosh; Intel Mac OS X 10_15_7) AppleWebKit/537.36 (KHTML, like Gecko) Chrome/143.0.0.0 Safari/537.36"
116.102.68.131 - - [22/Dec/2025:21:26:44 +0700] "GET /cms/purchase-order HTTP/2.0" 200 6869 "https://erp.nhatnamsst.com/cms/quote-request" "Mozilla/5.0 (Macintosh; Intel Mac OS X 10_15_7) AppleWebKit/537.36 (KHTML, like Gecko) Chrome/143.0.0.0 Safari/537.36"
116.102.68.131 - - [22/Dec/2025:21:26:45 +0700] "GET /cms/purchase-order?draw=1&columns%5B0%5D%5Bdata%5D=po_number&columns%5B1%5D%5Bdata%5D=sale_id&columns%5B1%5D%5Borderable%5D=false&columns%5B2%5D%5Bdata%5D=customer_id&columns%5B2%5D%5Borderable%5D=false&columns%5B3%5D%5Bdata%5D=quote_request_id&columns%5B3%5D%5Borderable%5D=false&columns%5B4%5D%5Bdata%5D=po_date&columns%5B5%5D%5Bdata%5D=order_date&columns%5B6%5D%5Bdata%5D=total_po_price&columns%5B6%5D%5Borderable%5D=false&columns%5B7%5D%5Bdata%5D=status&columns%5B8%5D%5Bdata%5D=action&columns%5B8%5D%5Borderable%5D=false&order%5B0%5D%5Bcolumn%5D=0&order%5B0%5D%5Bdir%5D=desc&start=0&length=50&search%5Bvalue%5D=&_=1766413604612 HTTP/2.0" 200 1669 "https://erp.nhatnamsst.com/cms/purchase-order" "Mozilla/5.0 (Macintosh; Intel Mac OS X 10_15_7) AppleWebKit/537.36 (KHTML, like Gecko) Chrome/143.0.0.0 Safari/537.36"
116.102.68.131 - - [22/Dec/2025:21:26:45 +0700] "GET / HTTP/2.0" 302 406 "https://erp.nhatnamsst.com/cms/purchase-order" "Mozilla/5.0 (Macintosh; Intel Mac OS X 10_15_7) AppleWebKit/537.36 (KHTML, like Gecko) Chrome/143.0.0.0 Safari/537.36"
116.102.68.131 - - [22/Dec/2025:21:26:45 +0700] "GET /cms/dashboard HTTP/2.0" 200 3675 "https://erp.nhatnamsst.com/cms/purchase-order" "Mozilla/5.0 (Macintosh; Intel Mac OS X 10_15_7) AppleWebKit/537.36 (KHTML, like Gecko) Chrome/143.0.0.0 Safari/537.36"
116.102.68.131 - - [22/Dec/2025:21:26:46 +0700] "GET /cms/quote-request HTTP/2.0" 200 7174 "https://erp.nhatnamsst.com/cms/purchase-order" "Mozilla/5.0 (Macintosh; Intel Mac OS X 10_15_7) AppleWebKit/537.36 (KHTML, like Gecko) Chrome/143.0.0.0 Safari/537.36"
116.102.68.131 - - [22/Dec/2025:21:26:46 +0700] "GET / HTTP/2.0" 302 406 "https://erp.nhatnamsst.com/cms/quote-request" "Mozilla/5.0 (Macintosh; Intel Mac OS X 10_15_7) AppleWebKit/537.36 (KHTML, like Gecko) Chrome/143.0.0.0 Safari/537.36"
116.102.68.131 - - [22/Dec/2025:21:26:46 +0700] "GET /cms/quote-request?draw=1&columns%5B0%5D%5Bdata%5D=code&columns%5B1%5D%5Bdata%5D=sale_id&columns%5B1%5D%5Borderable%5D=false&columns%5B2%5D%5Bdata%5D=brand_id&columns%5B2%5D%5Borderable%5D=false&columns%5B3%5D%5Bdata%5D=customer_id&columns%5B3%5D%5Borderable%5D=false&columns%5B4%5D%5Bdata%5D=customer_type&columns%5B4%5D%5Borderable%5D=false&columns%5B5%5D%5Bdata%5D=request_date&columns%5B6%5D%5Bdata%5D=inters&columns%5B6%5D%5Borderable%5D=false&columns%5B7%5D%5Bdata%5D=manager&columns%5B7%5D%5Borderable%5D=false&columns%5B8%5D%5Bdata%5D=status&columns%5B9%5D%5Bdata%5D=action&columns%5B9%5D%5Borderable%5D=false&order%5B0%5D%5Bcolumn%5D=0&order%5B0%5D%5Bdir%5D=desc&start=0&length=50&search%5Bvalue%5D=&_=1766413606398 HTTP/2.0" 200 2247 "https://erp.nhatnamsst.com/cms/quote-request" "Mozilla/5.0 (Macintosh; Intel Mac OS X 10_15_7) AppleWebKit/537.36 (KHTML, like Gecko) Chrome/143.0.0.0 Safari/537.36"
116.102.68.131 - - [22/Dec/2025:21:26:46 +0700] "GET /cms/dashboard HTTP/2.0" 200 3675 "https://erp.nhatnamsst.com/cms/quote-request" "Mozilla/5.0 (Macintosh; Intel Mac OS X 10_15_7) AppleWebKit/537.36 (KHTML, like Gecko) Chrome/143.0.0.0 Safari/537.36"
85.208.96.203 - - [22/Dec/2025:21:26:55 +0700] "GET /hop-am/ngay-xua-qua-roi-29365 HTTP/1.1" 404 146 "-" "Mozilla/5.0 (compatible; SemrushBot/7~bl; +http://www.semrush.com/bot.html)"
85.208.96.197 - - [22/Dec/2025:21:27:03 +0700] "GET /hop-am/nguyen-cau-35520 HTTP/1.1" 404 146 "-" "Mozilla/5.0 (compatible; SemrushBot/7~bl; +http://www.semrush.com/bot.html)"
116.102.68.131 - - [22/Dec/2025:21:27:15 +0700] "GET /cms/quote-request HTTP/2.0" 200 7173 "https://erp.nhatnamsst.com/cms/purchase-order" "Mozilla/5.0 (Macintosh; Intel Mac OS X 10_15_7) AppleWebKit/537.36 (KHTML, like Gecko) Chrome/143.0.0.0 Safari/537.36"
116.102.68.131 - - [22/Dec/2025:21:27:15 +0700] "GET / HTTP/2.0" 302 406 "https://erp.nhatnamsst.com/cms/quote-request" "Mozilla/5.0 (Macintosh; Intel Mac OS X 10_15_7) AppleWebKit/537.36 (KHTML, like Gecko) Chrome/143.0.0.0 Safari/537.36"
116.102.68.131 - - [22/Dec/2025:21:27:15 +0700] "GET /libs/datatables/lang/vi.json HTTP/2.0" 404 548 "https://erp.nhatnamsst.com/cms/quote-request" "Mozilla/5.0 (Macintosh; Intel Mac OS X 10_15_7) AppleWebKit/537.36 (KHTML, like Gecko) Chrome/143.0.0.0 Safari/537.36"
116.102.68.131 - - [22/Dec/2025:21:27:15 +0700] "GET /cms/dashboard HTTP/2.0" 200 3673 "https://erp.nhatnamsst.com/cms/quote-request" "Mozilla/5.0 (Macintosh; Intel Mac OS X 10_15_7) AppleWebKit/537.36 (KHTML, like Gecko) Chrome/143.0.0.0 Safari/537.36"
116.102.68.131 - - [22/Dec/2025:21:27:16 +0700] "GET /cms/quote-request?draw=1&columns%5B0%5D%5Bdata%5D=code&columns%5B1%5D%5Bdata%5D=sale_id&columns%5B1%5D%5Borderable%5D=false&columns%5B2%5D%5Bdata%5D=brand_id&columns%5B2%5D%5Borderable%5D=false&columns%5B3%5D%5Bdata%5D=customer_id&columns%5B3%5D%5Borderable%5D=false&columns%5B4%5D%5Bdata%5D=customer_type&columns%5B4%5D%5Borderable%5D=false&columns%5B5%5D%5Bdata%5D=request_date&columns%5B6%5D%5Bdata%5D=inters&columns%5B6%5D%5Borderable%5D=false&columns%5B7%5D%5Bdata%5D=manager&columns%5B7%5D%5Borderable%5D=false&columns%5B8%5D%5Bdata%5D=status&columns%5B9%5D%5Bdata%5D=action&columns%5B9%5D%5Borderable%5D=false&order%5B0%5D%5Bcolumn%5D=0&order%5B0%5D%5Bdir%5D=desc&start=0&length=50&search%5Bvalue%5D=&_=1766413635316 HTTP/2.0" 200 2247 "https://erp.nhatnamsst.com/cms/quote-request" "Mozilla/5.0 (Macintosh; Intel Mac OS X 10_15_7) AppleWebKit/537.36 (KHTML, like Gecko) Chrome/143.0.0.0 Safari/537.36"
116.102.68.131 - - [22/Dec/2025:21:27:17 +0700] "GET /cms/quote-request HTTP/2.0" 200 7173 "https://erp.nhatnamsst.com/cms/purchase-order" "Mozilla/5.0 (Macintosh; Intel Mac OS X 10_15_7) AppleWebKit/537.36 (KHTML, like Gecko) Chrome/143.0.0.0 Safari/537.36"
116.102.68.131 - - [22/Dec/2025:21:27:17 +0700] "GET / HTTP/2.0" 302 406 "https://erp.nhatnamsst.com/cms/quote-request" "Mozilla/5.0 (Macintosh; Intel Mac OS X 10_15_7) AppleWebKit/537.36 (KHTML, like Gecko) Chrome/143.0.0.0 Safari/537.36"
116.102.68.131 - - [22/Dec/2025:21:27:17 +0700] "GET /libs/datatables/lang/vi.json HTTP/2.0" 404 548 "https://erp.nhatnamsst.com/cms/quote-request" "Mozilla/5.0 (Macintosh; Intel Mac OS X 10_15_7) AppleWebKit/537.36 (KHTML, like Gecko) Chrome/143.0.0.0 Safari/537.36"
116.102.68.131 - - [22/Dec/2025:21:27:17 +0700] "GET /cms/dashboard HTTP/2.0" 200 3673 "https://erp.nhatnamsst.com/cms/quote-request" "Mozilla/5.0 (Macintosh; Intel Mac OS X 10_15_7) AppleWebKit/537.36 (KHTML, like Gecko) Chrome/143.0.0.0 Safari/537.36"
116.102.68.131 - - [22/Dec/2025:21:27:17 +0700] "GET /cms/quote-request?draw=1&columns%5B0%5D%5Bdata%5D=code&columns%5B1%5D%5Bdata%5D=sale_id&columns%5B1%5D%5Borderable%5D=false&columns%5B2%5D%5Bdata%5D=brand_id&columns%5B2%5D%5Borderable%5D=false&columns%5B3%5D%5Bdata%5D=customer_id&columns%5B3%5D%5Borderable%5D=false&columns%5B4%5D%5Bdata%5D=customer_type&columns%5B4%5D%5Borderable%5D=false&columns%5B5%5D%5Bdata%5D=request_date&columns%5B6%5D%5Bdata%5D=inters&columns%5B6%5D%5Borderable%5D=false&columns%5B7%5D%5Bdata%5D=manager&columns%5B7%5D%5Borderable%5D=false&columns%5B8%5D%5Bdata%5D=status&columns%5B9%5D%5Bdata%5D=action&columns%5B9%5D%5Borderable%5D=false&order%5B0%5D%5Bcolumn%5D=0&order%5B0%5D%5Bdir%5D=desc&start=0&length=50&search%5Bvalue%5D=&_=1766413636914 HTTP/2.0" 200 2247 "https://erp.nhatnamsst.com/cms/quote-request" "Mozilla/5.0 (Macintosh; Intel Mac OS X 10_15_7) AppleWebKit/537.36 (KHTML, like Gecko) Chrome/143.0.0.0 Safari/537.36"
17.241.75.178 - - [22/Dec/2025:21:27:22 +0700] "GET /hop-am/tinh-viet-lao-5068 HTTP/1.1" 404 146 "-" "Mozilla/5.0 (Macintosh; Intel Mac OS X 10_15_7) AppleWebKit/605.1.15 (KHTML, like Gecko) Version/17.4 Safari/605.1.15 (Applebot/0.1; +http://www.apple.com/go/applebot)"
17.241.75.178 - - [22/Dec/2025:21:27:22 +0700] "GET /hop-am/sang-tac/than-minh-trang-8245 HTTP/1.1" 404 146 "-" "Mozilla/5.0 (Macintosh; Intel Mac OS X 10_15_7) AppleWebKit/605.1.15 (KHTML, like Gecko) Version/17.4 Safari/605.1.15 (Applebot/0.1; +http://www.apple.com/go/applebot)"
85.208.96.201 - - [22/Dec/2025:21:27:23 +0700] "GET /hop-am/uoc-muon-23292 HTTP/1.1" 404 146 "-" "Mozilla/5.0 (compatible; SemrushBot/7~bl; +http://www.semrush.com/bot.html)"
40.77.167.41 - - [22/Dec/2025:21:27:33 +0700] "GET /hop-am/i-dont-want-to-miss-a-thing-7242 HTTP/2.0" 404 548 "-" "Mozilla/5.0 AppleWebKit/537.36 (KHTML, like Gecko; compatible; bingbot/2.0; +http://www.bing.com/bingbot.htm) Chrome/116.0.1938.76 Safari/537.36"
116.102.68.131 - - [22/Dec/2025:21:27:40 +0700] "GET /cms/quote-request HTTP/2.0" 200 7142 "https://erp.nhatnamsst.com/cms/purchase-order" "Mozilla/5.0 (Macintosh; Intel Mac OS X 10_15_7) AppleWebKit/537.36 (KHTML, like Gecko) Chrome/143.0.0.0 Safari/537.36"
116.102.68.131 - - [22/Dec/2025:21:27:40 +0700] "GET /libs/datatables/lang/vi-VN.json HTTP/2.0" 200 681 "https://erp.nhatnamsst.com/cms/quote-request" "Mozilla/5.0 (Macintosh; Intel Mac OS X 10_15_7) AppleWebKit/537.36 (KHTML, like Gecko) Chrome/143.0.0.0 Safari/537.36"
116.102.68.131 - - [22/Dec/2025:21:27:40 +0700] "GET / HTTP/2.0" 302 406 "https://erp.nhatnamsst.com/cms/quote-request" "Mozilla/5.0 (Macintosh; Intel Mac OS X 10_15_7) AppleWebKit/537.36 (KHTML, like Gecko) Chrome/143.0.0.0 Safari/537.36"
116.102.68.131 - - [22/Dec/2025:21:27:40 +0700] "GET /cms/quote-request?draw=1&columns%5B0%5D%5Bdata%5D=code&columns%5B1%5D%5Bdata%5D=sale_id&columns%5B1%5D%5Borderable%5D=false&columns%5B2%5D%5Bdata%5D=brand_id&columns%5B2%5D%5Borderable%5D=false&columns%5B3%5D%5Bdata%5D=customer_id&columns%5B3%5D%5Borderable%5D=false&columns%5B4%5D%5Bdata%5D=customer_type&columns%5B4%5D%5Borderable%5D=false&columns%5B5%5D%5Bdata%5D=request_date&columns%5B6%5D%5Bdata%5D=inters&columns%5B6%5D%5Borderable%5D=false&columns%5B7%5D%5Bdata%5D=manager&columns%5B7%5D%5Borderable%5D=false&columns%5B8%5D%5Bdata%5D=status&columns%5B9%5D%5Bdata%5D=action&columns%5B9%5D%5Borderable%5D=false&order%5B0%5D%5Bcolumn%5D=0&order%5B0%5D%5Bdir%5D=desc&start=0&length=50&search%5Bvalue%5D=&_=1766413660185 HTTP/2.0" 200 2231 "https://erp.nhatnamsst.com/cms/quote-request" "Mozilla/5.0 (Macintosh; Intel Mac OS X 10_15_7) AppleWebKit/537.36 (KHTML, like Gecko) Chrome/143.0.0.0 Safari/537.36"
116.102.68.131 - - [22/Dec/2025:21:27:40 +0700] "GET /cms/dashboard HTTP/2.0" 200 3676 "https://erp.nhatnamsst.com/cms/quote-request" "Mozilla/5.0 (Macintosh; Intel Mac OS X 10_15_7) AppleWebKit/537.36 (KHTML, like Gecko) Chrome/143.0.0.0 Safari/537.36"
116.102.68.131 - - [22/Dec/2025:21:27:42 +0700] "GET /cms/quote-request/create HTTP/2.0" 200 9830 "https://erp.nhatnamsst.com/cms/quote-request" "Mozilla/5.0 (Macintosh; Intel Mac OS X 10_15_7) AppleWebKit/537.36 (KHTML, like Gecko) Chrome/143.0.0.0 Safari/537.36"
185.191.171.17 - - [22/Dec/2025:21:27:42 +0700] "GET /hop-am/sau-bi-long-12968 HTTP/1.1" 404 146 "-" "Mozilla/5.0 (compatible; SemrushBot/7~bl; +http://www.semrush.com/bot.html)"
116.102.68.131 - - [22/Dec/2025:21:27:43 +0700] "GET / HTTP/2.0" 302 406 "https://erp.nhatnamsst.com/cms/quote-request/create" "Mozilla/5.0 (Macintosh; Intel Mac OS X 10_15_7) AppleWebKit/537.36 (KHTML, like Gecko) Chrome/143.0.0.0 Safari/537.36"
116.102.68.131 - - [22/Dec/2025:21:27:44 +0700] "GET /cms/dashboard HTTP/2.0" 200 3676 "https://erp.nhatnamsst.com/cms/quote-request/create" "Mozilla/5.0 (Macintosh; Intel Mac OS X 10_15_7) AppleWebKit/537.36 (KHTML, like Gecko) Chrome/143.0.0.0 Safari/537.36"
116.102.68.131 - - [22/Dec/2025:21:27:45 +0700] "GET /cms/purchase-order HTTP/2.0" 200 6875 "https://erp.nhatnamsst.com/cms/quote-request/create" "Mozilla/5.0 (Macintosh; Intel Mac OS X 10_15_7) AppleWebKit/537.36 (KHTML, like Gecko) Chrome/143.0.0.0 Safari/537.36"
116.102.68.131 - - [22/Dec/2025:21:27:46 +0700] "GET / HTTP/2.0" 302 406 "https://erp.nhatnamsst.com/cms/purchase-order" "Mozilla/5.0 (Macintosh; Intel Mac OS X 10_15_7) AppleWebKit/537.36 (KHTML, like Gecko) Chrome/143.0.0.0 Safari/537.36"
116.102.68.131 - - [22/Dec/2025:21:27:46 +0700] "GET /cms/purchase-order?draw=1&columns%5B0%5D%5Bdata%5D=po_number&columns%5B1%5D%5Bdata%5D=sale_id&columns%5B1%5D%5Borderable%5D=false&columns%5B2%5D%5Bdata%5D=customer_id&columns%5B2%5D%5Borderable%5D=false&columns%5B3%5D%5Bdata%5D=quote_request_id&columns%5B3%5D%5Borderable%5D=false&columns%5B4%5D%5Bdata%5D=po_date&columns%5B5%5D%5Bdata%5D=order_date&columns%5B6%5D%5Bdata%5D=total_po_price&columns%5B6%5D%5Borderable%5D=false&columns%5B7%5D%5Bdata%5D=status&columns%5B8%5D%5Bdata%5D=action&columns%5B8%5D%5Borderable%5D=false&order%5B0%5D%5Bcolumn%5D=0&order%5B0%5D%5Bdir%5D=desc&start=0&length=50&search%5Bvalue%5D=&_=1766413665612 HTTP/2.0" 200 1670 "https://erp.nhatnamsst.com/cms/purchase-order" "Mozilla/5.0 (Macintosh; Intel Mac OS X 10_15_7) AppleWebKit/537.36 (KHTML, like Gecko) Chrome/143.0.0.0 Safari/537.36"
116.102.68.131 - - [22/Dec/2025:21:27:46 +0700] "GET /cms/dashboard HTTP/2.0" 200 3676 "https://erp.nhatnamsst.com/cms/purchase-order" "Mozilla/5.0 (Macintosh; Intel Mac OS X 10_15_7) AppleWebKit/537.36 (KHTML, like Gecko) Chrome/143.0.0.0 Safari/537.36"
116.102.68.131 - - [22/Dec/2025:21:27:47 +0700] "GET /cms/purchase-order/create HTTP/2.0" 200 13579 "https://erp.nhatnamsst.com/cms/purchase-order" "Mozilla/5.0 (Macintosh; Intel Mac OS X 10_15_7) AppleWebKit/537.36 (KHTML, like Gecko) Chrome/143.0.0.0 Safari/537.36"
116.102.68.131 - - [22/Dec/2025:21:27:47 +0700] "GET / HTTP/2.0" 302 406 "https://erp.nhatnamsst.com/cms/purchase-order/create" "Mozilla/5.0 (Macintosh; Intel Mac OS X 10_15_7) AppleWebKit/537.36 (KHTML, like Gecko) Chrome/143.0.0.0 Safari/537.36"
116.102.68.131 - - [22/Dec/2025:21:27:47 +0700] "GET /cms/dashboard HTTP/2.0" 200 3676 "https://erp.nhatnamsst.com/cms/purchase-order/create" "Mozilla/5.0 (Macintosh; Intel Mac OS X 10_15_7) AppleWebKit/537.36 (KHTML, like Gecko) Chrome/143.0.0.0 Safari/537.36"
116.102.68.131 - - [22/Dec/2025:21:27:52 +0700] "GET /cms/purchase-order HTTP/2.0" 200 6875 "https://erp.nhatnamsst.com/cms/purchase-order/create" "Mozilla/5.0 (Macintosh; Intel Mac OS X 10_15_7) AppleWebKit/537.36 (KHTML, like Gecko) Chrome/143.0.0.0 Safari/537.36"
116.102.68.131 - - [22/Dec/2025:21:27:52 +0700] "GET / HTTP/2.0" 302 406 "https://erp.nhatnamsst.com/cms/purchase-order" "Mozilla/5.0 (Macintosh; Intel Mac OS X 10_15_7) AppleWebKit/537.36 (KHTML, like Gecko) Chrome/143.0.0.0 Safari/537.36"
116.102.68.131 - - [22/Dec/2025:21:27:52 +0700] "GET /cms/purchase-order?draw=1&columns%5B0%5D%5Bdata%5D=po_number&columns%5B1%5D%5Bdata%5D=sale_id&columns%5B1%5D%5Borderable%5D=false&columns%5B2%5D%5Bdata%5D=customer_id&columns%5B2%5D%5Borderable%5D=false&columns%5B3%5D%5Bdata%5D=quote_request_id&columns%5B3%5D%5Borderable%5D=false&columns%5B4%5D%5Bdata%5D=po_date&columns%5B5%5D%5Bdata%5D=order_date&columns%5B6%5D%5Bdata%5D=total_po_price&columns%5B6%5D%5Borderable%5D=false&columns%5B7%5D%5Bdata%5D=status&columns%5B8%5D%5Bdata%5D=action&columns%5B8%5D%5Borderable%5D=false&order%5B0%5D%5Bcolumn%5D=0&order%5B0%5D%5Bdir%5D=desc&start=0&length=50&search%5Bvalue%5D=&_=1766413672317 HTTP/2.0" 200 1670 "https://erp.nhatnamsst.com/cms/purchase-order" "Mozilla/5.0 (Macintosh; Intel Mac OS X 10_15_7) AppleWebKit/537.36 (KHTML, like Gecko) Chrome/143.0.0.0 Safari/537.36"
116.102.68.131 - - [22/Dec/2025:21:27:52 +0700] "GET /cms/dashboard HTTP/2.0" 200 3676 "https://erp.nhatnamsst.com/cms/purchase-order" "Mozilla/5.0 (Macintosh; Intel Mac OS X 10_15_7) AppleWebKit/537.36 (KHTML, like Gecko) Chrome/143.0.0.0 Safari/537.36"
85.208.96.200 - - [22/Dec/2025:21:27:55 +0700] "GET /hop-am/chieu-khong-em-44222 HTTP/1.1" 404 146 "-" "Mozilla/5.0 (compatible; SemrushBot/7~bl; +http://www.semrush.com/bot.html)"
116.102.68.131 - - [22/Dec/2025:21:27:58 +0700] "GET /cms/admin HTTP/2.0" 200 5710 "https://erp.nhatnamsst.com/cms/purchase-order" "Mozilla/5.0 (Macintosh; Intel Mac OS X 10_15_7) AppleWebKit/537.36 (KHTML, like Gecko) Chrome/143.0.0.0 Safari/537.36"
116.102.68.131 - - [22/Dec/2025:21:27:58 +0700] "GET /cms/admin?draw=1&columns%5B0%5D%5Bdata%5D=code&columns%5B1%5D%5Bdata%5D=fullname&columns%5B2%5D%5Bdata%5D=phone&columns%5B3%5D%5Bdata%5D=email&columns%5B4%5D%5Bdata%5D=role&columns%5B5%5D%5Bdata%5D=created_at&columns%5B6%5D%5Bdata%5D=action&columns%5B6%5D%5Borderable%5D=false&order%5B0%5D%5Bcolumn%5D=0&order%5B0%5D%5Bdir%5D=desc&start=0&length=50&search%5Bvalue%5D=&_=1766413678428 HTTP/2.0" 200 1126 "https://erp.nhatnamsst.com/cms/admin" "Mozilla/5.0 (Macintosh; Intel Mac OS X 10_15_7) AppleWebKit/537.36 (KHTML, like Gecko) Chrome/143.0.0.0 Safari/537.36"
116.102.68.131 - - [22/Dec/2025:21:27:58 +0700] "GET / HTTP/2.0" 302 406 "https://erp.nhatnamsst.com/cms/admin" "Mozilla/5.0 (Macintosh; Intel Mac OS X 10_15_7) AppleWebKit/537.36 (KHTML, like Gecko) Chrome/143.0.0.0 Safari/537.36"
116.102.68.131 - - [22/Dec/2025:21:27:59 +0700] "GET /cms/dashboard HTTP/2.0" 200 3676 "https://erp.nhatnamsst.com/cms/admin" "Mozilla/5.0 (Macintosh; Intel Mac OS X 10_15_7) AppleWebKit/537.36 (KHTML, like Gecko) Chrome/143.0.0.0 Safari/537.36"
85.208.96.200 - - [22/Dec/2025:21:28:07 +0700] "GET /hop-am/chieu-ngoai-o-chieu-matxcova-moscow-nights-podmoskovnye-vechera-3248 HTTP/1.1" 404 146 "-" "Mozilla/5.0 (compatible; SemrushBot/7~bl; +http://www.semrush.com/bot.html)"
119.13.83.85 - - [22/Dec/2025:21:28:07 +0700] "GET /hop-am/ca-si/bui-thu-huyen HTTP/2.0" 404 548 "https://thuvienhopam.com/hop-am/ca-si/bui-thu-huyen" "Mozilla/5.0 (Macintosh; Intel Mac OS X 10_15_7) AppleWebKit/537.36 (KHTML, like Gecko) Chrome/131.0.0.0 Safari/537.36"
85.208.96.199 - - [22/Dec/2025:21:28:09 +0700] "GET /hop-am/tinh-moi-21706 HTTP/1.1" 404 146 "-" "Mozilla/5.0 (compatible; SemrushBot/7~bl; +http://www.semrush.com/bot.html)"
185.191.171.9 - - [22/Dec/2025:21:28:12 +0700] "GET /hop-am/am-thanh-cua-tinh-lang-the-sound-of-silence-1362 HTTP/1.1" 404 146 "-" "Mozilla/5.0 (compatible; SemrushBot/7~bl; +http://www.semrush.com/bot.html)"
85.208.96.202 - - [22/Dec/2025:21:28:14 +0700] "GET /hop-am/anh-lua-hong-44400 HTTP/1.1" 404 146 "-" "Mozilla/5.0 (compatible; SemrushBot/7~bl; +http://www.semrush.com/bot.html)"
185.191.171.6 - - [22/Dec/2025:21:28:16 +0700] "GET /hop-am/chieu-niem-39306 HTTP/1.1" 404 146 "-" "Mozilla/5.0 (compatible; SemrushBot/7~bl; +http://www.semrush.com/bot.html)"
66.249.65.33 - - [22/Dec/2025:21:28:20 +0700] "GET /hop-am/song-bac-dau-7131 HTTP/1.1" 404 548 "-" "Mozilla/5.0 (Linux; Android 6.0.1; Nexus 5X Build/MMB29P) AppleWebKit/537.36 (KHTML, like Gecko) Chrome/141.0.7390.122 Mobile Safari/537.36 (compatible; Googlebot/2.1; +http://www.google.com/bot.html)"
17.241.219.221 - - [22/Dec/2025:21:28:31 +0700] "GET /hop-am/cau-cho-cha-me-7-8988 HTTP/1.1" 404 146 "-" "Mozilla/5.0 (Macintosh; Intel Mac OS X 10_15_7) AppleWebKit/605.1.15 (KHTML, like Gecko) Version/17.4 Safari/605.1.15 (Applebot/0.1; +http://www.apple.com/go/applebot)"
185.191.171.7 - - [22/Dec/2025:21:28:35 +0700] "GET /hop-am/chuc-thu-viet-tu-chien-truong-10139 HTTP/1.1" 404 146 "-" "Mozilla/5.0 (compatible; SemrushBot/7~bl; +http://www.semrush.com/bot.html)"
85.208.96.210 - - [22/Dec/2025:21:28:48 +0700] "GET /hop-am/mua-dem-30409 HTTP/1.1" 404 146 "-" "Mozilla/5.0 (compatible; SemrushBot/7~bl; +http://www.semrush.com/bot.html)"
85.208.96.195 - - [22/Dec/2025:21:28:51 +0700] "GET /hop-am/loi-noi-doi-cuoi-cung-16476 HTTP/1.1" 404 146 "-" "Mozilla/5.0 (compatible; SemrushBot/7~bl; +http://www.semrush.com/bot.html)"
116.102.68.131 - - [22/Dec/2025:21:29:12 +0700] "GET /cms/admin/edit/9 HTTP/2.0" 200 4171 "https://erp.nhatnamsst.com/cms/admin" "Mozilla/5.0 (Macintosh; Intel Mac OS X 10_15_7) AppleWebKit/537.36 (KHTML, like Gecko) Chrome/143.0.0.0 Safari/537.36"
116.102.68.131 - - [22/Dec/2025:21:29:12 +0700] "GET / HTTP/2.0" 302 406 "https://erp.nhatnamsst.com/cms/admin/edit/9" "Mozilla/5.0 (Macintosh; Intel Mac OS X 10_15_7) AppleWebKit/537.36 (KHTML, like Gecko) Chrome/143.0.0.0 Safari/537.36"
116.102.68.131 - - [22/Dec/2025:21:29:13 +0700] "GET /cms/dashboard HTTP/2.0" 200 3676 "https://erp.nhatnamsst.com/cms/admin/edit/9" "Mozilla/5.0 (Macintosh; Intel Mac OS X 10_15_7) AppleWebKit/537.36 (KHTML, like Gecko) Chrome/143.0.0.0 Safari/537.36"
116.102.68.131 - - [22/Dec/2025:21:29:15 +0700] "GET /cms/quote-request HTTP/2.0" 200 7142 "https://erp.nhatnamsst.com/cms/admin/edit/9" "Mozilla/5.0 (Macintosh; Intel Mac OS X 10_15_7) AppleWebKit/537.36 (KHTML, like Gecko) Chrome/143.0.0.0 Safari/537.36"
116.102.68.131 - - [22/Dec/2025:21:29:16 +0700] "GET / HTTP/2.0" 302 406 "https://erp.nhatnamsst.com/cms/quote-request" "Mozilla/5.0 (Macintosh; Intel Mac OS X 10_15_7) AppleWebKit/537.36 (KHTML, like Gecko) Chrome/143.0.0.0 Safari/537.36"
116.102.68.131 - - [22/Dec/2025:21:29:16 +0700] "GET /cms/quote-request?draw=1&columns%5B0%5D%5Bdata%5D=code&columns%5B1%5D%5Bdata%5D=sale_id&columns%5B1%5D%5Borderable%5D=false&columns%5B2%5D%5Bdata%5D=brand_id&columns%5B2%5D%5Borderable%5D=false&columns%5B3%5D%5Bdata%5D=customer_id&columns%5B3%5D%5Borderable%5D=false&columns%5B4%5D%5Bdata%5D=customer_type&columns%5B4%5D%5Borderable%5D=false&columns%5B5%5D%5Bdata%5D=request_date&columns%5B6%5D%5Bdata%5D=inters&columns%5B6%5D%5Borderable%5D=false&columns%5B7%5D%5Bdata%5D=manager&columns%5B7%5D%5Borderable%5D=false&columns%5B8%5D%5Bdata%5D=status&columns%5B9%5D%5Bdata%5D=action&columns%5B9%5D%5Borderable%5D=false&order%5B0%5D%5Bcolumn%5D=0&order%5B0%5D%5Bdir%5D=desc&start=0&length=50&search%5Bvalue%5D=&_=1766413755691 HTTP/2.0" 200 2231 "https://erp.nhatnamsst.com/cms/quote-request" "Mozilla/5.0 (Macintosh; Intel Mac OS X 10_15_7) AppleWebKit/537.36 (KHTML, like Gecko) Chrome/143.0.0.0 Safari/537.36"
116.102.68.131 - - [22/Dec/2025:21:29:16 +0700] "GET /cms/dashboard HTTP/2.0" 200 3676 "https://erp.nhatnamsst.com/cms/quote-request" "Mozilla/5.0 (Macintosh; Intel Mac OS X 10_15_7) AppleWebKit/537.36 (KHTML, like Gecko) Chrome/143.0.0.0 Safari/537.36"
116.102.68.131 - - [22/Dec/2025:21:29:17 +0700] "GET /cms/quote-request/create HTTP/2.0" 200 9830 "https://erp.nhatnamsst.com/cms/quote-request" "Mozilla/5.0 (Macintosh; Intel Mac OS X 10_15_7) AppleWebKit/537.36 (KHTML, like Gecko) Chrome/143.0.0.0 Safari/537.36"
116.102.68.131 - - [22/Dec/2025:21:29:18 +0700] "GET / HTTP/2.0" 302 406 "https://erp.nhatnamsst.com/cms/quote-request/create" "Mozilla/5.0 (Macintosh; Intel Mac OS X 10_15_7) AppleWebKit/537.36 (KHTML, like Gecko) Chrome/143.0.0.0 Safari/537.36"
116.102.68.131 - - [22/Dec/2025:21:29:18 +0700] "GET /cms/dashboard HTTP/2.0" 200 3676 "https://erp.nhatnamsst.com/cms/quote-request/create" "Mozilla/5.0 (Macintosh; Intel Mac OS X 10_15_7) AppleWebKit/537.36 (KHTML, like Gecko) Chrome/143.0.0.0 Safari/537.36"
116.102.68.131 - - [22/Dec/2025:21:29:42 +0700] "GET /cms/quote-request/create HTTP/2.0" 200 9830 "https://erp.nhatnamsst.com/cms/quote-request" "Mozilla/5.0 (Macintosh; Intel Mac OS X 10_15_7) AppleWebKit/537.36 (KHTML, like Gecko) Chrome/143.0.0.0 Safari/537.36"
116.102.68.131 - - [22/Dec/2025:21:29:42 +0700] "GET / HTTP/2.0" 302 406 "https://erp.nhatnamsst.com/cms/quote-request/create" "Mozilla/5.0 (Macintosh; Intel Mac OS X 10_15_7) AppleWebKit/537.36 (KHTML, like Gecko) Chrome/143.0.0.0 Safari/537.36"
116.102.68.131 - - [22/Dec/2025:21:29:42 +0700] "GET /cms/dashboard HTTP/2.0" 200 3676 "https://erp.nhatnamsst.com/cms/quote-request/create" "Mozilla/5.0 (Macintosh; Intel Mac OS X 10_15_7) AppleWebKit/537.36 (KHTML, like Gecko) Chrome/143.0.0.0 Safari/537.36"
116.102.68.131 - - [22/Dec/2025:21:29:52 +0700] "GET /cms/quote-request HTTP/2.0" 200 7142 "https://erp.nhatnamsst.com/cms/quote-request/create" "Mozilla/5.0 (Macintosh; Intel Mac OS X 10_15_7) AppleWebKit/537.36 (KHTML, like Gecko) Chrome/143.0.0.0 Safari/537.36"
116.102.68.131 - - [22/Dec/2025:21:29:52 +0700] "GET / HTTP/2.0" 302 406 "https://erp.nhatnamsst.com/cms/quote-request" "Mozilla/5.0 (Macintosh; Intel Mac OS X 10_15_7) AppleWebKit/537.36 (KHTML, like Gecko) Chrome/143.0.0.0 Safari/537.36"
116.102.68.131 - - [22/Dec/2025:21:29:52 +0700] "GET /cms/quote-request?draw=1&columns%5B0%5D%5Bdata%5D=code&columns%5B1%5D%5Bdata%5D=sale_id&columns%5B1%5D%5Borderable%5D=false&columns%5B2%5D%5Bdata%5D=brand_id&columns%5B2%5D%5Borderable%5D=false&columns%5B3%5D%5Bdata%5D=customer_id&columns%5B3%5D%5Borderable%5D=false&columns%5B4%5D%5Bdata%5D=customer_type&columns%5B4%5D%5Borderable%5D=false&columns%5B5%5D%5Bdata%5D=request_date&columns%5B6%5D%5Bdata%5D=inters&columns%5B6%5D%5Borderable%5D=false&columns%5B7%5D%5Bdata%5D=manager&columns%5B7%5D%5Borderable%5D=false&columns%5B8%5D%5Bdata%5D=status&columns%5B9%5D%5Bdata%5D=action&columns%5B9%5D%5Borderable%5D=false&order%5B0%5D%5Bcolumn%5D=0&order%5B0%5D%5Bdir%5D=desc&start=0&length=50&search%5Bvalue%5D=&_=1766413792022 HTTP/2.0" 200 2231 "https://erp.nhatnamsst.com/cms/quote-request" "Mozilla/5.0 (Macintosh; Intel Mac OS X 10_15_7) AppleWebKit/537.36 (KHTML, like Gecko) Chrome/143.0.0.0 Safari/537.36"
116.102.68.131 - - [22/Dec/2025:21:29:52 +0700] "GET /cms/dashboard HTTP/2.0" 200 3676 "https://erp.nhatnamsst.com/cms/quote-request" "Mozilla/5.0 (Macintosh; Intel Mac OS X 10_15_7) AppleWebKit/537.36 (KHTML, like Gecko) Chrome/143.0.0.0 Safari/537.36"
40.77.167.41 - - [22/Dec/2025:21:29:53 +0700] "GET /hop-am/ca-si/hannie-amp-son-soho HTTP/2.0" 404 548 "-" "Mozilla/5.0 AppleWebKit/537.36 (KHTML, like Gecko; compatible; bingbot/2.0; +http://www.bing.com/bingbot.htm) Chrome/116.0.1938.76 Safari/537.36"
116.102.68.131 - - [22/Dec/2025:21:29:55 +0700] "GET /cms/purchase-order HTTP/2.0" 200 6875 "https://erp.nhatnamsst.com/cms/quote-request" "Mozilla/5.0 (Macintosh; Intel Mac OS X 10_15_7) AppleWebKit/537.36 (KHTML, like Gecko) Chrome/143.0.0.0 Safari/537.36"
116.102.68.131 - - [22/Dec/2025:21:29:55 +0700] "GET / HTTP/2.0" 302 406 "https://erp.nhatnamsst.com/cms/purchase-order" "Mozilla/5.0 (Macintosh; Intel Mac OS X 10_15_7) AppleWebKit/537.36 (KHTML, like Gecko) Chrome/143.0.0.0 Safari/537.36"
116.102.68.131 - - [22/Dec/2025:21:29:55 +0700] "GET /cms/purchase-order?draw=1&columns%5B0%5D%5Bdata%5D=po_number&columns%5B1%5D%5Bdata%5D=sale_id&columns%5B1%5D%5Borderable%5D=false&columns%5B2%5D%5Bdata%5D=customer_id&columns%5B2%5D%5Borderable%5D=false&columns%5B3%5D%5Bdata%5D=quote_request_id&columns%5B3%5D%5Borderable%5D=false&columns%5B4%5D%5Bdata%5D=po_date&columns%5B5%5D%5Bdata%5D=order_date&columns%5B6%5D%5Bdata%5D=total_po_price&columns%5B6%5D%5Borderable%5D=false&columns%5B7%5D%5Bdata%5D=status&columns%5B8%5D%5Bdata%5D=action&columns%5B8%5D%5Borderable%5D=false&order%5B0%5D%5Bcolumn%5D=0&order%5B0%5D%5Bdir%5D=desc&start=0&length=50&search%5Bvalue%5D=&_=1766413795445 HTTP/2.0" 200 1670 "https://erp.nhatnamsst.com/cms/purchase-order" "Mozilla/5.0 (Macintosh; Intel Mac OS X 10_15_7) AppleWebKit/537.36 (KHTML, like Gecko) Chrome/143.0.0.0 Safari/537.36"
116.102.68.131 - - [22/Dec/2025:21:29:56 +0700] "GET /cms/dashboard HTTP/2.0" 200 3676 "https://erp.nhatnamsst.com/cms/purchase-order" "Mozilla/5.0 (Macintosh; Intel Mac OS X 10_15_7) AppleWebKit/537.36 (KHTML, like Gecko) Chrome/143.0.0.0 Safari/537.36"
116.102.68.131 - - [22/Dec/2025:21:29:57 +0700] "GET /cms/quote-request/statistics HTTP/2.0" 200 7083 "https://erp.nhatnamsst.com/cms/purchase-order" "Mozilla/5.0 (Macintosh; Intel Mac OS X 10_15_7) AppleWebKit/537.36 (KHTML, like Gecko) Chrome/143.0.0.0 Safari/537.36"
116.102.68.131 - - [22/Dec/2025:21:29:57 +0700] "POST /cms/quote-request/get-statistics-data HTTP/2.0" 200 186 "https://erp.nhatnamsst.com/cms/quote-request/statistics" "Mozilla/5.0 (Macintosh; Intel Mac OS X 10_15_7) AppleWebKit/537.36 (KHTML, like Gecko) Chrome/143.0.0.0 Safari/537.36"
116.102.68.131 - - [22/Dec/2025:21:29:57 +0700] "GET / HTTP/2.0" 302 406 "https://erp.nhatnamsst.com/cms/quote-request/statistics" "Mozilla/5.0 (Macintosh; Intel Mac OS X 10_15_7) AppleWebKit/537.36 (KHTML, like Gecko) Chrome/143.0.0.0 Safari/537.36"
116.102.68.131 - - [22/Dec/2025:21:29:57 +0700] "GET /cms/dashboard HTTP/2.0" 200 3676 "https://erp.nhatnamsst.com/cms/quote-request/statistics" "Mozilla/5.0 (Macintosh; Intel Mac OS X 10_15_7) AppleWebKit/537.36 (KHTML, like Gecko) Chrome/143.0.0.0 Safari/537.36"
116.102.68.131 - - [22/Dec/2025:21:30:01 +0700] "GET /cms/brand HTTP/2.0" 200 5980 "https://erp.nhatnamsst.com/cms/quote-request/statistics" "Mozilla/5.0 (Macintosh; Intel Mac OS X 10_15_7) AppleWebKit/537.36 (KHTML, like Gecko) Chrome/143.0.0.0 Safari/537.36"
116.102.68.131 - - [22/Dec/2025:21:30:02 +0700] "GET / HTTP/2.0" 302 406 "https://erp.nhatnamsst.com/cms/brand" "Mozilla/5.0 (Macintosh; Intel Mac OS X 10_15_7) AppleWebKit/537.36 (KHTML, like Gecko) Chrome/143.0.0.0 Safari/537.36"
116.102.68.131 - - [22/Dec/2025:21:30:02 +0700] "GET /cms/brand?draw=1&columns%5B0%5D%5Bdata%5D=name&columns%5B1%5D%5Bdata%5D=admins&columns%5B1%5D%5Borderable%5D=false&columns%5B2%5D%5Bdata%5D=action&columns%5B2%5D%5Borderable%5D=false&order%5B0%5D%5Bcolumn%5D=0&order%5B0%5D%5Bdir%5D=desc&start=0&length=50&search%5Bvalue%5D=&_=1766413801677 HTTP/2.0" 200 796 "https://erp.nhatnamsst.com/cms/brand" "Mozilla/5.0 (Macintosh; Intel Mac OS X 10_15_7) AppleWebKit/537.36 (KHTML, like Gecko) Chrome/143.0.0.0 Safari/537.36"
116.102.68.131 - - [22/Dec/2025:21:30:02 +0700] "GET /cms/dashboard HTTP/2.0" 200 3676 "https://erp.nhatnamsst.com/cms/brand" "Mozilla/5.0 (Macintosh; Intel Mac OS X 10_15_7) AppleWebKit/537.36 (KHTML, like Gecko) Chrome/143.0.0.0 Safari/537.36"
116.102.68.131 - - [22/Dec/2025:21:30:04 +0700] "GET /cms/customer HTTP/2.0" 200 6458 "https://erp.nhatnamsst.com/cms/brand" "Mozilla/5.0 (Macintosh; Intel Mac OS X 10_15_7) AppleWebKit/537.36 (KHTML, like Gecko) Chrome/143.0.0.0 Safari/537.36"
116.102.68.131 - - [22/Dec/2025:21:30:05 +0700] "GET /cms/customer?draw=1&columns%5B0%5D%5Bdata%5D=code&columns%5B1%5D%5Bdata%5D=type&columns%5B2%5D%5Bdata%5D=name&columns%5B3%5D%5Bdata%5D=short_name&columns%5B4%5D%5Bdata%5D=address&columns%5B5%5D%5Bdata%5D=contact_person&columns%5B6%5D%5Bdata%5D=position&columns%5B7%5D%5Bdata%5D=tax_code&columns%5B8%5D%5Bdata%5D=phone&columns%5B9%5D%5Bdata%5D=email&columns%5B10%5D%5Bdata%5D=payment_method&columns%5B11%5D%5Bdata%5D=sale_id&columns%5B11%5D%5Borderable%5D=false&columns%5B12%5D%5Bdata%5D=action&columns%5B12%5D%5Borderable%5D=false&order%5B0%5D%5Bcolumn%5D=0&order%5B0%5D%5Bdir%5D=desc&start=0&length=50&search%5Bvalue%5D=&_=1766413804735 HTTP/2.0" 200 1411 "https://erp.nhatnamsst.com/cms/customer" "Mozilla/5.0 (Macintosh; Intel Mac OS X 10_15_7) AppleWebKit/537.36 (KHTML, like Gecko) Chrome/143.0.0.0 Safari/537.36"
116.102.68.131 - - [22/Dec/2025:21:30:05 +0700] "GET / HTTP/2.0" 302 406 "https://erp.nhatnamsst.com/cms/customer" "Mozilla/5.0 (Macintosh; Intel Mac OS X 10_15_7) AppleWebKit/537.36 (KHTML, like Gecko) Chrome/143.0.0.0 Safari/537.36"
116.102.68.131 - - [22/Dec/2025:21:30:05 +0700] "GET /cms/dashboard HTTP/2.0" 200 3676 "https://erp.nhatnamsst.com/cms/customer" "Mozilla/5.0 (Macintosh; Intel Mac OS X 10_15_7) AppleWebKit/537.36 (KHTML, like Gecko) Chrome/143.0.0.0 Safari/537.36"
85.208.96.199 - - [22/Dec/2025:21:30:06 +0700] "GET /hop-am/an-tinh-khong-ua-tan-32041 HTTP/1.1" 404 146 "-" "Mozilla/5.0 (compatible; SemrushBot/7~bl; +http://www.semrush.com/bot.html)"
116.102.68.131 - - [22/Dec/2025:21:30:06 +0700] "GET /cms/customer/create HTTP/2.0" 200 6501 "https://erp.nhatnamsst.com/cms/customer" "Mozilla/5.0 (Macintosh; Intel Mac OS X 10_15_7) AppleWebKit/537.36 (KHTML, like Gecko) Chrome/143.0.0.0 Safari/537.36"
116.102.68.131 - - [22/Dec/2025:21:30:06 +0700] "GET / HTTP/2.0" 302 406 "https://erp.nhatnamsst.com/cms/customer/create" "Mozilla/5.0 (Macintosh; Intel Mac OS X 10_15_7) AppleWebKit/537.36 (KHTML, like Gecko) Chrome/143.0.0.0 Safari/537.36"
116.102.68.131 - - [22/Dec/2025:21:30:07 +0700] "GET /cms/dashboard HTTP/2.0" 200 3676 "https://erp.nhatnamsst.com/cms/customer/create" "Mozilla/5.0 (Macintosh; Intel Mac OS X 10_15_7) AppleWebKit/537.36 (KHTML, like Gecko) Chrome/143.0.0.0 Safari/537.36"
85.208.96.197 - - [22/Dec/2025:21:30:10 +0700] "GET /hop-am/em-khong-lam-duoc-21232 HTTP/1.1" 404 146 "-" "Mozilla/5.0 (compatible; SemrushBot/7~bl; +http://www.semrush.com/bot.html)"
116.102.68.131 - - [22/Dec/2025:21:30:11 +0700] "GET /cms/quote-request/create HTTP/2.0" 200 9830 "https://erp.nhatnamsst.com/cms/customer/create" "Mozilla/5.0 (Macintosh; Intel Mac OS X 10_15_7) AppleWebKit/537.36 (KHTML, like Gecko) Chrome/143.0.0.0 Safari/537.36"
116.102.68.131 - - [22/Dec/2025:21:30:11 +0700] "GET / HTTP/2.0" 302 406 "https://erp.nhatnamsst.com/cms/quote-request/create" "Mozilla/5.0 (Macintosh; Intel Mac OS X 10_15_7) AppleWebKit/537.36 (KHTML, like Gecko) Chrome/143.0.0.0 Safari/537.36"
116.102.68.131 - - [22/Dec/2025:21:30:11 +0700] "GET /cms/dashboard HTTP/2.0" 200 3676 "https://erp.nhatnamsst.com/cms/quote-request/create" "Mozilla/5.0 (Macintosh; Intel Mac OS X 10_15_7) AppleWebKit/537.36 (KHTML, like Gecko) Chrome/143.0.0.0 Safari/537.36"
116.102.68.131 - - [22/Dec/2025:21:30:12 +0700] "GET /cms/brand/create HTTP/2.0" 200 3974 "https://erp.nhatnamsst.com/cms/quote-request/create" "Mozilla/5.0 (Macintosh; Intel Mac OS X 10_15_7) AppleWebKit/537.36 (KHTML, like Gecko) Chrome/143.0.0.0 Safari/537.36"
116.102.68.131 - - [22/Dec/2025:21:30:13 +0700] "GET / HTTP/2.0" 302 406 "https://erp.nhatnamsst.com/cms/brand/create" "Mozilla/5.0 (Macintosh; Intel Mac OS X 10_15_7) AppleWebKit/537.36 (KHTML, like Gecko) Chrome/143.0.0.0 Safari/537.36"
116.102.68.131 - - [22/Dec/2025:21:30:13 +0700] "GET /cms/dashboard HTTP/2.0" 200 3676 "https://erp.nhatnamsst.com/cms/brand/create" "Mozilla/5.0 (Macintosh; Intel Mac OS X 10_15_7) AppleWebKit/537.36 (KHTML, like Gecko) Chrome/143.0.0.0 Safari/537.36"
116.102.68.131 - - [22/Dec/2025:21:30:15 +0700] "GET /cms/brand HTTP/2.0" 200 5980 "https://erp.nhatnamsst.com/cms/quote-request/create" "Mozilla/5.0 (Macintosh; Intel Mac OS X 10_15_7) AppleWebKit/537.36 (KHTML, like Gecko) Chrome/143.0.0.0 Safari/537.36"
116.102.68.131 - - [22/Dec/2025:21:30:15 +0700] "GET / HTTP/2.0" 302 406 "https://erp.nhatnamsst.com/cms/brand" "Mozilla/5.0 (Macintosh; Intel Mac OS X 10_15_7) AppleWebKit/537.36 (KHTML, like Gecko) Chrome/143.0.0.0 Safari/537.36"
116.102.68.131 - - [22/Dec/2025:21:30:15 +0700] "GET /cms/brand?draw=1&columns%5B0%5D%5Bdata%5D=name&columns%5B1%5D%5Bdata%5D=admins&columns%5B1%5D%5Borderable%5D=false&columns%5B2%5D%5Bdata%5D=action&columns%5B2%5D%5Borderable%5D=false&order%5B0%5D%5Bcolumn%5D=0&order%5B0%5D%5Bdir%5D=desc&start=0&length=50&search%5Bvalue%5D=&_=1766413815022 HTTP/2.0" 200 796 "https://erp.nhatnamsst.com/cms/brand" "Mozilla/5.0 (Macintosh; Intel Mac OS X 10_15_7) AppleWebKit/537.36 (KHTML, like Gecko) Chrome/143.0.0.0 Safari/537.36"
116.102.68.131 - - [22/Dec/2025:21:30:15 +0700] "GET /cms/dashboard HTTP/2.0" 200 3676 "https://erp.nhatnamsst.com/cms/brand" "Mozilla/5.0 (Macintosh; Intel Mac OS X 10_15_7) AppleWebKit/537.36 (KHTML, like Gecko) Chrome/143.0.0.0 Safari/537.36"
85.208.96.204 - - [22/Dec/2025:21:30:18 +0700] "GET /hop-am?page=4137 HTTP/1.1" 404 146 "-" "Mozilla/5.0 (compatible; SemrushBot/7~bl; +http://www.semrush.com/bot.html)"
116.102.68.131 - - [22/Dec/2025:21:30:20 +0700] "GET /cms/customer HTTP/2.0" 200 6458 "https://erp.nhatnamsst.com/cms/quote-request/create" "Mozilla/5.0 (Macintosh; Intel Mac OS X 10_15_7) AppleWebKit/537.36 (KHTML, like Gecko) Chrome/143.0.0.0 Safari/537.36"
116.102.68.131 - - [22/Dec/2025:21:30:20 +0700] "GET / HTTP/2.0" 302 406 "https://erp.nhatnamsst.com/cms/customer" "Mozilla/5.0 (Macintosh; Intel Mac OS X 10_15_7) AppleWebKit/537.36 (KHTML, like Gecko) Chrome/143.0.0.0 Safari/537.36"
116.102.68.131 - - [22/Dec/2025:21:30:20 +0700] "GET /cms/customer?draw=1&columns%5B0%5D%5Bdata%5D=code&columns%5B1%5D%5Bdata%5D=type&columns%5B2%5D%5Bdata%5D=name&columns%5B3%5D%5Bdata%5D=short_name&columns%5B4%5D%5Bdata%5D=address&columns%5B5%5D%5Bdata%5D=contact_person&columns%5B6%5D%5Bdata%5D=position&columns%5B7%5D%5Bdata%5D=tax_code&columns%5B8%5D%5Bdata%5D=phone&columns%5B9%5D%5Bdata%5D=email&columns%5B10%5D%5Bdata%5D=payment_method&columns%5B11%5D%5Bdata%5D=sale_id&columns%5B11%5D%5Borderable%5D=false&columns%5B12%5D%5Bdata%5D=action&columns%5B12%5D%5Borderable%5D=false&order%5B0%5D%5Bcolumn%5D=0&order%5B0%5D%5Bdir%5D=desc&start=0&length=50&search%5Bvalue%5D=&_=1766413820316 HTTP/2.0" 200 1411 "https://erp.nhatnamsst.com/cms/customer" "Mozilla/5.0 (Macintosh; Intel Mac OS X 10_15_7) AppleWebKit/537.36 (KHTML, like Gecko) Chrome/143.0.0.0 Safari/537.36"
116.102.68.131 - - [22/Dec/2025:21:30:20 +0700] "GET /cms/dashboard HTTP/2.0" 200 3676 "https://erp.nhatnamsst.com/cms/customer" "Mozilla/5.0 (Macintosh; Intel Mac OS X 10_15_7) AppleWebKit/537.36 (KHTML, like Gecko) Chrome/143.0.0.0 Safari/537.36"
17.22.253.89 - - [22/Dec/2025:21:30:23 +0700] "GET /hop-am/mien-trung-que-toi-4980 HTTP/1.1" 404 146 "-" "Mozilla/5.0 (Macintosh; Intel Mac OS X 10_15_7) AppleWebKit/605.1.15 (KHTML, like Gecko) Version/17.4 Safari/605.1.15 (Applebot/0.1; +http://www.apple.com/go/applebot)"
17.22.253.89 - - [22/Dec/2025:21:30:24 +0700] "GET /hop-am/tinh-xua-gui-lai-38743 HTTP/1.1" 404 146 "-" "Mozilla/5.0 (Macintosh; Intel Mac OS X 10_15_7) AppleWebKit/605.1.15 (KHTML, like Gecko) Version/17.4 Safari/605.1.15 (Applebot/0.1; +http://www.apple.com/go/applebot)"
116.102.68.131 - - [22/Dec/2025:21:30:24 +0700] "GET /cms/admin HTTP/2.0" 200 5710 "https://erp.nhatnamsst.com/cms/quote-request/create" "Mozilla/5.0 (Macintosh; Intel Mac OS X 10_15_7) AppleWebKit/537.36 (KHTML, like Gecko) Chrome/143.0.0.0 Safari/537.36"
